{"id":1063,"date":"2023-09-04T15:38:03","date_gmt":"2023-09-04T13:38:03","guid":{"rendered":"https:\/\/martin.armentierois.fr\/?page_id=1063"},"modified":"2023-09-13T10:46:48","modified_gmt":"2023-09-13T08:46:48","slug":"leglise-st-martin","status":"publish","type":"page","link":"https:\/\/vaast.armentierois.fr\/?page_id=1063","title":{"rendered":"L&#8217;\u00e9glise St-Vaast"},"content":{"rendered":"\n<p>Situ\u00e9e \u00e0 quelques m\u00e8tres de la mairie, la premi\u00e8re \u00e9glise St-Vaast a \u00e9t\u00e9 construite au IX\u00e8me si\u00e8cle. L&#8217;\u00e9glise a \u00e9t\u00e9 plusieurs fois d\u00e9truite et m\u00eame ras\u00e9e apr\u00e8s les d\u00e9g\u00e2ts de la guerre en 1917. L&#8217;\u00e9glise actuelle a \u00e9t\u00e9 reconstruite en 1929 selon les plans de\u00a0Louis Marie Cordonnier\u00a0dans une architecture n\u00e9o-r\u00e9gionaliste gothique, ou de style n\u00e9oflamand qu&#8217;appr\u00e9ciait cet architecte.<\/p>\n","protected":false},"excerpt":{"rendered":"<p>Situ\u00e9e \u00e0 quelques m\u00e8tres de la mairie, la premi\u00e8re \u00e9glise St-Vaast a \u00e9t\u00e9 construite au IX\u00e8me si\u00e8cle. L&#8217;\u00e9glise a \u00e9t\u00e9 &hellip; <\/p>\n","protected":false},"author":1,"featured_media":0,"parent":0,"menu_order":0,"comment_status":"closed","ping_status":"closed","template":"","meta":{"footnotes":""},"class_list":["post-1063","page","type-page","status-publish","hentry"],"_links":{"self":[{"href":"https:\/\/vaast.armentierois.fr\/index.php?rest_route=\/wp\/v2\/pages\/1063","targetHints":{"allow":["GET"]}}],"collection":[{"href":"https:\/\/vaast.armentierois.fr\/index.php?rest_route=\/wp\/v2\/pages"}],"about":[{"href":"https:\/\/vaast.armentierois.fr\/index.php?rest_route=\/wp\/v2\/types\/page"}],"author":[{"embeddable":true,"href":"https:\/\/vaast.armentierois.fr\/index.php?rest_route=\/wp\/v2\/users\/1"}],"replies":[{"embeddable":true,"href":"https:\/\/vaast.armentierois.fr\/index.php?rest_route=%2Fwp%2Fv2%2Fcomments&post=1063"}],"version-history":[{"count":4,"href":"https:\/\/vaast.armentierois.fr\/index.php?rest_route=\/wp\/v2\/pages\/1063\/revisions"}],"predecessor-version":[{"id":1778,"href":"https:\/\/vaast.armentierois.fr\/index.php?rest_route=\/wp\/v2\/pages\/1063\/revisions\/1778"}],"wp:attachment":[{"href":"https:\/\/vaast.armentierois.fr\/index.php?rest_route=%2Fwp%2Fv2%2Fmedia&parent=1063"}],"curies":[{"name":"wp","href":"https:\/\/api.w.org\/{rel}","templated":true}]}}

L&#8217;église St-Vaast

<p>Située à quelques mètres de la mairie, la première église St-Vaast a été construite au IXème siècle. L&#8217;église a été plusieurs fois détruite et même rasée après les dégâts de la guerre en 1917. L&#8217;église actuelle a été reconstruite en 1929 selon les plans de Louis Marie Cordonnier dans une architecture néo-régionaliste gothique, ou de style néoflamand qu&#8217;appréciait cet architecte.</p>

<p>Située à quelques mètres de la mairie, la première église St-Vaast a été construite au IXème siècle. L&#8217;église a été &hellip; </p>
