{"id":1068,"date":"2023-09-05T22:12:44","date_gmt":"2023-09-05T20:12:44","guid":{"rendered":"https:\/\/martin.armentierois.fr\/?page_id=1068"},"modified":"2023-09-05T22:12:44","modified_gmt":"2023-09-05T20:12:44","slug":"le-mobilier-de-leglise","status":"publish","type":"page","link":"https:\/\/vaast.armentierois.fr\/?page_id=1068","title":{"rendered":"Le mobilier de l&#8217;\u00e9glise"},"content":{"rendered":"\n<p>Dans l\u2019\u00e9glise St-Martin, on retrouve un mobilier commun \u00e0 de nombreuses \u00e9glises : les confessionnaux, les autels lat\u00e9raux, le b\u00e9nitier, le cierge pascal, le baptist\u00e8re \u2026<\/p>\n","protected":false},"excerpt":{"rendered":"<p>Dans l\u2019\u00e9glise St-Martin, on retrouve un mobilier commun \u00e0 de nombreuses \u00e9glises : les confessionnaux, les autels lat\u00e9raux, le b\u00e9nitier, &hellip; <\/p>\n","protected":false},"author":1,"featured_media":0,"parent":0,"menu_order":0,"comment_status":"closed","ping_status":"closed","template":"","meta":{"footnotes":""},"class_list":["post-1068","page","type-page","status-publish","hentry"],"_links":{"self":[{"href":"https:\/\/vaast.armentierois.fr\/index.php?rest_route=\/wp\/v2\/pages\/1068","targetHints":{"allow":["GET"]}}],"collection":[{"href":"https:\/\/vaast.armentierois.fr\/index.php?rest_route=\/wp\/v2\/pages"}],"about":[{"href":"https:\/\/vaast.armentierois.fr\/index.php?rest_route=\/wp\/v2\/types\/page"}],"author":[{"embeddable":true,"href":"https:\/\/vaast.armentierois.fr\/index.php?rest_route=\/wp\/v2\/users\/1"}],"replies":[{"embeddable":true,"href":"https:\/\/vaast.armentierois.fr\/index.php?rest_route=%2Fwp%2Fv2%2Fcomments&post=1068"}],"version-history":[{"count":0,"href":"https:\/\/vaast.armentierois.fr\/index.php?rest_route=\/wp\/v2\/pages\/1068\/revisions"}],"wp:attachment":[{"href":"https:\/\/vaast.armentierois.fr\/index.php?rest_route=%2Fwp%2Fv2%2Fmedia&parent=1068"}],"curies":[{"name":"wp","href":"https:\/\/api.w.org\/{rel}","templated":true}]}}

Le mobilier de l&#8217;église

<p>Dans l’église St-Martin, on retrouve un mobilier commun à de nombreuses églises : les confessionnaux, les autels latéraux, le bénitier, le cierge pascal, le baptistère …</p>

<p>Dans l’église St-Martin, on retrouve un mobilier commun à de nombreuses églises : les confessionnaux, les autels latéraux, le bénitier, &hellip; </p>
