{"id":113,"date":"2023-07-16T17:13:29","date_gmt":"2023-07-16T15:13:29","guid":{"rendered":"http:\/\/www.nds.armentierois.fr\/?page_id=113"},"modified":"2023-09-14T10:09:12","modified_gmt":"2023-09-14T08:09:12","slug":"croix","status":"publish","type":"page","link":"https:\/\/vaast.armentierois.fr\/?page_id=113","title":{"rendered":"Croix"},"content":{"rendered":"\n<p>Le Christ en croix situ\u00e9 derri\u00e8re la ma\u00eetre autel daterait de la fin du 18\u00e8me si\u00e8cle. Il fut partiellement d\u00e9truit pendant la guerre 14-18, remis en \u00e9tat et&nbsp;expos\u00e9&nbsp;sur la fa\u00e7ade de l\u2019\u00e9glise provisoire. En 1991, une restauration compl\u00e8te s\u2019imposait. Ce fut un sculpteur de Montauban qui s\u2019en chargea. La fabrication de la croix fut confi\u00e9e \u00e0 deux menuisiers nieppois.<\/p>\n\n\n\n<figure class=\"wp-block-image size-large\"><img loading=\"lazy\" decoding=\"async\" width=\"640\" height=\"853\" src=\"https:\/\/i0.wp.com\/vaast.armentierois.fr\/wp-content\/uploads\/2023\/09\/55b4414a-9730-4cfd-8d44-933d9ac3ebbf-713-000000c1817f22a9_file.jpg?resize=640%2C853&#038;ssl=1\" alt=\"\" class=\"wp-image-2047\" srcset=\"https:\/\/i0.wp.com\/vaast.armentierois.fr\/wp-content\/uploads\/2023\/09\/55b4414a-9730-4cfd-8d44-933d9ac3ebbf-713-000000c1817f22a9_file-scaled.jpg?resize=768%2C1024&amp;ssl=1 768w, https:\/\/i0.wp.com\/vaast.armentierois.fr\/wp-content\/uploads\/2023\/09\/55b4414a-9730-4cfd-8d44-933d9ac3ebbf-713-000000c1817f22a9_file-scaled.jpg?resize=225%2C300&amp;ssl=1 225w, https:\/\/i0.wp.com\/vaast.armentierois.fr\/wp-content\/uploads\/2023\/09\/55b4414a-9730-4cfd-8d44-933d9ac3ebbf-713-000000c1817f22a9_file-scaled.jpg?resize=1152%2C1536&amp;ssl=1 1152w, https:\/\/i0.wp.com\/vaast.armentierois.fr\/wp-content\/uploads\/2023\/09\/55b4414a-9730-4cfd-8d44-933d9ac3ebbf-713-000000c1817f22a9_file-scaled.jpg?resize=1536%2C2048&amp;ssl=1 1536w, https:\/\/i0.wp.com\/vaast.armentierois.fr\/wp-content\/uploads\/2023\/09\/55b4414a-9730-4cfd-8d44-933d9ac3ebbf-713-000000c1817f22a9_file-scaled.jpg?w=1920&amp;ssl=1 1920w, https:\/\/i0.wp.com\/vaast.armentierois.fr\/wp-content\/uploads\/2023\/09\/55b4414a-9730-4cfd-8d44-933d9ac3ebbf-713-000000c1817f22a9_file-scaled.jpg?w=1280&amp;ssl=1 1280w\" sizes=\"auto, (max-width: 640px) 100vw, 640px\" data-recalc-dims=\"1\" \/><\/figure>\n\n\n\n<p>J\u00e9sus est mort sur la croix. Il n\u2019a pas fait semblant. Il ne subit pas la passion qu\u2019on lui inflige mais il y entre, apr\u00e8s agonie et pri\u00e8re, dans la confiance, celle de faire du don de sa vie une offrande pour notre Salut. Il accomplit non sa volont\u00e9 mais la volont\u00e9 du P\u00e8re. Il accepte de mourir pour nous. Il transforme pour nous la mort en un passage vers la vie. Il nous dit au c\u0153ur de sa passion \u00ab Ma vie, nul ne la prend, c\u2019est moi qui la donne \u00bb. Il donne sa vie par amour pour nous.<\/p>\n\n\n\n<figure class=\"wp-block-image size-large\"><img loading=\"lazy\" decoding=\"async\" width=\"640\" height=\"853\" src=\"https:\/\/i0.wp.com\/vaast.armentierois.fr\/wp-content\/uploads\/2023\/09\/dc95501b-f1a7-4872-afdd-a3d356708e94-5624-0000034485e4affd_file.jpg?resize=640%2C853&#038;ssl=1\" alt=\"\" class=\"wp-image-1906\" srcset=\"https:\/\/i0.wp.com\/vaast.armentierois.fr\/wp-content\/uploads\/2023\/09\/dc95501b-f1a7-4872-afdd-a3d356708e94-5624-0000034485e4affd_file-scaled.jpg?resize=768%2C1024&amp;ssl=1 768w, https:\/\/i0.wp.com\/vaast.armentierois.fr\/wp-content\/uploads\/2023\/09\/dc95501b-f1a7-4872-afdd-a3d356708e94-5624-0000034485e4affd_file-scaled.jpg?resize=225%2C300&amp;ssl=1 225w, https:\/\/i0.wp.com\/vaast.armentierois.fr\/wp-content\/uploads\/2023\/09\/dc95501b-f1a7-4872-afdd-a3d356708e94-5624-0000034485e4affd_file-scaled.jpg?resize=1152%2C1536&amp;ssl=1 1152w, https:\/\/i0.wp.com\/vaast.armentierois.fr\/wp-content\/uploads\/2023\/09\/dc95501b-f1a7-4872-afdd-a3d356708e94-5624-0000034485e4affd_file-scaled.jpg?resize=1536%2C2048&amp;ssl=1 1536w, https:\/\/i0.wp.com\/vaast.armentierois.fr\/wp-content\/uploads\/2023\/09\/dc95501b-f1a7-4872-afdd-a3d356708e94-5624-0000034485e4affd_file-scaled.jpg?w=1920&amp;ssl=1 1920w, https:\/\/i0.wp.com\/vaast.armentierois.fr\/wp-content\/uploads\/2023\/09\/dc95501b-f1a7-4872-afdd-a3d356708e94-5624-0000034485e4affd_file-scaled.jpg?w=1280&amp;ssl=1 1280w\" sizes=\"auto, (max-width: 640px) 100vw, 640px\" data-recalc-dims=\"1\" \/><figcaption class=\"wp-element-caption\">La Croix de l\u2019\u00e9glise <\/figcaption><\/figure>\n\n\n\n<p>La croix \u00e9tait l\u2019instrument de supplice sur lequel on attachait ou clouait les condamn\u00e9s \u00e0 mort. Pour les chr\u00e9tiens, la&nbsp;croix, en raison de la condamnation et de la mort de J\u00e9sus, devient le symbole du myst\u00e8re pascal et le signe de salut pour l\u2019humanit\u00e9. Elle r\u00e9v\u00e8le l\u2019amour infini de Dieu dans le don salvifique du Christ mort et ressuscit\u00e9. Elle nous rappelle notre bapt\u00eame par lequel nous devenons enfants de Dieu.<\/p>\n\n\n\n<figure class=\"wp-block-image size-large\"><img loading=\"lazy\" decoding=\"async\" width=\"640\" height=\"853\" src=\"https:\/\/i0.wp.com\/vaast.armentierois.fr\/wp-content\/uploads\/2023\/09\/c3f2a179-08fe-4228-b165-564fcd213814-5624-0000033a8a2640d4_file.jpg?resize=640%2C853&#038;ssl=1\" alt=\"\" class=\"wp-image-1858\" srcset=\"https:\/\/i0.wp.com\/vaast.armentierois.fr\/wp-content\/uploads\/2023\/09\/c3f2a179-08fe-4228-b165-564fcd213814-5624-0000033a8a2640d4_file-scaled.jpg?resize=768%2C1024&amp;ssl=1 768w, https:\/\/i0.wp.com\/vaast.armentierois.fr\/wp-content\/uploads\/2023\/09\/c3f2a179-08fe-4228-b165-564fcd213814-5624-0000033a8a2640d4_file-scaled.jpg?resize=225%2C300&amp;ssl=1 225w, https:\/\/i0.wp.com\/vaast.armentierois.fr\/wp-content\/uploads\/2023\/09\/c3f2a179-08fe-4228-b165-564fcd213814-5624-0000033a8a2640d4_file-scaled.jpg?resize=1152%2C1536&amp;ssl=1 1152w, https:\/\/i0.wp.com\/vaast.armentierois.fr\/wp-content\/uploads\/2023\/09\/c3f2a179-08fe-4228-b165-564fcd213814-5624-0000033a8a2640d4_file-scaled.jpg?resize=1536%2C2048&amp;ssl=1 1536w, https:\/\/i0.wp.com\/vaast.armentierois.fr\/wp-content\/uploads\/2023\/09\/c3f2a179-08fe-4228-b165-564fcd213814-5624-0000033a8a2640d4_file-scaled.jpg?w=1920&amp;ssl=1 1920w, https:\/\/i0.wp.com\/vaast.armentierois.fr\/wp-content\/uploads\/2023\/09\/c3f2a179-08fe-4228-b165-564fcd213814-5624-0000033a8a2640d4_file-scaled.jpg?w=1280&amp;ssl=1 1280w\" sizes=\"auto, (max-width: 640px) 100vw, 640px\" data-recalc-dims=\"1\" \/><figcaption class=\"wp-element-caption\">Le Christ en croix dans l\u2019abside <\/figcaption><\/figure>\n","protected":false},"excerpt":{"rendered":"<p>Le Christ en croix situ\u00e9 derri\u00e8re la ma\u00eetre autel daterait de la fin du 18\u00e8me si\u00e8cle. Il fut partiellement d\u00e9truit &hellip; <\/p>\n","protected":false},"author":1,"featured_media":2047,"parent":0,"menu_order":0,"comment_status":"closed","ping_status":"closed","template":"","meta":{"footnotes":""},"class_list":["post-113","page","type-page","status-publish","has-post-thumbnail","hentry"],"_links":{"self":[{"href":"https:\/\/vaast.armentierois.fr\/index.php?rest_route=\/wp\/v2\/pages\/113","targetHints":{"allow":["GET"]}}],"collection":[{"href":"https:\/\/vaast.armentierois.fr\/index.php?rest_route=\/wp\/v2\/pages"}],"about":[{"href":"https:\/\/vaast.armentierois.fr\/index.php?rest_route=\/wp\/v2\/types\/page"}],"author":[{"embeddable":true,"href":"https:\/\/vaast.armentierois.fr\/index.php?rest_route=\/wp\/v2\/users\/1"}],"replies":[{"embeddable":true,"href":"https:\/\/vaast.armentierois.fr\/index.php?rest_route=%2Fwp%2Fv2%2Fcomments&post=113"}],"version-history":[{"count":8,"href":"https:\/\/vaast.armentierois.fr\/index.php?rest_route=\/wp\/v2\/pages\/113\/revisions"}],"predecessor-version":[{"id":2049,"href":"https:\/\/vaast.armentierois.fr\/index.php?rest_route=\/wp\/v2\/pages\/113\/revisions\/2049"}],"wp:featuredmedia":[{"embeddable":true,"href":"https:\/\/vaast.armentierois.fr\/index.php?rest_route=\/wp\/v2\/media\/2047"}],"wp:attachment":[{"href":"https:\/\/vaast.armentierois.fr\/index.php?rest_route=%2Fwp%2Fv2%2Fmedia&parent=113"}],"curies":[{"name":"wp","href":"https:\/\/api.w.org\/{rel}","templated":true}]}}

<p>Le Christ en croix situé derrière la maître autel daterait de la fin du 18ème siècle. Il fut partiellement détruit pendant la guerre 14-18, remis en état et&nbsp;exposé&nbsp;sur la façade de l’église provisoire. En 1991, une restauration complète s’imposait. Ce fut un sculpteur de Montauban qui s’en chargea. La fabrication de la croix fut confiée à deux menuisiers nieppois.</p>



<figure class="wp-block-image size-large"><img loading="lazy" decoding="async" width="640" height="853" src="https://i0.wp.com/vaast.armentierois.fr/wp-content/uploads/2023/09/55b4414a-9730-4cfd-8d44-933d9ac3ebbf-713-000000c1817f22a9_file.jpg?resize=640%2C853&#038;ssl=1" alt="" class="wp-image-2047" srcset="https://i0.wp.com/vaast.armentierois.fr/wp-content/uploads/2023/09/55b4414a-9730-4cfd-8d44-933d9ac3ebbf-713-000000c1817f22a9_file-scaled.jpg?resize=768%2C1024&amp;ssl=1 768w, https://i0.wp.com/vaast.armentierois.fr/wp-content/uploads/2023/09/55b4414a-9730-4cfd-8d44-933d9ac3ebbf-713-000000c1817f22a9_file-scaled.jpg?resize=225%2C300&amp;ssl=1 225w, https://i0.wp.com/vaast.armentierois.fr/wp-content/uploads/2023/09/55b4414a-9730-4cfd-8d44-933d9ac3ebbf-713-000000c1817f22a9_file-scaled.jpg?resize=1152%2C1536&amp;ssl=1 1152w, https://i0.wp.com/vaast.armentierois.fr/wp-content/uploads/2023/09/55b4414a-9730-4cfd-8d44-933d9ac3ebbf-713-000000c1817f22a9_file-scaled.jpg?resize=1536%2C2048&amp;ssl=1 1536w, https://i0.wp.com/vaast.armentierois.fr/wp-content/uploads/2023/09/55b4414a-9730-4cfd-8d44-933d9ac3ebbf-713-000000c1817f22a9_file-scaled.jpg?w=1920&amp;ssl=1 1920w, https://i0.wp.com/vaast.armentierois.fr/wp-content/uploads/2023/09/55b4414a-9730-4cfd-8d44-933d9ac3ebbf-713-000000c1817f22a9_file-scaled.jpg?w=1280&amp;ssl=1 1280w" sizes="auto, (max-width: 640px) 100vw, 640px" data-recalc-dims="1" /></figure>



<p>Jésus est mort sur la croix. Il n’a pas fait semblant. Il ne subit pas la passion qu’on lui inflige mais il y entre, après agonie et prière, dans la confiance, celle de faire du don de sa vie une offrande pour notre Salut. Il accomplit non sa volonté mais la volonté du Père. Il accepte de mourir pour nous. Il transforme pour nous la mort en un passage vers la vie. Il nous dit au cœur de sa passion « Ma vie, nul ne la prend, c’est moi qui la donne ». Il donne sa vie par amour pour nous.</p>



<figure class="wp-block-image size-large"><img loading="lazy" decoding="async" width="640" height="853" src="https://i0.wp.com/vaast.armentierois.fr/wp-content/uploads/2023/09/dc95501b-f1a7-4872-afdd-a3d356708e94-5624-0000034485e4affd_file.jpg?resize=640%2C853&#038;ssl=1" alt="" class="wp-image-1906" srcset="https://i0.wp.com/vaast.armentierois.fr/wp-content/uploads/2023/09/dc95501b-f1a7-4872-afdd-a3d356708e94-5624-0000034485e4affd_file-scaled.jpg?resize=768%2C1024&amp;ssl=1 768w, https://i0.wp.com/vaast.armentierois.fr/wp-content/uploads/2023/09/dc95501b-f1a7-4872-afdd-a3d356708e94-5624-0000034485e4affd_file-scaled.jpg?resize=225%2C300&amp;ssl=1 225w, https://i0.wp.com/vaast.armentierois.fr/wp-content/uploads/2023/09/dc95501b-f1a7-4872-afdd-a3d356708e94-5624-0000034485e4affd_file-scaled.jpg?resize=1152%2C1536&amp;ssl=1 1152w, https://i0.wp.com/vaast.armentierois.fr/wp-content/uploads/2023/09/dc95501b-f1a7-4872-afdd-a3d356708e94-5624-0000034485e4affd_file-scaled.jpg?resize=1536%2C2048&amp;ssl=1 1536w, https://i0.wp.com/vaast.armentierois.fr/wp-content/uploads/2023/09/dc95501b-f1a7-4872-afdd-a3d356708e94-5624-0000034485e4affd_file-scaled.jpg?w=1920&amp;ssl=1 1920w, https://i0.wp.com/vaast.armentierois.fr/wp-content/uploads/2023/09/dc95501b-f1a7-4872-afdd-a3d356708e94-5624-0000034485e4affd_file-scaled.jpg?w=1280&amp;ssl=1 1280w" sizes="auto, (max-width: 640px) 100vw, 640px" data-recalc-dims="1" /><figcaption class="wp-element-caption">La Croix de l’église </figcaption></figure>



<p>La croix était l’instrument de supplice sur lequel on attachait ou clouait les condamnés à mort. Pour les chrétiens, la&nbsp;croix, en raison de la condamnation et de la mort de Jésus, devient le symbole du mystère pascal et le signe de salut pour l’humanité. Elle révèle l’amour infini de Dieu dans le don salvifique du Christ mort et ressuscité. Elle nous rappelle notre baptême par lequel nous devenons enfants de Dieu.</p>



<figure class="wp-block-image size-large"><img loading="lazy" decoding="async" width="640" height="853" src="https://i0.wp.com/vaast.armentierois.fr/wp-content/uploads/2023/09/c3f2a179-08fe-4228-b165-564fcd213814-5624-0000033a8a2640d4_file.jpg?resize=640%2C853&#038;ssl=1" alt="" class="wp-image-1858" srcset="https://i0.wp.com/vaast.armentierois.fr/wp-content/uploads/2023/09/c3f2a179-08fe-4228-b165-564fcd213814-5624-0000033a8a2640d4_file-scaled.jpg?resize=768%2C1024&amp;ssl=1 768w, https://i0.wp.com/vaast.armentierois.fr/wp-content/uploads/2023/09/c3f2a179-08fe-4228-b165-564fcd213814-5624-0000033a8a2640d4_file-scaled.jpg?resize=225%2C300&amp;ssl=1 225w, https://i0.wp.com/vaast.armentierois.fr/wp-content/uploads/2023/09/c3f2a179-08fe-4228-b165-564fcd213814-5624-0000033a8a2640d4_file-scaled.jpg?resize=1152%2C1536&amp;ssl=1 1152w, https://i0.wp.com/vaast.armentierois.fr/wp-content/uploads/2023/09/c3f2a179-08fe-4228-b165-564fcd213814-5624-0000033a8a2640d4_file-scaled.jpg?resize=1536%2C2048&amp;ssl=1 1536w, https://i0.wp.com/vaast.armentierois.fr/wp-content/uploads/2023/09/c3f2a179-08fe-4228-b165-564fcd213814-5624-0000033a8a2640d4_file-scaled.jpg?w=1920&amp;ssl=1 1920w, https://i0.wp.com/vaast.armentierois.fr/wp-content/uploads/2023/09/c3f2a179-08fe-4228-b165-564fcd213814-5624-0000033a8a2640d4_file-scaled.jpg?w=1280&amp;ssl=1 1280w" sizes="auto, (max-width: 640px) 100vw, 640px" data-recalc-dims="1" /><figcaption class="wp-element-caption">Le Christ en croix dans l’abside </figcaption></figure>

<p>Le Christ en croix situé derrière la maître autel daterait de la fin du 18ème siècle. Il fut partiellement détruit &hellip; </p>
