{"id":1544,"date":"2023-09-11T20:51:33","date_gmt":"2023-09-11T18:51:33","guid":{"rendered":"https:\/\/martin.armentierois.fr\/?page_id=1544"},"modified":"2023-09-17T08:35:04","modified_gmt":"2023-09-17T06:35:04","slug":"marc","status":"publish","type":"page","link":"https:\/\/vaast.armentierois.fr\/?page_id=1544","title":{"rendered":"Marc"},"content":{"rendered":"\n<p>Saint Marc, le compagnon fid\u00e8le !<strong> <\/strong>Il suit d\u2019abord saint Paul, l\u2019Ap\u00f4tre des nations, en Asie Mineure, puis rentrant \u00e0 J\u00e9rusalem, il s\u2019attachera \u00e0 saint Pierre qu\u2019il suivra jusqu\u2019\u00e0 Rome. Transcrivant fid\u00e8lement par \u00e9crit toutes les pr\u00e9dications du chef des Ap\u00f4tres, il a \u00e9t\u00e9 souvent, de ce fait, consid\u00e9r\u00e9 comme l\u2019inventeur du genre \u00e9vang\u00e9lique. Mais ses textes, \u00e9crits essentiellement \u00e0 l\u2019intention de la chr\u00e9tient\u00e9 romaine, forment en r\u00e9alit\u00e9 le second des quatre \u00c9vangiles, apr\u00e8s celui compos\u00e9 par saint Matthieu. Pour Pierre, Marc, le compagnon fid\u00e8le est plus qu\u2019un secr\u00e9taire ; il l\u2019appellera son \u00ab fils \u00bb. Mort martyr \u00e0 Alexandrie, Marc est f\u00eat\u00e9 le 25 avril. Son symbole est le lion.<\/p>\n\n\n\n<figure class=\"wp-block-image size-large\"><img loading=\"lazy\" decoding=\"async\" width=\"640\" height=\"853\" src=\"https:\/\/i0.wp.com\/vaast.armentierois.fr\/wp-content\/uploads\/2023\/09\/img_2587-1.jpg?resize=640%2C853&#038;ssl=1\" alt=\"\" class=\"wp-image-2270\" srcset=\"https:\/\/i0.wp.com\/vaast.armentierois.fr\/wp-content\/uploads\/2023\/09\/img_2587-1-scaled.jpg?resize=768%2C1024&amp;ssl=1 768w, https:\/\/i0.wp.com\/vaast.armentierois.fr\/wp-content\/uploads\/2023\/09\/img_2587-1-scaled.jpg?resize=225%2C300&amp;ssl=1 225w, https:\/\/i0.wp.com\/vaast.armentierois.fr\/wp-content\/uploads\/2023\/09\/img_2587-1-scaled.jpg?resize=1152%2C1536&amp;ssl=1 1152w, https:\/\/i0.wp.com\/vaast.armentierois.fr\/wp-content\/uploads\/2023\/09\/img_2587-1-scaled.jpg?resize=1536%2C2048&amp;ssl=1 1536w, https:\/\/i0.wp.com\/vaast.armentierois.fr\/wp-content\/uploads\/2023\/09\/img_2587-1-scaled.jpg?w=1920&amp;ssl=1 1920w, https:\/\/i0.wp.com\/vaast.armentierois.fr\/wp-content\/uploads\/2023\/09\/img_2587-1-scaled.jpg?w=1280&amp;ssl=1 1280w\" sizes=\"auto, (max-width: 640px) 100vw, 640px\" data-recalc-dims=\"1\" \/><figcaption class=\"wp-element-caption\">Vitrail repr\u00e9sentant saint Marc<\/figcaption><\/figure>\n\n\n\n<p>Marc (Jean surnomm\u00e9 Marc) est connu gr\u00e2ce aux&nbsp;Actes des Ap\u00f4tres&nbsp;et \u00e0 plusieurs&nbsp;lettres de saint Paul&nbsp;et de&nbsp;saint Pierre. Il na\u00eet autour de l\u2019an 5 dans une famille juive ais\u00e9e.&nbsp;Marc ne fait pas partie des disciples de J\u00e9sus<strong>&nbsp;<\/strong>bien que certains ex\u00e9g\u00e8tes modernes proposent une interpr\u00e9tation diff\u00e9rente. Apr\u00e8s la mort du Christ, Marc collabore avec&nbsp;saint Paul&nbsp;et l\u2019accompagne \u00e0 Chypre. Peu avant de mourir, voici ce qu\u2019\u00e9crit Paul \u00e0 Timoth\u00e9e depuis sa prison \u00e0 Rome : \u00ab&nbsp;<em>Am\u00e8ne Marc avec toi, il m\u2019est tr\u00e8s utile pour le minist\u00e8re.&nbsp;<\/em>\u00bb (2 Tm 4,11). Marc rejoint donc Rome (on ne sait s\u2019il est pr\u00e9sent au martyre de Paul) et se met au service de Pierre. La&nbsp;basilique Saint-Marc&nbsp;dans le centre historique de Rome t\u00e9moigne de sa pr\u00e9sence et a vraisemblablement \u00e9t\u00e9 b\u00e2tie sur l\u2019emplacement de sa maison. La suite de la vie de Marc est mal connue. Certaines sources affirment qu\u2019il rejoint l\u2019Egypte, \u00e9vang\u00e9lise ses contr\u00e9es puis meurt<strong>&nbsp;<\/strong>martyr \u00e0 Alexandrie. Une autre version des faits indique qu\u2019avant de rejoindre l\u2019Egypte, il \u00e9vang\u00e9lise Aquil\u00e9e et les \u00eeles R\u00e9altines (future Venise) o\u00f9 un ange lui proph\u00e9tise que c\u2019est en cette ville qu\u2019il attendra la r\u00e9surrection des morts. Marc meurt entre 68 et 72, les Actes de Marc datant du IVe si\u00e8cle&nbsp;racontent son martyre&nbsp;: les pa\u00efens l\u2019emprisonnent puis le tra\u00eenent \u00e0 l\u2019aide d\u2019une corde attach\u00e9e au cou dans les rues d\u2019Alexandrie jusqu\u2019\u00e0 ce que mort s\u2019en suive. Une partie de ses&nbsp;reliques sont aujourd\u2019hui v\u00e9n\u00e9r\u00e9es au Caire, dans la cath\u00e9drale Saint-Marc, si\u00e8ge du patriarcat orthodoxe copte.&nbsp;Les restes de son corps se trouvent \u00e0 Venise&nbsp;dans la&nbsp;basilique<strong>&nbsp;<\/strong>qui lui est d\u00e9di\u00e9e.&nbsp;Saint Marc est symbolis\u00e9 par un lion ail\u00e9. Il est&nbsp;le saint patron de la ville de Venise,&nbsp;on le&nbsp;f\u00eate le 25 avril.<\/p>\n\n\n\n<p>Prier avec Saint Marc<\/p>\n\n\n\n<p><em>\u00d4 Dieu, qui, par votre inestimable charit\u00e9 pour les hommes, voulez que nous soyons appel\u00e9s vos enfants, et que nous le soyons en effet, accordez-nous, par les m\u00e9rites de saint Marc, votre \u00e9vang\u00e9liste, de recevoir le gage de la vie immortelle en \u00e9tant pr\u00e9serv\u00e9s du malheur affreux de l\u2019imp\u00e9nitence finale; que ce saint ap\u00f4tre nous assiste particuli\u00e8rement tous les jours de notre vie. Par Notre Seigneur J\u00e9sus-Christ. <\/em>Amen<em><br \/>Saint Marc, qui avez une gr\u00e2ce sp\u00e9ciale pour nous pr\u00e9server des insuffisances r\u00e9nales, priez sans cesse pour nous.<\/em><\/p>\n","protected":false},"excerpt":{"rendered":"<p>Saint Marc, le compagnon fid\u00e8le ! Il suit d\u2019abord saint Paul, l\u2019Ap\u00f4tre des nations, en Asie Mineure, puis rentrant \u00e0 &hellip; <\/p>\n","protected":false},"author":1,"featured_media":0,"parent":0,"menu_order":0,"comment_status":"closed","ping_status":"closed","template":"","meta":{"footnotes":""},"class_list":["post-1544","page","type-page","status-publish","hentry"],"_links":{"self":[{"href":"https:\/\/vaast.armentierois.fr\/index.php?rest_route=\/wp\/v2\/pages\/1544","targetHints":{"allow":["GET"]}}],"collection":[{"href":"https:\/\/vaast.armentierois.fr\/index.php?rest_route=\/wp\/v2\/pages"}],"about":[{"href":"https:\/\/vaast.armentierois.fr\/index.php?rest_route=\/wp\/v2\/types\/page"}],"author":[{"embeddable":true,"href":"https:\/\/vaast.armentierois.fr\/index.php?rest_route=\/wp\/v2\/users\/1"}],"replies":[{"embeddable":true,"href":"https:\/\/vaast.armentierois.fr\/index.php?rest_route=%2Fwp%2Fv2%2Fcomments&post=1544"}],"version-history":[{"count":2,"href":"https:\/\/vaast.armentierois.fr\/index.php?rest_route=\/wp\/v2\/pages\/1544\/revisions"}],"predecessor-version":[{"id":2272,"href":"https:\/\/vaast.armentierois.fr\/index.php?rest_route=\/wp\/v2\/pages\/1544\/revisions\/2272"}],"wp:attachment":[{"href":"https:\/\/vaast.armentierois.fr\/index.php?rest_route=%2Fwp%2Fv2%2Fmedia&parent=1544"}],"curies":[{"name":"wp","href":"https:\/\/api.w.org\/{rel}","templated":true}]}}

<p>Saint Marc, le compagnon fidèle !<strong> </strong>Il suit d’abord saint Paul, l’Apôtre des nations, en Asie Mineure, puis rentrant à Jérusalem, il s’attachera à saint Pierre qu’il suivra jusqu’à Rome. Transcrivant fidèlement par écrit toutes les prédications du chef des Apôtres, il a été souvent, de ce fait, considéré comme l’inventeur du genre évangélique. Mais ses textes, écrits essentiellement à l’intention de la chrétienté romaine, forment en réalité le second des quatre Évangiles, après celui composé par saint Matthieu. Pour Pierre, Marc, le compagnon fidèle est plus qu’un secrétaire ; il l’appellera son « fils ». Mort martyr à Alexandrie, Marc est fêté le 25 avril. Son symbole est le lion.</p>



<figure class="wp-block-image size-large"><img loading="lazy" decoding="async" width="640" height="853" src="https://i0.wp.com/vaast.armentierois.fr/wp-content/uploads/2023/09/img_2587-1.jpg?resize=640%2C853&#038;ssl=1" alt="" class="wp-image-2270" srcset="https://i0.wp.com/vaast.armentierois.fr/wp-content/uploads/2023/09/img_2587-1-scaled.jpg?resize=768%2C1024&amp;ssl=1 768w, https://i0.wp.com/vaast.armentierois.fr/wp-content/uploads/2023/09/img_2587-1-scaled.jpg?resize=225%2C300&amp;ssl=1 225w, https://i0.wp.com/vaast.armentierois.fr/wp-content/uploads/2023/09/img_2587-1-scaled.jpg?resize=1152%2C1536&amp;ssl=1 1152w, https://i0.wp.com/vaast.armentierois.fr/wp-content/uploads/2023/09/img_2587-1-scaled.jpg?resize=1536%2C2048&amp;ssl=1 1536w, https://i0.wp.com/vaast.armentierois.fr/wp-content/uploads/2023/09/img_2587-1-scaled.jpg?w=1920&amp;ssl=1 1920w, https://i0.wp.com/vaast.armentierois.fr/wp-content/uploads/2023/09/img_2587-1-scaled.jpg?w=1280&amp;ssl=1 1280w" sizes="auto, (max-width: 640px) 100vw, 640px" data-recalc-dims="1" /><figcaption class="wp-element-caption">Vitrail représentant saint Marc</figcaption></figure>



<p>Marc (Jean surnommé Marc) est connu grâce aux&nbsp;Actes des Apôtres&nbsp;et à plusieurs&nbsp;lettres de saint Paul&nbsp;et de&nbsp;saint Pierre. Il naît autour de l’an 5 dans une famille juive aisée.&nbsp;Marc ne fait pas partie des disciples de Jésus<strong>&nbsp;</strong>bien que certains exégètes modernes proposent une interprétation différente. Après la mort du Christ, Marc collabore avec&nbsp;saint Paul&nbsp;et l’accompagne à Chypre. Peu avant de mourir, voici ce qu’écrit Paul à Timothée depuis sa prison à Rome : «&nbsp;<em>Amène Marc avec toi, il m’est très utile pour le ministère.&nbsp;</em>» (2 Tm 4,11). Marc rejoint donc Rome (on ne sait s’il est présent au martyre de Paul) et se met au service de Pierre. La&nbsp;basilique Saint-Marc&nbsp;dans le centre historique de Rome témoigne de sa présence et a vraisemblablement été bâtie sur l’emplacement de sa maison. La suite de la vie de Marc est mal connue. Certaines sources affirment qu’il rejoint l’Egypte, évangélise ses contrées puis meurt<strong>&nbsp;</strong>martyr à Alexandrie. Une autre version des faits indique qu’avant de rejoindre l’Egypte, il évangélise Aquilée et les îles Réaltines (future Venise) où un ange lui prophétise que c’est en cette ville qu’il attendra la résurrection des morts. Marc meurt entre 68 et 72, les Actes de Marc datant du IVe siècle&nbsp;racontent son martyre&nbsp;: les païens l’emprisonnent puis le traînent à l’aide d’une corde attachée au cou dans les rues d’Alexandrie jusqu’à ce que mort s’en suive. Une partie de ses&nbsp;reliques sont aujourd’hui vénérées au Caire, dans la cathédrale Saint-Marc, siège du patriarcat orthodoxe copte.&nbsp;Les restes de son corps se trouvent à Venise&nbsp;dans la&nbsp;basilique<strong>&nbsp;</strong>qui lui est dédiée.&nbsp;Saint Marc est symbolisé par un lion ailé. Il est&nbsp;le saint patron de la ville de Venise,&nbsp;on le&nbsp;fête le 25 avril.</p>



<p>Prier avec Saint Marc</p>



<p><em>Ô Dieu, qui, par votre inestimable charité pour les hommes, voulez que nous soyons appelés vos enfants, et que nous le soyons en effet, accordez-nous, par les mérites de saint Marc, votre évangéliste, de recevoir le gage de la vie immortelle en étant préservés du malheur affreux de l’impénitence finale; que ce saint apôtre nous assiste particulièrement tous les jours de notre vie. Par Notre Seigneur Jésus-Christ. </em>Amen<em><br />Saint Marc, qui avez une grâce spéciale pour nous préserver des insuffisances rénales, priez sans cesse pour nous.</em></p>

<p>Saint Marc, le compagnon fidèle ! Il suit d’abord saint Paul, l’Apôtre des nations, en Asie Mineure, puis rentrant à &hellip; </p>
