{"id":1557,"date":"2023-09-11T21:19:52","date_gmt":"2023-09-11T19:19:52","guid":{"rendered":"https:\/\/martin.armentierois.fr\/?page_id=1557"},"modified":"2023-09-16T17:46:57","modified_gmt":"2023-09-16T15:46:57","slug":"sacre-coeur-de-jesus","status":"publish","type":"page","link":"https:\/\/vaast.armentierois.fr\/?page_id=1557","title":{"rendered":"Sacr\u00e9 C\u0153ur de J\u00e9sus"},"content":{"rendered":"\n<p>J\u00e9sus est le seul Saint, il est le trois fois Saint, il nous sanctifie dans son c\u0153ur Sacr\u00e9.<\/p>\n\n\n\n<p>Le Sacr\u00e9-C\u0153ur de J\u00e9sus, c\u2019est Dieu qui choisit d\u2019habiter de tout son amour le c\u0153ur de l\u2019humanit\u00e9 en se faisant lui-m\u00eame homme. C\u2019est ce don merveilleux que nous sommes invit\u00e9s \u00e0 honorer \u00e0 travers la d\u00e9votion au Sacr\u00e9-C\u0153ur de J\u00e9sus. Celle-ci est tr\u00e8s riche : il existe beaucoup de pri\u00e8res au c\u0153ur sacr\u00e9 de J\u00e9sus \u2013 notamment des <strong>pri\u00e8res de cons\u00e9cration, pri\u00e8res de r\u00e9paration<\/strong> et neuvaine au c\u0153ur sacr\u00e9 de J\u00e9sus.  Elles ont pour objet de rendre gloire et de s\u2019offrir au c\u0153ur divin du Christ.<\/p>\n\n\n\n<figure class=\"wp-block-image size-large\"><img loading=\"lazy\" decoding=\"async\" width=\"640\" height=\"853\" src=\"https:\/\/i0.wp.com\/vaast.armentierois.fr\/wp-content\/uploads\/2023\/09\/5b4333e7-4b0e-4730-a9c4-b9e1054412ae-4064-00000314b571e667_file.jpg?resize=640%2C853&#038;ssl=1\" alt=\"\" class=\"wp-image-1814\" srcset=\"https:\/\/i0.wp.com\/vaast.armentierois.fr\/wp-content\/uploads\/2023\/09\/5b4333e7-4b0e-4730-a9c4-b9e1054412ae-4064-00000314b571e667_file-scaled.jpg?resize=768%2C1024&amp;ssl=1 768w, https:\/\/i0.wp.com\/vaast.armentierois.fr\/wp-content\/uploads\/2023\/09\/5b4333e7-4b0e-4730-a9c4-b9e1054412ae-4064-00000314b571e667_file-scaled.jpg?resize=225%2C300&amp;ssl=1 225w, https:\/\/i0.wp.com\/vaast.armentierois.fr\/wp-content\/uploads\/2023\/09\/5b4333e7-4b0e-4730-a9c4-b9e1054412ae-4064-00000314b571e667_file-scaled.jpg?resize=1152%2C1536&amp;ssl=1 1152w, https:\/\/i0.wp.com\/vaast.armentierois.fr\/wp-content\/uploads\/2023\/09\/5b4333e7-4b0e-4730-a9c4-b9e1054412ae-4064-00000314b571e667_file-scaled.jpg?resize=1536%2C2048&amp;ssl=1 1536w, https:\/\/i0.wp.com\/vaast.armentierois.fr\/wp-content\/uploads\/2023\/09\/5b4333e7-4b0e-4730-a9c4-b9e1054412ae-4064-00000314b571e667_file-scaled.jpg?w=1920&amp;ssl=1 1920w, https:\/\/i0.wp.com\/vaast.armentierois.fr\/wp-content\/uploads\/2023\/09\/5b4333e7-4b0e-4730-a9c4-b9e1054412ae-4064-00000314b571e667_file-scaled.jpg?w=1280&amp;ssl=1 1280w\" sizes=\"auto, (max-width: 640px) 100vw, 640px\" data-recalc-dims=\"1\" \/><figcaption class=\"wp-element-caption\">Le sacr\u00e9 c\u0153ur de J\u00e9sus <\/figcaption><\/figure>\n\n\n\n<p>La d\u00e9votion au Sacr\u00e9-C\u0153ur de J\u00e9sus s\u2019est d\u00e9velopp\u00e9e au XVII\u00e8me si\u00e8cle avec les apparitions de J\u00e9sus \u00e0 Marguerite-Marie Alacoque \u00e0 Paray-le-Monial.<\/p>\n\n\n\n<p>Le 27 d\u00e9cembre 1673, la jeune religieuse a une&nbsp;<strong>vision&nbsp;<\/strong>du C\u0153ur de J\u00e9sus:<em>&nbsp;\u00ab Il me fit reposer fort longtemps sur sa divine poitrine, o\u00f9 il me d\u00e9couvrit les merveilles de son amour et les secrets inexplicables de son Sacr\u00e9-C\u0153ur: \u00ab Mon divin C\u0153ur est si passionn\u00e9 d\u2019amour pour les hommes et pour toi en particulier que, ne pouvant plus contenir en lui-m\u00eame les flammes de son ardente charit\u00e9, il faut qu\u2019il les r\u00e9pande par ton moyen \u00bb \u00bb.<\/em><\/p>\n\n\n\n<p>En juin 1675, pendant l\u2019adoration du Saint Sacrement le Christ lui dit cette&nbsp;<strong>parole&nbsp;<\/strong>:&nbsp;<em>\u00ab Voil\u00e0 ce C\u0153ur qui a tant aim\u00e9 les hommes, qu\u2019il n\u2019a rien \u00e9pargn\u00e9 jusqu\u2019\u00e0 s\u2019\u00e9puiser et se consommer pour leur t\u00e9moigner son amour, et pour reconnaissance je ne re\u00e7ois que des ingratitudes par leurs irr\u00e9v\u00e9rences et leurs sacril\u00e8ges et par les froideurs et m\u00e9pris qu\u2019ils ont pour moi dans ce sacrement d\u2019amour \u00bb.<\/em>&nbsp;J\u00e9sus exprime \u00e0 s\u0153ur Marguerite-Marie sa souffrance des ingratitudes des hommes, sp\u00e9cialement lors de la participation \u00e0 l\u2019eucharistie.<\/p>\n\n\n\n<p>Le Christ demande que soit v\u00e9cue la d\u00e9votion \u00e0 son C\u0153ur Sacr\u00e9.<strong>&nbsp;L\u2019Heure Sainte<\/strong>&nbsp;consiste \u00e0 tenir compagnie \u00e0 J\u00e9sus de onze heures \u00e0 minuit le jeudi soir en faisant m\u00e9moire de son agonie au Jardin des Oliviers.<\/p>\n\n\n\n<p><em>Litanies au c\u0153ur de J\u00e9sus de Didier Rimaud<\/em><\/p>\n\n\n\n<p>Nom de J\u00e9sus, le nom du Bien-Aim\u00e9,&nbsp;<\/p>\n\n\n\n<p>Le nom du Premier-N\u00e9, lou\u00e9 sois-tu!<\/p>\n\n\n\n<p>C\u0153ur de J\u00e9sus, br\u00fbl\u00e9 de tant d\u2019amour,<\/p>\n\n\n\n<p>Meurtri par le p\u00e9ch\u00e9, piti\u00e9 pour nous !<\/p>\n\n\n\n<p><\/p>\n\n\n\n<p>Nom de J\u00e9sus, le nom du vrai Pasteur,<\/p>\n\n\n\n<p>Le nom du Prince-Agneau, lou\u00e9 sois-tu !<\/p>\n\n\n\n<p>C\u0153ur de J\u00e9sus, repos des c\u0153urs bless\u00e9s,<\/p>\n\n\n\n<p>Et gr\u00e2ce des p\u00e9cheurs, piti\u00e9 pour nous!<\/p>\n\n\n\n<p><\/p>\n\n\n\n<p>Nom de J\u00e9sus, plus beau que tous les noms,<\/p>\n\n\n\n<p>Le nom qui nomme Dieu, lou\u00e9 sois-tu !<\/p>\n\n\n\n<p>C\u0153ur de J\u00e9sus, qui dis le c\u0153ur de Dieu,<\/p>\n\n\n\n<p>Plus grand que notre c\u0153ur, piti\u00e9 pour nous !<\/p>\n\n\n\n<p><\/p>\n\n\n\n<p>Nom de J\u00e9sus, le nom des baptis\u00e9s,<\/p>\n\n\n\n<p>Seul nom des justifi\u00e9s, lou\u00e9 sois-tu !<\/p>\n\n\n\n<p>C\u0153ur de J\u00e9sus, le c\u0153ur de l\u2019Homme Dieu,<\/p>\n\n\n\n<p>Le c\u0153ur de Dieu en croix, piti\u00e9 pour nous !<\/p>\n\n\n\n<p><\/p>\n\n\n\n<p>Nom de J\u00e9sus, qui blesses notre c\u0153ur<\/p>\n\n\n\n<p>Et creuses tout d\u00e9sir, lou\u00e9 sois-tu!<\/p>\n\n\n\n<p>C\u0153ur de J\u00e9sus, qui calmes toute soif<\/p>\n\n\n\n<p>Et combles toute faim, piti\u00e9 pour nous !<\/p>\n\n\n\n<p><\/p>\n\n\n\n<p>Nom de J\u00e9sus, puissance de Salut<\/p>\n\n\n\n<p>Qui marques notre front, lou\u00e9 sois-tu !<\/p>\n\n\n\n<p>C\u0153ur de J\u00e9sus, qui m\u00e8nes vers la joie,<\/p>\n\n\n\n<p>Qui gardes dans la paix, piti\u00e9 pour nous<\/p>\n\n\n\n<p><\/p>\n\n\n\n<p>Nom de J\u00e9sus, soleil en plein minuit,<\/p>\n\n\n\n<p>Fra\u00eecheur en plein \u00e9t\u00e9, lou\u00e9 sois-tu!<\/p>\n\n\n\n<p>C\u0153ur de J\u00e9sus, printemps en plein hiver,<\/p>\n\n\n\n<p>Fontaine en plein d\u00e9sert, piti\u00e9 pour nous !<\/p>\n\n\n\n<p><\/p>\n\n\n\n<p>Nom de J\u00e9sus, plus clair que n\u2019est le jour,<\/p>\n\n\n\n<p>Plus doux que n\u2019est le miel, lou\u00e9 sois-tu !<\/p>\n\n\n\n<p>C\u0153ur de J\u00e9sus, \u00e9toile du chemin,<\/p>\n\n\n\n<p>Rocher qui donnes l\u2019eau, piti\u00e9 pour nous!<\/p>\n\n\n\n<p><\/p>\n\n\n\n<p>Nom de J\u00e9sus, la perle de grand prix,<\/p>\n\n\n\n<p>Tr\u00e9sor qui passe tout, lou\u00e9 sois-tu !<\/p>\n\n\n\n<p>C\u0153ur de J\u00e9sus, violent comme est l\u2019amour,<\/p>\n\n\n\n<p>Puissant comme est le feu, piti\u00e9 pour nous !<\/p>\n\n\n\n<p><em>Didier Rimaud<\/em><\/p>\n","protected":false},"excerpt":{"rendered":"<p>J\u00e9sus est le seul Saint, il est le trois fois Saint, il nous sanctifie dans son c\u0153ur Sacr\u00e9. Le Sacr\u00e9-C\u0153ur &hellip; <\/p>\n","protected":false},"author":1,"featured_media":0,"parent":0,"menu_order":0,"comment_status":"closed","ping_status":"closed","template":"","meta":{"footnotes":""},"class_list":["post-1557","page","type-page","status-publish","hentry"],"_links":{"self":[{"href":"https:\/\/vaast.armentierois.fr\/index.php?rest_route=\/wp\/v2\/pages\/1557","targetHints":{"allow":["GET"]}}],"collection":[{"href":"https:\/\/vaast.armentierois.fr\/index.php?rest_route=\/wp\/v2\/pages"}],"about":[{"href":"https:\/\/vaast.armentierois.fr\/index.php?rest_route=\/wp\/v2\/types\/page"}],"author":[{"embeddable":true,"href":"https:\/\/vaast.armentierois.fr\/index.php?rest_route=\/wp\/v2\/users\/1"}],"replies":[{"embeddable":true,"href":"https:\/\/vaast.armentierois.fr\/index.php?rest_route=%2Fwp%2Fv2%2Fcomments&post=1557"}],"version-history":[{"count":1,"href":"https:\/\/vaast.armentierois.fr\/index.php?rest_route=\/wp\/v2\/pages\/1557\/revisions"}],"predecessor-version":[{"id":2231,"href":"https:\/\/vaast.armentierois.fr\/index.php?rest_route=\/wp\/v2\/pages\/1557\/revisions\/2231"}],"wp:attachment":[{"href":"https:\/\/vaast.armentierois.fr\/index.php?rest_route=%2Fwp%2Fv2%2Fmedia&parent=1557"}],"curies":[{"name":"wp","href":"https:\/\/api.w.org\/{rel}","templated":true}]}}