{"id":1869,"date":"2023-09-13T19:16:30","date_gmt":"2023-09-13T17:16:30","guid":{"rendered":"https:\/\/vaast.armentierois.fr\/?page_id=1869"},"modified":"2023-09-16T10:59:59","modified_gmt":"2023-09-16T08:59:59","slug":"saint-vaast","status":"publish","type":"page","link":"https:\/\/vaast.armentierois.fr\/?page_id=1869","title":{"rendered":"Saint Vaast"},"content":{"rendered":"\n<p>Saint Vaast est repr\u00e9sent\u00e9 ici avec sa mitre d\u2019\u00e9v\u00eaque portant son \u00e9glise, et accompagn\u00e9 par son ours familier qu\u2019il utilisait comme chien de garde. Les animaux tiennent une grande place pour lui dans la l\u00e9gende. On dit qu\u2019il a ressuscit\u00e9 une oie d\u00e9vor\u00e9e par un loup. On priait Saint Vaast pour les enfants qui avaient du mal \u00e0 marcher.<\/p>\n\n\n\n<figure class=\"wp-block-image size-large\"><img loading=\"lazy\" decoding=\"async\" width=\"640\" height=\"853\" src=\"https:\/\/i0.wp.com\/vaast.armentierois.fr\/wp-content\/uploads\/2023\/09\/5a25f88b-30da-4bbf-b68b-3b7fe7803db4-5624-0000033d450c9198_file.jpg?resize=640%2C853&#038;ssl=1\" alt=\"\" class=\"wp-image-1868\" srcset=\"https:\/\/i0.wp.com\/vaast.armentierois.fr\/wp-content\/uploads\/2023\/09\/5a25f88b-30da-4bbf-b68b-3b7fe7803db4-5624-0000033d450c9198_file-scaled.jpg?resize=768%2C1024&amp;ssl=1 768w, https:\/\/i0.wp.com\/vaast.armentierois.fr\/wp-content\/uploads\/2023\/09\/5a25f88b-30da-4bbf-b68b-3b7fe7803db4-5624-0000033d450c9198_file-scaled.jpg?resize=225%2C300&amp;ssl=1 225w, https:\/\/i0.wp.com\/vaast.armentierois.fr\/wp-content\/uploads\/2023\/09\/5a25f88b-30da-4bbf-b68b-3b7fe7803db4-5624-0000033d450c9198_file-scaled.jpg?resize=1152%2C1536&amp;ssl=1 1152w, https:\/\/i0.wp.com\/vaast.armentierois.fr\/wp-content\/uploads\/2023\/09\/5a25f88b-30da-4bbf-b68b-3b7fe7803db4-5624-0000033d450c9198_file-scaled.jpg?resize=1536%2C2048&amp;ssl=1 1536w, https:\/\/i0.wp.com\/vaast.armentierois.fr\/wp-content\/uploads\/2023\/09\/5a25f88b-30da-4bbf-b68b-3b7fe7803db4-5624-0000033d450c9198_file-scaled.jpg?w=1920&amp;ssl=1 1920w, https:\/\/i0.wp.com\/vaast.armentierois.fr\/wp-content\/uploads\/2023\/09\/5a25f88b-30da-4bbf-b68b-3b7fe7803db4-5624-0000033d450c9198_file-scaled.jpg?w=1280&amp;ssl=1 1280w\" sizes=\"auto, (max-width: 640px) 100vw, 640px\" data-recalc-dims=\"1\" \/><figcaption class=\"wp-element-caption\">Saint Vaast, patron de l\u2019\u00e9glise <\/figcaption><\/figure>\n\n\n\n<p><strong>Saint Vaast <\/strong>: N\u00e9 vers 460, il fut le premier \u00e9v\u00eaque et patron d\u2019Arras.<\/p>\n\n\n\n<p>Nous ne connaissons rien des origines de Vaast: sans doute est-il n\u00e9 dans une famille noble gallo-romaine. Il se sent appel\u00e9 \u00e0 devenir moine-ermite. Il vit retir\u00e9 dans la r\u00e9gion de Toul. Mais il vient en aide aux malades qui le sollicitent. Il apprend aussi \u00e0 lire. C&#8217;est ainsi qu&#8217;il se retrouve appel\u00e9 \u00e0 une vie publique. Quand Clovis passe \u00e0 Toul pour se rendre \u00e0 Reims, on l&#8217;invite \u00e0 rencontrer Vaast. C&#8217;est ainsi qu&#8217;il donne les premiers enseignements sur la foi chr\u00e9tienne, avant R\u00e9mi. La gu\u00e9rison d&#8217;un&nbsp;aveugle, sur la route de Reims est peut-\u00eatre une mani\u00e8re de parler de l&#8217;ouverture de Clovis \u00e0 la foi chr\u00e9tienne. C&#8217;\u00e9tait apr\u00e8s la victoire de Tolbiac, o\u00f9 Clovis avait fait v\u0153u de se convertir au Dieu de Clotilde son \u00e9pouse, s&#8217;il gagnait la bataille.<\/p>\n\n\n\n<p>A Reims, R\u00e9mi confie l&#8217;\u00e9ducation chr\u00e9tienne de Clovis \u00e0 Vaast. \u00c9ducateur de la foi et conseiller du pouvoir se font ensemble. Bient\u00f4t Vaast est consacr\u00e9 \u00e9v\u00eaque et envoy\u00e9 plus au Nord du Royaume: \u00e0 Cambrai et Arras. Arras est un pays mal g\u00e9r\u00e9, pill\u00e9 et ravag\u00e9 par les barbares. L&#8217;histoire pieuse rapporte que Vaast entrant dans les ruines d&#8217;une \u00e9glise se trouve face \u00e0 un ours. Vaast le fait reculer et retourner dans la for\u00eat. C&#8217;est une mani\u00e8re pour le biographe religieux de dire que le paganisme recule en pr\u00e9sence du nouvel \u00e9v\u00eaque. Vaast gu\u00e9rit aveugles et boiteux. Il apporte l&#8217;esp\u00e9rance chr\u00e9tienne \u00e0 toute une population broy\u00e9e dans la mis\u00e8re. Elle devient capable de voir la v\u00e9rit\u00e9 et de marcher dans la foi. Il fait reb\u00e2tir \u00e9glises, maisons et granges. L&#8217;\u00e9glise d&#8217;Arras sera mise sous le vocable de Marie. Vaast cherche des b\u00e2tisseurs et des collaborateurs. \u00c9v\u00eaque il les ordonne pr\u00eatres pour aller dans les campagnes baptiser, prier et enseigner.  Mais \u00e0 peine partis ailleurs, le peuple retourne au paganisme. En quarante ans de pr\u00e9sence Vaast \u00e9vang\u00e9lise son dioc\u00e8se. Il devient le patron de l&#8217;\u00c9glise qui est \u00e0 Arras. <\/p>\n\n\n\n<p>On invoque,&nbsp;Saint Waast Vaast ou Gaston, ce bienheureux \u00e9v\u00eaque en faveur des enfants qui tardent trop \u00e0 marcher et contre l\u2019insensibilit\u00e9 des extr\u00e9mit\u00e9s. Durant sa vie et apr\u00e8s sa mort \u00e0 son tombeau eurent lieu d\u2019\u00e9clatants miracles.<\/p>\n\n\n\n<p><strong>INVOCATION<br><\/strong>Divin J\u00e9sus qui \u00eates notre sauveur, souvenez-vous des b\u00e9n\u00e9dictions que vous donniez avec abondance aux petits enfants qui vous \u00e9taient pr\u00e9sent\u00e9s; daignez, nous vous en supplions, par les m\u00e9rites de saint Waast, accorder \u00e0 cet enfant la gr\u00e2ce de marcher pour la gloire du nom de J\u00e9sus-Christ et pour son salut \u00e9ternel. Ainsi soit-il.<br><strong>Saint Waast, priez et interc\u00e9dez pour les petits enfants que nous vous recommandons.<\/strong><\/p>\n","protected":false},"excerpt":{"rendered":"<p>Saint Vaast est repr\u00e9sent\u00e9 ici avec sa mitre d\u2019\u00e9v\u00eaque portant son \u00e9glise, et accompagn\u00e9 par son ours familier qu\u2019il utilisait &hellip; <\/p>\n","protected":false},"author":1,"featured_media":0,"parent":0,"menu_order":0,"comment_status":"closed","ping_status":"closed","template":"","meta":{"footnotes":""},"class_list":["post-1869","page","type-page","status-publish","hentry"],"_links":{"self":[{"href":"https:\/\/vaast.armentierois.fr\/index.php?rest_route=\/wp\/v2\/pages\/1869","targetHints":{"allow":["GET"]}}],"collection":[{"href":"https:\/\/vaast.armentierois.fr\/index.php?rest_route=\/wp\/v2\/pages"}],"about":[{"href":"https:\/\/vaast.armentierois.fr\/index.php?rest_route=\/wp\/v2\/types\/page"}],"author":[{"embeddable":true,"href":"https:\/\/vaast.armentierois.fr\/index.php?rest_route=\/wp\/v2\/users\/1"}],"replies":[{"embeddable":true,"href":"https:\/\/vaast.armentierois.fr\/index.php?rest_route=%2Fwp%2Fv2%2Fcomments&post=1869"}],"version-history":[{"count":3,"href":"https:\/\/vaast.armentierois.fr\/index.php?rest_route=\/wp\/v2\/pages\/1869\/revisions"}],"predecessor-version":[{"id":2202,"href":"https:\/\/vaast.armentierois.fr\/index.php?rest_route=\/wp\/v2\/pages\/1869\/revisions\/2202"}],"wp:attachment":[{"href":"https:\/\/vaast.armentierois.fr\/index.php?rest_route=%2Fwp%2Fv2%2Fmedia&parent=1869"}],"curies":[{"name":"wp","href":"https:\/\/api.w.org\/{rel}","templated":true}]}}

<p>Saint Vaast est représenté ici avec sa mitre d’évêque portant son église, et accompagné par son ours familier qu’il utilisait comme chien de garde. Les animaux tiennent une grande place pour lui dans la légende. On dit qu’il a ressuscité une oie dévorée par un loup. On priait Saint Vaast pour les enfants qui avaient du mal à marcher.</p>



<figure class="wp-block-image size-large"><img loading="lazy" decoding="async" width="640" height="853" src="https://i0.wp.com/vaast.armentierois.fr/wp-content/uploads/2023/09/5a25f88b-30da-4bbf-b68b-3b7fe7803db4-5624-0000033d450c9198_file.jpg?resize=640%2C853&#038;ssl=1" alt="" class="wp-image-1868" srcset="https://i0.wp.com/vaast.armentierois.fr/wp-content/uploads/2023/09/5a25f88b-30da-4bbf-b68b-3b7fe7803db4-5624-0000033d450c9198_file-scaled.jpg?resize=768%2C1024&amp;ssl=1 768w, https://i0.wp.com/vaast.armentierois.fr/wp-content/uploads/2023/09/5a25f88b-30da-4bbf-b68b-3b7fe7803db4-5624-0000033d450c9198_file-scaled.jpg?resize=225%2C300&amp;ssl=1 225w, https://i0.wp.com/vaast.armentierois.fr/wp-content/uploads/2023/09/5a25f88b-30da-4bbf-b68b-3b7fe7803db4-5624-0000033d450c9198_file-scaled.jpg?resize=1152%2C1536&amp;ssl=1 1152w, https://i0.wp.com/vaast.armentierois.fr/wp-content/uploads/2023/09/5a25f88b-30da-4bbf-b68b-3b7fe7803db4-5624-0000033d450c9198_file-scaled.jpg?resize=1536%2C2048&amp;ssl=1 1536w, https://i0.wp.com/vaast.armentierois.fr/wp-content/uploads/2023/09/5a25f88b-30da-4bbf-b68b-3b7fe7803db4-5624-0000033d450c9198_file-scaled.jpg?w=1920&amp;ssl=1 1920w, https://i0.wp.com/vaast.armentierois.fr/wp-content/uploads/2023/09/5a25f88b-30da-4bbf-b68b-3b7fe7803db4-5624-0000033d450c9198_file-scaled.jpg?w=1280&amp;ssl=1 1280w" sizes="auto, (max-width: 640px) 100vw, 640px" data-recalc-dims="1" /><figcaption class="wp-element-caption">Saint Vaast, patron de l’église </figcaption></figure>



<p><strong>Saint Vaast </strong>: Né vers 460, il fut le premier évêque et patron d’Arras.</p>



<p>Nous ne connaissons rien des origines de Vaast: sans doute est-il né dans une famille noble gallo-romaine. Il se sent appelé à devenir moine-ermite. Il vit retiré dans la région de Toul. Mais il vient en aide aux malades qui le sollicitent. Il apprend aussi à lire. C&#8217;est ainsi qu&#8217;il se retrouve appelé à une vie publique. Quand Clovis passe à Toul pour se rendre à Reims, on l&#8217;invite à rencontrer Vaast. C&#8217;est ainsi qu&#8217;il donne les premiers enseignements sur la foi chrétienne, avant Rémi. La guérison d&#8217;un&nbsp;aveugle, sur la route de Reims est peut-être une manière de parler de l&#8217;ouverture de Clovis à la foi chrétienne. C&#8217;était après la victoire de Tolbiac, où Clovis avait fait vœu de se convertir au Dieu de Clotilde son épouse, s&#8217;il gagnait la bataille.</p>



<p>A Reims, Rémi confie l&#8217;éducation chrétienne de Clovis à Vaast. Éducateur de la foi et conseiller du pouvoir se font ensemble. Bientôt Vaast est consacré évêque et envoyé plus au Nord du Royaume: à Cambrai et Arras. Arras est un pays mal géré, pillé et ravagé par les barbares. L&#8217;histoire pieuse rapporte que Vaast entrant dans les ruines d&#8217;une église se trouve face à un ours. Vaast le fait reculer et retourner dans la forêt. C&#8217;est une manière pour le biographe religieux de dire que le paganisme recule en présence du nouvel évêque. Vaast guérit aveugles et boiteux. Il apporte l&#8217;espérance chrétienne à toute une population broyée dans la misère. Elle devient capable de voir la vérité et de marcher dans la foi. Il fait rebâtir églises, maisons et granges. L&#8217;église d&#8217;Arras sera mise sous le vocable de Marie. Vaast cherche des bâtisseurs et des collaborateurs. Évêque il les ordonne prêtres pour aller dans les campagnes baptiser, prier et enseigner.  Mais à peine partis ailleurs, le peuple retourne au paganisme. En quarante ans de présence Vaast évangélise son diocèse. Il devient le patron de l&#8217;Église qui est à Arras. </p>



<p>On invoque,&nbsp;Saint Waast Vaast ou Gaston, ce bienheureux évêque en faveur des enfants qui tardent trop à marcher et contre l’insensibilité des extrémités. Durant sa vie et après sa mort à son tombeau eurent lieu d’éclatants miracles.</p>



<p><strong>INVOCATION<br></strong>Divin Jésus qui êtes notre sauveur, souvenez-vous des bénédictions que vous donniez avec abondance aux petits enfants qui vous étaient présentés; daignez, nous vous en supplions, par les mérites de saint Waast, accorder à cet enfant la grâce de marcher pour la gloire du nom de Jésus-Christ et pour son salut éternel. Ainsi soit-il.<br><strong>Saint Waast, priez et intercédez pour les petits enfants que nous vous recommandons.</strong></p>

<p>Saint Vaast est représenté ici avec sa mitre d’évêque portant son église, et accompagné par son ours familier qu’il utilisait &hellip; </p>
