{"id":191,"date":"2023-07-16T18:11:02","date_gmt":"2023-07-16T16:11:02","guid":{"rendered":"http:\/\/www.nds.armentierois.fr\/?page_id=191"},"modified":"2023-09-14T10:04:06","modified_gmt":"2023-09-14T08:04:06","slug":"saint-esprit","status":"publish","type":"page","link":"https:\/\/vaast.armentierois.fr\/?page_id=191","title":{"rendered":"Saint-Esprit"},"content":{"rendered":"\n<figure class=\"wp-block-image size-large\"><img loading=\"lazy\" decoding=\"async\" width=\"640\" height=\"853\" src=\"https:\/\/i0.wp.com\/vaast.armentierois.fr\/wp-content\/uploads\/2023\/09\/1393a9ea-a3cd-4e87-9192-c8e13a2d2551-713-000000befa120dc2_file.jpg?resize=640%2C853&#038;ssl=1\" alt=\"\" class=\"wp-image-2040\" srcset=\"https:\/\/i0.wp.com\/vaast.armentierois.fr\/wp-content\/uploads\/2023\/09\/1393a9ea-a3cd-4e87-9192-c8e13a2d2551-713-000000befa120dc2_file-scaled.jpg?resize=768%2C1024&amp;ssl=1 768w, https:\/\/i0.wp.com\/vaast.armentierois.fr\/wp-content\/uploads\/2023\/09\/1393a9ea-a3cd-4e87-9192-c8e13a2d2551-713-000000befa120dc2_file-scaled.jpg?resize=225%2C300&amp;ssl=1 225w, https:\/\/i0.wp.com\/vaast.armentierois.fr\/wp-content\/uploads\/2023\/09\/1393a9ea-a3cd-4e87-9192-c8e13a2d2551-713-000000befa120dc2_file-scaled.jpg?resize=1152%2C1536&amp;ssl=1 1152w, https:\/\/i0.wp.com\/vaast.armentierois.fr\/wp-content\/uploads\/2023\/09\/1393a9ea-a3cd-4e87-9192-c8e13a2d2551-713-000000befa120dc2_file-scaled.jpg?resize=1536%2C2048&amp;ssl=1 1536w, https:\/\/i0.wp.com\/vaast.armentierois.fr\/wp-content\/uploads\/2023\/09\/1393a9ea-a3cd-4e87-9192-c8e13a2d2551-713-000000befa120dc2_file-scaled.jpg?w=1920&amp;ssl=1 1920w, https:\/\/i0.wp.com\/vaast.armentierois.fr\/wp-content\/uploads\/2023\/09\/1393a9ea-a3cd-4e87-9192-c8e13a2d2551-713-000000befa120dc2_file-scaled.jpg?w=1280&amp;ssl=1 1280w\" sizes=\"auto, (max-width: 640px) 100vw, 640px\" data-recalc-dims=\"1\" \/><figcaption class=\"wp-element-caption\">L\u2019Esprit-Saint guide la vie de l\u2019\u00e9glise <\/figcaption><\/figure>\n\n\n\n<figure class=\"wp-block-image size-large\"><img loading=\"lazy\" decoding=\"async\" width=\"640\" height=\"853\" src=\"https:\/\/i0.wp.com\/vaast.armentierois.fr\/wp-content\/uploads\/2023\/09\/cb6bf697-892a-44cf-8c05-07bd432cea2a-713-000000bf9becccc2_file.jpg?resize=640%2C853&#038;ssl=1\" alt=\"\" class=\"wp-image-2042\" srcset=\"https:\/\/i0.wp.com\/vaast.armentierois.fr\/wp-content\/uploads\/2023\/09\/cb6bf697-892a-44cf-8c05-07bd432cea2a-713-000000bf9becccc2_file-scaled.jpg?resize=768%2C1024&amp;ssl=1 768w, https:\/\/i0.wp.com\/vaast.armentierois.fr\/wp-content\/uploads\/2023\/09\/cb6bf697-892a-44cf-8c05-07bd432cea2a-713-000000bf9becccc2_file-scaled.jpg?resize=225%2C300&amp;ssl=1 225w, https:\/\/i0.wp.com\/vaast.armentierois.fr\/wp-content\/uploads\/2023\/09\/cb6bf697-892a-44cf-8c05-07bd432cea2a-713-000000bf9becccc2_file-scaled.jpg?resize=1152%2C1536&amp;ssl=1 1152w, https:\/\/i0.wp.com\/vaast.armentierois.fr\/wp-content\/uploads\/2023\/09\/cb6bf697-892a-44cf-8c05-07bd432cea2a-713-000000bf9becccc2_file-scaled.jpg?resize=1536%2C2048&amp;ssl=1 1536w, https:\/\/i0.wp.com\/vaast.armentierois.fr\/wp-content\/uploads\/2023\/09\/cb6bf697-892a-44cf-8c05-07bd432cea2a-713-000000bf9becccc2_file-scaled.jpg?w=1920&amp;ssl=1 1920w, https:\/\/i0.wp.com\/vaast.armentierois.fr\/wp-content\/uploads\/2023\/09\/cb6bf697-892a-44cf-8c05-07bd432cea2a-713-000000bf9becccc2_file-scaled.jpg?w=1280&amp;ssl=1 1280w\" sizes=\"auto, (max-width: 640px) 100vw, 640px\" data-recalc-dims=\"1\" \/><figcaption class=\"wp-element-caption\">Vue d\u2019ensemble <\/figcaption><\/figure>\n\n\n\n<p>Sous la croix du pignon du porche figure une repr\u00e9sentation de l&#8217;Esprit-Saint avec une colombe qui descend sur ceux qui veulent entrer dans l&#8217;\u00e9glise. C&#8217;est l&#8217;Esprit-Saint qui nous a souffl\u00e9 de venir en ce lieu b\u00e9ni, c&#8217;est l&#8217;Esprit-Saint qui nous a pouss\u00e9 \u00e0 venir rencontrer J\u00e9sus, c&#8217;est l&#8217;Esprit-Saint qui conduit la vie de l&#8217;Eglise.<\/p>\n\n\n\n<p>L&#8217;Esprit-Saint est la troisi\u00e8me personne de la Trinit\u00e9, le Christ annonce dans l\u2019\u00e9vangile le don de l\u2019Esprit : expression de l\u2019amour du P\u00e8re et du Fils. Dans la tradition spirituelle, l\u2019Esprit Saint est source de libert\u00e9 et d\u2019intelligence de la foi. Les paroles de Dieu sont Esprit et vie et c\u2019est pourquoi elles ne peuvent se transmettre et s\u2019accueillir que \u00ab&nbsp;dans l\u2019Esprit&nbsp;\u00bb. L\u2019Esprit Saint nous fait entrer, vivre, communier \u00e0 l\u2019Amour m\u00eame de Dieu.<\/p>\n","protected":false},"excerpt":{"rendered":"<p>Sous la croix du pignon du porche figure une repr\u00e9sentation de l&#8217;Esprit-Saint avec une colombe qui descend sur ceux qui &hellip; <\/p>\n","protected":false},"author":1,"featured_media":2040,"parent":0,"menu_order":0,"comment_status":"closed","ping_status":"closed","template":"","meta":{"footnotes":""},"class_list":["post-191","page","type-page","status-publish","has-post-thumbnail","hentry"],"_links":{"self":[{"href":"https:\/\/vaast.armentierois.fr\/index.php?rest_route=\/wp\/v2\/pages\/191","targetHints":{"allow":["GET"]}}],"collection":[{"href":"https:\/\/vaast.armentierois.fr\/index.php?rest_route=\/wp\/v2\/pages"}],"about":[{"href":"https:\/\/vaast.armentierois.fr\/index.php?rest_route=\/wp\/v2\/types\/page"}],"author":[{"embeddable":true,"href":"https:\/\/vaast.armentierois.fr\/index.php?rest_route=\/wp\/v2\/users\/1"}],"replies":[{"embeddable":true,"href":"https:\/\/vaast.armentierois.fr\/index.php?rest_route=%2Fwp%2Fv2%2Fcomments&post=191"}],"version-history":[{"count":3,"href":"https:\/\/vaast.armentierois.fr\/index.php?rest_route=\/wp\/v2\/pages\/191\/revisions"}],"predecessor-version":[{"id":2044,"href":"https:\/\/vaast.armentierois.fr\/index.php?rest_route=\/wp\/v2\/pages\/191\/revisions\/2044"}],"wp:featuredmedia":[{"embeddable":true,"href":"https:\/\/vaast.armentierois.fr\/index.php?rest_route=\/wp\/v2\/media\/2040"}],"wp:attachment":[{"href":"https:\/\/vaast.armentierois.fr\/index.php?rest_route=%2Fwp%2Fv2%2Fmedia&parent=191"}],"curies":[{"name":"wp","href":"https:\/\/api.w.org\/{rel}","templated":true}]}}

<figure class="wp-block-image size-large"><img loading="lazy" decoding="async" width="640" height="853" src="https://i0.wp.com/vaast.armentierois.fr/wp-content/uploads/2023/09/1393a9ea-a3cd-4e87-9192-c8e13a2d2551-713-000000befa120dc2_file.jpg?resize=640%2C853&#038;ssl=1" alt="" class="wp-image-2040" srcset="https://i0.wp.com/vaast.armentierois.fr/wp-content/uploads/2023/09/1393a9ea-a3cd-4e87-9192-c8e13a2d2551-713-000000befa120dc2_file-scaled.jpg?resize=768%2C1024&amp;ssl=1 768w, https://i0.wp.com/vaast.armentierois.fr/wp-content/uploads/2023/09/1393a9ea-a3cd-4e87-9192-c8e13a2d2551-713-000000befa120dc2_file-scaled.jpg?resize=225%2C300&amp;ssl=1 225w, https://i0.wp.com/vaast.armentierois.fr/wp-content/uploads/2023/09/1393a9ea-a3cd-4e87-9192-c8e13a2d2551-713-000000befa120dc2_file-scaled.jpg?resize=1152%2C1536&amp;ssl=1 1152w, https://i0.wp.com/vaast.armentierois.fr/wp-content/uploads/2023/09/1393a9ea-a3cd-4e87-9192-c8e13a2d2551-713-000000befa120dc2_file-scaled.jpg?resize=1536%2C2048&amp;ssl=1 1536w, https://i0.wp.com/vaast.armentierois.fr/wp-content/uploads/2023/09/1393a9ea-a3cd-4e87-9192-c8e13a2d2551-713-000000befa120dc2_file-scaled.jpg?w=1920&amp;ssl=1 1920w, https://i0.wp.com/vaast.armentierois.fr/wp-content/uploads/2023/09/1393a9ea-a3cd-4e87-9192-c8e13a2d2551-713-000000befa120dc2_file-scaled.jpg?w=1280&amp;ssl=1 1280w" sizes="auto, (max-width: 640px) 100vw, 640px" data-recalc-dims="1" /><figcaption class="wp-element-caption">L’Esprit-Saint guide la vie de l’église </figcaption></figure>



<figure class="wp-block-image size-large"><img loading="lazy" decoding="async" width="640" height="853" src="https://i0.wp.com/vaast.armentierois.fr/wp-content/uploads/2023/09/cb6bf697-892a-44cf-8c05-07bd432cea2a-713-000000bf9becccc2_file.jpg?resize=640%2C853&#038;ssl=1" alt="" class="wp-image-2042" srcset="https://i0.wp.com/vaast.armentierois.fr/wp-content/uploads/2023/09/cb6bf697-892a-44cf-8c05-07bd432cea2a-713-000000bf9becccc2_file-scaled.jpg?resize=768%2C1024&amp;ssl=1 768w, https://i0.wp.com/vaast.armentierois.fr/wp-content/uploads/2023/09/cb6bf697-892a-44cf-8c05-07bd432cea2a-713-000000bf9becccc2_file-scaled.jpg?resize=225%2C300&amp;ssl=1 225w, https://i0.wp.com/vaast.armentierois.fr/wp-content/uploads/2023/09/cb6bf697-892a-44cf-8c05-07bd432cea2a-713-000000bf9becccc2_file-scaled.jpg?resize=1152%2C1536&amp;ssl=1 1152w, https://i0.wp.com/vaast.armentierois.fr/wp-content/uploads/2023/09/cb6bf697-892a-44cf-8c05-07bd432cea2a-713-000000bf9becccc2_file-scaled.jpg?resize=1536%2C2048&amp;ssl=1 1536w, https://i0.wp.com/vaast.armentierois.fr/wp-content/uploads/2023/09/cb6bf697-892a-44cf-8c05-07bd432cea2a-713-000000bf9becccc2_file-scaled.jpg?w=1920&amp;ssl=1 1920w, https://i0.wp.com/vaast.armentierois.fr/wp-content/uploads/2023/09/cb6bf697-892a-44cf-8c05-07bd432cea2a-713-000000bf9becccc2_file-scaled.jpg?w=1280&amp;ssl=1 1280w" sizes="auto, (max-width: 640px) 100vw, 640px" data-recalc-dims="1" /><figcaption class="wp-element-caption">Vue d’ensemble </figcaption></figure>



<p>Sous la croix du pignon du porche figure une représentation de l&#8217;Esprit-Saint avec une colombe qui descend sur ceux qui veulent entrer dans l&#8217;église. C&#8217;est l&#8217;Esprit-Saint qui nous a soufflé de venir en ce lieu béni, c&#8217;est l&#8217;Esprit-Saint qui nous a poussé à venir rencontrer Jésus, c&#8217;est l&#8217;Esprit-Saint qui conduit la vie de l&#8217;Eglise.</p>



<p>L&#8217;Esprit-Saint est la troisième personne de la Trinité, le Christ annonce dans l’évangile le don de l’Esprit : expression de l’amour du Père et du Fils. Dans la tradition spirituelle, l’Esprit Saint est source de liberté et d’intelligence de la foi. Les paroles de Dieu sont Esprit et vie et c’est pourquoi elles ne peuvent se transmettre et s’accueillir que «&nbsp;dans l’Esprit&nbsp;». L’Esprit Saint nous fait entrer, vivre, communier à l’Amour même de Dieu.</p>

<p>Sous la croix du pignon du porche figure une représentation de l&#8217;Esprit-Saint avec une colombe qui descend sur ceux qui &hellip; </p>
