{"id":1941,"date":"2023-09-13T19:53:56","date_gmt":"2023-09-13T17:53:56","guid":{"rendered":"https:\/\/vaast.armentierois.fr\/?page_id=1941"},"modified":"2023-09-16T17:52:15","modified_gmt":"2023-09-16T15:52:15","slug":"jeanne-darc","status":"publish","type":"page","link":"https:\/\/vaast.armentierois.fr\/?page_id=1941","title":{"rendered":"Jeanne d\u2019arc"},"content":{"rendered":"\n<figure class=\"wp-block-image size-large\"><img loading=\"lazy\" decoding=\"async\" width=\"640\" height=\"853\" src=\"https:\/\/i0.wp.com\/vaast.armentierois.fr\/wp-content\/uploads\/2023\/09\/5838c59d-b370-40f1-a331-9b5566ba8a39-5624-000003497f980fea_file.jpg?resize=640%2C853&#038;ssl=1\" alt=\"\" class=\"wp-image-1940\" srcset=\"https:\/\/i0.wp.com\/vaast.armentierois.fr\/wp-content\/uploads\/2023\/09\/5838c59d-b370-40f1-a331-9b5566ba8a39-5624-000003497f980fea_file-scaled.jpg?resize=768%2C1024&amp;ssl=1 768w, https:\/\/i0.wp.com\/vaast.armentierois.fr\/wp-content\/uploads\/2023\/09\/5838c59d-b370-40f1-a331-9b5566ba8a39-5624-000003497f980fea_file-scaled.jpg?resize=225%2C300&amp;ssl=1 225w, https:\/\/i0.wp.com\/vaast.armentierois.fr\/wp-content\/uploads\/2023\/09\/5838c59d-b370-40f1-a331-9b5566ba8a39-5624-000003497f980fea_file-scaled.jpg?resize=1152%2C1536&amp;ssl=1 1152w, https:\/\/i0.wp.com\/vaast.armentierois.fr\/wp-content\/uploads\/2023\/09\/5838c59d-b370-40f1-a331-9b5566ba8a39-5624-000003497f980fea_file-scaled.jpg?resize=1536%2C2048&amp;ssl=1 1536w, https:\/\/i0.wp.com\/vaast.armentierois.fr\/wp-content\/uploads\/2023\/09\/5838c59d-b370-40f1-a331-9b5566ba8a39-5624-000003497f980fea_file-scaled.jpg?w=1920&amp;ssl=1 1920w, https:\/\/i0.wp.com\/vaast.armentierois.fr\/wp-content\/uploads\/2023\/09\/5838c59d-b370-40f1-a331-9b5566ba8a39-5624-000003497f980fea_file-scaled.jpg?w=1280&amp;ssl=1 1280w\" sizes=\"auto, (max-width: 640px) 100vw, 640px\" data-recalc-dims=\"1\" \/><\/figure>\n\n\n\n<p>\u00ab&nbsp;Beaucoup de jeunes saints ont fait resplendir les traits de l\u2019\u00e2ge juv\u00e9nile dans toute leur beaut\u00e9 et ont \u00e9t\u00e9, \u00e0 leur \u00e9poque, de v\u00e9ritables proph\u00e8tes du changement ; leurs exemples nous montrent de quoi sont capables les jeunes quand ils s\u2019ouvrent \u00e0 la rencontre avec le Christ&nbsp;\u00bb, a \u00e9crit le pape Fran\u00e7ois dans son exhortation apostolique&nbsp;<em>Christus vivit<\/em>.<\/p>\n\n\n\n<p>\u00ab&nbsp;<em>Sainte Jeanne est une des figures caract\u00e9ristiques de ces \u2018femmes fortes\u2019 qui \u2018\u00e0 la fin du Moyen Age, port\u00e8rent sans peur la grande lumi\u00e8re de l\u2019\u00c9vangile dans les \u00e9v\u00e8nements complexes de l\u2019Histoire\u2019 \u2026 Sainte Jeanne d\u2019Arc nous apprend que lorsque le pays est marqu\u00e9 par la division et par le d\u00e9couragement et la r\u00e9signation, la foi qui puise \u00e0 la Sagesse divine offre au chr\u00e9tien la capacit\u00e9 de trouver les moyens extraordinaires d\u2019intelligence et de force, pour offrir des raisons d\u2019une nouvelle esp\u00e9rance pour la soci\u00e9t\u00e9\u2026<\/em>\u00ab&nbsp;<\/p>\n\n\n\n<p>Benoit XVI<\/p>\n\n\n\n<p>Jeanne \u00e9tait berg\u00e8re en bord de Meuse, le Ciel en fait, \u00e0 17 ans, le capitaine des arm\u00e9es fran\u00e7aises. Elle n\u2019avait jamais quitt\u00e9 Domr\u00e9my, Dieu l\u2019envoie trouver le Roi de France pour lui redonner espoir. Elle priait humblement dans l\u2019\u00e9glise du village, elle part faire le si\u00e8ge d\u2019Orl\u00e9ans, l\u2019\u00e9p\u00e9e en main\u2026 Elle ne savait ni a ni b, mais sa franchise tint en \u00e9chec les t\u00eates th\u00e9ologiques du moment, r\u00e9unies pour la confondre et les Minutes de son proc\u00e8s font toujours l\u2019admiration du monde ! Elle, qui aurait pu fuir le martyre annonc\u00e9, en repoussa la tentation malgr\u00e9 sa peur : avec courage elle monta sur le bucher de Rouen, un seul nom aux l\u00e8vres : J\u00e9sus !<\/p>\n\n\n\n<p>Le message de sainte Jeanne d\u2019Arc est un message de courage, de foi et de patriotisme. Elle a entendu des voix c\u00e9lestes qui l\u2019ont appel\u00e9e \u00e0 lib\u00e9rer la France de l\u2019occupation anglaise et \u00e0 faire sacrer le roi Charles VII \u00e0 Reims. Elle a combattu avec vaillance et a \u00e9t\u00e9 br\u00fbl\u00e9e vive sur le b\u00fbcher \u00e0 Rouen.&nbsp;Elle a \u00e9t\u00e9 canonis\u00e9e en 1920 et est la patronne secondaire de la France.<\/p>\n","protected":false},"excerpt":{"rendered":"<p>\u00ab&nbsp;Beaucoup de jeunes saints ont fait resplendir les traits de l\u2019\u00e2ge juv\u00e9nile dans toute leur beaut\u00e9 et ont \u00e9t\u00e9, \u00e0 &hellip; <\/p>\n","protected":false},"author":1,"featured_media":0,"parent":0,"menu_order":0,"comment_status":"closed","ping_status":"closed","template":"","meta":{"footnotes":""},"class_list":["post-1941","page","type-page","status-publish","hentry"],"_links":{"self":[{"href":"https:\/\/vaast.armentierois.fr\/index.php?rest_route=\/wp\/v2\/pages\/1941","targetHints":{"allow":["GET"]}}],"collection":[{"href":"https:\/\/vaast.armentierois.fr\/index.php?rest_route=\/wp\/v2\/pages"}],"about":[{"href":"https:\/\/vaast.armentierois.fr\/index.php?rest_route=\/wp\/v2\/types\/page"}],"author":[{"embeddable":true,"href":"https:\/\/vaast.armentierois.fr\/index.php?rest_route=\/wp\/v2\/users\/1"}],"replies":[{"embeddable":true,"href":"https:\/\/vaast.armentierois.fr\/index.php?rest_route=%2Fwp%2Fv2%2Fcomments&post=1941"}],"version-history":[{"count":1,"href":"https:\/\/vaast.armentierois.fr\/index.php?rest_route=\/wp\/v2\/pages\/1941\/revisions"}],"predecessor-version":[{"id":2234,"href":"https:\/\/vaast.armentierois.fr\/index.php?rest_route=\/wp\/v2\/pages\/1941\/revisions\/2234"}],"wp:attachment":[{"href":"https:\/\/vaast.armentierois.fr\/index.php?rest_route=%2Fwp%2Fv2%2Fmedia&parent=1941"}],"curies":[{"name":"wp","href":"https:\/\/api.w.org\/{rel}","templated":true}]}}

<figure class="wp-block-image size-large"><img loading="lazy" decoding="async" width="640" height="853" src="https://i0.wp.com/vaast.armentierois.fr/wp-content/uploads/2023/09/5838c59d-b370-40f1-a331-9b5566ba8a39-5624-000003497f980fea_file.jpg?resize=640%2C853&#038;ssl=1" alt="" class="wp-image-1940" srcset="https://i0.wp.com/vaast.armentierois.fr/wp-content/uploads/2023/09/5838c59d-b370-40f1-a331-9b5566ba8a39-5624-000003497f980fea_file-scaled.jpg?resize=768%2C1024&amp;ssl=1 768w, https://i0.wp.com/vaast.armentierois.fr/wp-content/uploads/2023/09/5838c59d-b370-40f1-a331-9b5566ba8a39-5624-000003497f980fea_file-scaled.jpg?resize=225%2C300&amp;ssl=1 225w, https://i0.wp.com/vaast.armentierois.fr/wp-content/uploads/2023/09/5838c59d-b370-40f1-a331-9b5566ba8a39-5624-000003497f980fea_file-scaled.jpg?resize=1152%2C1536&amp;ssl=1 1152w, https://i0.wp.com/vaast.armentierois.fr/wp-content/uploads/2023/09/5838c59d-b370-40f1-a331-9b5566ba8a39-5624-000003497f980fea_file-scaled.jpg?resize=1536%2C2048&amp;ssl=1 1536w, https://i0.wp.com/vaast.armentierois.fr/wp-content/uploads/2023/09/5838c59d-b370-40f1-a331-9b5566ba8a39-5624-000003497f980fea_file-scaled.jpg?w=1920&amp;ssl=1 1920w, https://i0.wp.com/vaast.armentierois.fr/wp-content/uploads/2023/09/5838c59d-b370-40f1-a331-9b5566ba8a39-5624-000003497f980fea_file-scaled.jpg?w=1280&amp;ssl=1 1280w" sizes="auto, (max-width: 640px) 100vw, 640px" data-recalc-dims="1" /></figure>



<p>«&nbsp;Beaucoup de jeunes saints ont fait resplendir les traits de l’âge juvénile dans toute leur beauté et ont été, à leur époque, de véritables prophètes du changement ; leurs exemples nous montrent de quoi sont capables les jeunes quand ils s’ouvrent à la rencontre avec le Christ&nbsp;», a écrit le pape François dans son exhortation apostolique&nbsp;<em>Christus vivit</em>.</p>



<p>«&nbsp;<em>Sainte Jeanne est une des figures caractéristiques de ces ‘femmes fortes’ qui ‘à la fin du Moyen Age, portèrent sans peur la grande lumière de l’Évangile dans les évènements complexes de l’Histoire’ … Sainte Jeanne d’Arc nous apprend que lorsque le pays est marqué par la division et par le découragement et la résignation, la foi qui puise à la Sagesse divine offre au chrétien la capacité de trouver les moyens extraordinaires d’intelligence et de force, pour offrir des raisons d’une nouvelle espérance pour la société…</em>«&nbsp;</p>



<p>Benoit XVI</p>



<p>Jeanne était bergère en bord de Meuse, le Ciel en fait, à 17 ans, le capitaine des armées françaises. Elle n’avait jamais quitté Domrémy, Dieu l’envoie trouver le Roi de France pour lui redonner espoir. Elle priait humblement dans l’église du village, elle part faire le siège d’Orléans, l’épée en main… Elle ne savait ni a ni b, mais sa franchise tint en échec les têtes théologiques du moment, réunies pour la confondre et les Minutes de son procès font toujours l’admiration du monde ! Elle, qui aurait pu fuir le martyre annoncé, en repoussa la tentation malgré sa peur : avec courage elle monta sur le bucher de Rouen, un seul nom aux lèvres : Jésus !</p>



<p>Le message de sainte Jeanne d’Arc est un message de courage, de foi et de patriotisme. Elle a entendu des voix célestes qui l’ont appelée à libérer la France de l’occupation anglaise et à faire sacrer le roi Charles VII à Reims. Elle a combattu avec vaillance et a été brûlée vive sur le bûcher à Rouen.&nbsp;Elle a été canonisée en 1920 et est la patronne secondaire de la France.</p>

<p>«&nbsp;Beaucoup de jeunes saints ont fait resplendir les traits de l’âge juvénile dans toute leur beauté et ont été, à &hellip; </p>
