{"id":1978,"date":"2023-09-13T20:08:26","date_gmt":"2023-09-13T18:08:26","guid":{"rendered":"https:\/\/vaast.armentierois.fr\/?page_id=1978"},"modified":"2023-09-17T07:24:59","modified_gmt":"2023-09-17T05:24:59","slug":"ghislain","status":"publish","type":"page","link":"https:\/\/vaast.armentierois.fr\/?page_id=1978","title":{"rendered":"Ghislain"},"content":{"rendered":"\n<p>Saint Ghislain est un saint de la r\u00e9gion.<\/p>\n\n\n\n<p><em>Saint Ghislain de Mons (\u2020 681), ou Saint Ghislain, en latin Gislenus, \u00e9tait moine dans le Hainaut. En Belgique, pr\u00e8s de Mons, l&#8217;agglom\u00e9ration qui se d\u00e9veloppa aupr\u00e8s de son abbaye prit le nom de Saint-Ghislain. Saint Ghislain est le saint patron des femmes enceintes et de la petite enfance&#8230;<\/em> (Martyrologe Romain)<\/p>\n\n\n\n<figure class=\"wp-block-image size-large\"><img loading=\"lazy\" decoding=\"async\" width=\"640\" height=\"853\" src=\"https:\/\/i0.wp.com\/vaast.armentierois.fr\/wp-content\/uploads\/2023\/09\/32094399-b0c1-4584-8228-16068b9af07f-713-000000c6f204c01a_file.jpg?resize=640%2C853&#038;ssl=1\" alt=\"\" class=\"wp-image-2070\" srcset=\"https:\/\/i0.wp.com\/vaast.armentierois.fr\/wp-content\/uploads\/2023\/09\/32094399-b0c1-4584-8228-16068b9af07f-713-000000c6f204c01a_file-scaled.jpg?resize=768%2C1024&amp;ssl=1 768w, https:\/\/i0.wp.com\/vaast.armentierois.fr\/wp-content\/uploads\/2023\/09\/32094399-b0c1-4584-8228-16068b9af07f-713-000000c6f204c01a_file-scaled.jpg?resize=225%2C300&amp;ssl=1 225w, https:\/\/i0.wp.com\/vaast.armentierois.fr\/wp-content\/uploads\/2023\/09\/32094399-b0c1-4584-8228-16068b9af07f-713-000000c6f204c01a_file-scaled.jpg?resize=1152%2C1536&amp;ssl=1 1152w, https:\/\/i0.wp.com\/vaast.armentierois.fr\/wp-content\/uploads\/2023\/09\/32094399-b0c1-4584-8228-16068b9af07f-713-000000c6f204c01a_file-scaled.jpg?resize=1536%2C2048&amp;ssl=1 1536w, https:\/\/i0.wp.com\/vaast.armentierois.fr\/wp-content\/uploads\/2023\/09\/32094399-b0c1-4584-8228-16068b9af07f-713-000000c6f204c01a_file-scaled.jpg?w=1920&amp;ssl=1 1920w, https:\/\/i0.wp.com\/vaast.armentierois.fr\/wp-content\/uploads\/2023\/09\/32094399-b0c1-4584-8228-16068b9af07f-713-000000c6f204c01a_file-scaled.jpg?w=1280&amp;ssl=1 1280w\" sizes=\"auto, (max-width: 640px) 100vw, 640px\" data-recalc-dims=\"1\" \/><\/figure>\n\n\n\n<p>Solitaire dans le Hainaut,\u00a0il vit son petit monast\u00e8re attirer de nombreux disciples qui d\u00e9frich\u00e8rent la terre en \u00e9vang\u00e9lisant la r\u00e9gion. Gr\u00e2ce \u00e0\u00a0saint Ablebert, \u00e9v\u00eaque de Cambrai, il put agrandir son domaine pour y accueillir les moines qui venaient de plus en plus nombreux se mettre sous sa direction spirituelle.<br>Sur son abbaye s&#8217;\u00e9l\u00e8vera la ville qui porte son nom.<br><em>Saint Ghislain, moine \u00e9vang\u00e9lisateur *<br>De la m\u00eame \u00e9poque que le moine ermite\u00a0saint Dodon, r\u00e9sidant au Moustier, saint Ghislain, moine puis \u00e9v\u00eaque d\u2019Ath\u00e8nes, \u00e9tait d\u2019une famille noble.<br>Il fut appel\u00e9 pour \u00e9vang\u00e9liser le nord de la Gaule. Il fonde une abbaye au lieu du village actuel de Saint-Ghislain pr\u00e8s de Mons. Il eut une grande influence sur des familles nobles.<br>Dans notre dioc\u00e8se le village de Flaumont-Waudrechies, village typique de l\u2019avesnois aux alentours d\u2019Avesnes-sur-Helpe, est confi\u00e9 \u00e0 st Ghislain. Ce sera pour nous une occasion de mieux conna\u00eetre ce personnage qui\u00a0 a toujours beaucoup aim\u00e9 les enfants, ce que les familles lui reconnaissent tr\u00e8s largement en l\u2019invoquant pour gu\u00e9rir et prot\u00e9ger les petits enfants.<br>*Extrait du livret \u00abChemins des Hommes, Chemin de Dieu\u00bb. (dioc\u00e8se de Cambrai)<\/em><\/p>\n\n\n\n<p>On invoque aussi Saint Ghislain contre les convulsions des enfants.<br>Saint Ghislain, qui fut \u00e9v\u00eaque dans le Hainaut (Belgique) attira \u00e0 lui tant de jeunes gens d\u00e9sireux de se d\u00e9vouer \u00e0 Dieu qu\u2019il y fonda un monast\u00e8re. Il fit plusieurs miracles de son vivant dont celui tr\u00e8s connu, d\u2019une femme en couches qui se mourait et \u00e0 qui l\u2019application de la ceinture du saint rendit instantan\u00e9ment vie et sant\u00e9. Les provinces du Nord et de Belgique gardent toujours une d\u00e9votion particuli\u00e8re \u00e0 ce grand saint.<\/p>\n\n\n\n<p><strong>INVOCATION<br><\/strong>\u00d4 Dieu, infiniment bon, qui nous suscitez dans toutes nos peines de puissants intercesseurs aupr\u00e8s de vous afin que nous reconnaissions sans cesse, que tous les biens et toutes les joies viennent de vous, daignez, par l\u2019intercession de saint Ghislain, exaucer nos ferventes pri\u00e8res et nous accorder, par ses m\u00e9rites, le secours que nous vous demandons, afin que nous puissions vous aimer et vous b\u00e9nir sans cesse. Par notre Seigneur J\u00e9sus-Christ. Amen.<br><strong>Saint Ghislain, soyez-nous propice et gu\u00e9rissez-nous de toutes convulsions.<\/strong><\/p>\n\n\n\n<p><em><br><\/em><\/p>\n","protected":false},"excerpt":{"rendered":"<p>Saint Ghislain est un saint de la r\u00e9gion. Saint Ghislain de Mons (\u2020 681), ou Saint Ghislain, en latin Gislenus, &hellip; <\/p>\n","protected":false},"author":1,"featured_media":0,"parent":0,"menu_order":0,"comment_status":"closed","ping_status":"closed","template":"","meta":{"footnotes":""},"class_list":["post-1978","page","type-page","status-publish","hentry"],"_links":{"self":[{"href":"https:\/\/vaast.armentierois.fr\/index.php?rest_route=\/wp\/v2\/pages\/1978","targetHints":{"allow":["GET"]}}],"collection":[{"href":"https:\/\/vaast.armentierois.fr\/index.php?rest_route=\/wp\/v2\/pages"}],"about":[{"href":"https:\/\/vaast.armentierois.fr\/index.php?rest_route=\/wp\/v2\/types\/page"}],"author":[{"embeddable":true,"href":"https:\/\/vaast.armentierois.fr\/index.php?rest_route=\/wp\/v2\/users\/1"}],"replies":[{"embeddable":true,"href":"https:\/\/vaast.armentierois.fr\/index.php?rest_route=%2Fwp%2Fv2%2Fcomments&post=1978"}],"version-history":[{"count":4,"href":"https:\/\/vaast.armentierois.fr\/index.php?rest_route=\/wp\/v2\/pages\/1978\/revisions"}],"predecessor-version":[{"id":2238,"href":"https:\/\/vaast.armentierois.fr\/index.php?rest_route=\/wp\/v2\/pages\/1978\/revisions\/2238"}],"wp:attachment":[{"href":"https:\/\/vaast.armentierois.fr\/index.php?rest_route=%2Fwp%2Fv2%2Fmedia&parent=1978"}],"curies":[{"name":"wp","href":"https:\/\/api.w.org\/{rel}","templated":true}]}}

<p>Saint Ghislain est un saint de la région.</p>



<p><em>Saint Ghislain de Mons († 681), ou Saint Ghislain, en latin Gislenus, était moine dans le Hainaut. En Belgique, près de Mons, l&#8217;agglomération qui se développa auprès de son abbaye prit le nom de Saint-Ghislain. Saint Ghislain est le saint patron des femmes enceintes et de la petite enfance&#8230;</em> (Martyrologe Romain)</p>



<figure class="wp-block-image size-large"><img loading="lazy" decoding="async" width="640" height="853" src="https://i0.wp.com/vaast.armentierois.fr/wp-content/uploads/2023/09/32094399-b0c1-4584-8228-16068b9af07f-713-000000c6f204c01a_file.jpg?resize=640%2C853&#038;ssl=1" alt="" class="wp-image-2070" srcset="https://i0.wp.com/vaast.armentierois.fr/wp-content/uploads/2023/09/32094399-b0c1-4584-8228-16068b9af07f-713-000000c6f204c01a_file-scaled.jpg?resize=768%2C1024&amp;ssl=1 768w, https://i0.wp.com/vaast.armentierois.fr/wp-content/uploads/2023/09/32094399-b0c1-4584-8228-16068b9af07f-713-000000c6f204c01a_file-scaled.jpg?resize=225%2C300&amp;ssl=1 225w, https://i0.wp.com/vaast.armentierois.fr/wp-content/uploads/2023/09/32094399-b0c1-4584-8228-16068b9af07f-713-000000c6f204c01a_file-scaled.jpg?resize=1152%2C1536&amp;ssl=1 1152w, https://i0.wp.com/vaast.armentierois.fr/wp-content/uploads/2023/09/32094399-b0c1-4584-8228-16068b9af07f-713-000000c6f204c01a_file-scaled.jpg?resize=1536%2C2048&amp;ssl=1 1536w, https://i0.wp.com/vaast.armentierois.fr/wp-content/uploads/2023/09/32094399-b0c1-4584-8228-16068b9af07f-713-000000c6f204c01a_file-scaled.jpg?w=1920&amp;ssl=1 1920w, https://i0.wp.com/vaast.armentierois.fr/wp-content/uploads/2023/09/32094399-b0c1-4584-8228-16068b9af07f-713-000000c6f204c01a_file-scaled.jpg?w=1280&amp;ssl=1 1280w" sizes="auto, (max-width: 640px) 100vw, 640px" data-recalc-dims="1" /></figure>



<p>Solitaire dans le Hainaut, il vit son petit monastère attirer de nombreux disciples qui défrichèrent la terre en évangélisant la région. Grâce à saint Ablebert, évêque de Cambrai, il put agrandir son domaine pour y accueillir les moines qui venaient de plus en plus nombreux se mettre sous sa direction spirituelle.<br>Sur son abbaye s&#8217;élèvera la ville qui porte son nom.<br><em>Saint Ghislain, moine évangélisateur *<br>De la même époque que le moine ermite saint Dodon, résidant au Moustier, saint Ghislain, moine puis évêque d’Athènes, était d’une famille noble.<br>Il fut appelé pour évangéliser le nord de la Gaule. Il fonde une abbaye au lieu du village actuel de Saint-Ghislain près de Mons. Il eut une grande influence sur des familles nobles.<br>Dans notre diocèse le village de Flaumont-Waudrechies, village typique de l’avesnois aux alentours d’Avesnes-sur-Helpe, est confié à st Ghislain. Ce sera pour nous une occasion de mieux connaître ce personnage qui  a toujours beaucoup aimé les enfants, ce que les familles lui reconnaissent très largement en l’invoquant pour guérir et protéger les petits enfants.<br>*Extrait du livret «Chemins des Hommes, Chemin de Dieu». (diocèse de Cambrai)</em></p>



<p>On invoque aussi Saint Ghislain contre les convulsions des enfants.<br>Saint Ghislain, qui fut évêque dans le Hainaut (Belgique) attira à lui tant de jeunes gens désireux de se dévouer à Dieu qu’il y fonda un monastère. Il fit plusieurs miracles de son vivant dont celui très connu, d’une femme en couches qui se mourait et à qui l’application de la ceinture du saint rendit instantanément vie et santé. Les provinces du Nord et de Belgique gardent toujours une dévotion particulière à ce grand saint.</p>



<p><strong>INVOCATION<br></strong>Ô Dieu, infiniment bon, qui nous suscitez dans toutes nos peines de puissants intercesseurs auprès de vous afin que nous reconnaissions sans cesse, que tous les biens et toutes les joies viennent de vous, daignez, par l’intercession de saint Ghislain, exaucer nos ferventes prières et nous accorder, par ses mérites, le secours que nous vous demandons, afin que nous puissions vous aimer et vous bénir sans cesse. Par notre Seigneur Jésus-Christ. Amen.<br><strong>Saint Ghislain, soyez-nous propice et guérissez-nous de toutes convulsions.</strong></p>



<p><em><br></em></p>

<p>Saint Ghislain est un saint de la région. Saint Ghislain de Mons († 681), ou Saint Ghislain, en latin Gislenus, &hellip; </p>
