{"id":1980,"date":"2023-09-13T20:09:12","date_gmt":"2023-09-13T18:09:12","guid":{"rendered":"https:\/\/vaast.armentierois.fr\/?page_id=1980"},"modified":"2023-09-16T11:44:24","modified_gmt":"2023-09-16T09:44:24","slug":"cecile","status":"publish","type":"page","link":"https:\/\/vaast.armentierois.fr\/?page_id=1980","title":{"rendered":"C\u00e9cile"},"content":{"rendered":"\n<p>Sainte C\u00e9cile est devenue patronne des musiciens parce que \u00ab\u00a0<em>le jour de ses noces, tandis que les musiciens touchaient leurs instruments, C\u00e9cile chantait dans son c\u0153ur les louanges de Dieu\u00a0\u00bb<\/em>. Depuis toujours les musiciens ne manquaient pas de venir dans l\u2019\u00e9glise pour lui rendre hommage. Aujourd\u2019hui encore, chaque ann\u00e9e lors de la Sainte C\u00e9cile, chorale ou soci\u00e9t\u00e9 musicale (par exemple l\u2019Harmonie du Commerce) viennent soutenir la pri\u00e8re \u00e0 la messe .<\/p>\n\n\n\n<figure class=\"wp-block-image size-large\"><img loading=\"lazy\" decoding=\"async\" width=\"640\" height=\"853\" src=\"https:\/\/i0.wp.com\/vaast.armentierois.fr\/wp-content\/uploads\/2023\/09\/3050e936-1003-4e07-8e9f-7f578475684f-5624-0000034e9b422cc3_file.jpg?resize=640%2C853&#038;ssl=1\" alt=\"\" class=\"wp-image-1979\" srcset=\"https:\/\/i0.wp.com\/vaast.armentierois.fr\/wp-content\/uploads\/2023\/09\/3050e936-1003-4e07-8e9f-7f578475684f-5624-0000034e9b422cc3_file-scaled.jpg?resize=768%2C1024&amp;ssl=1 768w, https:\/\/i0.wp.com\/vaast.armentierois.fr\/wp-content\/uploads\/2023\/09\/3050e936-1003-4e07-8e9f-7f578475684f-5624-0000034e9b422cc3_file-scaled.jpg?resize=225%2C300&amp;ssl=1 225w, https:\/\/i0.wp.com\/vaast.armentierois.fr\/wp-content\/uploads\/2023\/09\/3050e936-1003-4e07-8e9f-7f578475684f-5624-0000034e9b422cc3_file-scaled.jpg?resize=1152%2C1536&amp;ssl=1 1152w, https:\/\/i0.wp.com\/vaast.armentierois.fr\/wp-content\/uploads\/2023\/09\/3050e936-1003-4e07-8e9f-7f578475684f-5624-0000034e9b422cc3_file-scaled.jpg?resize=1536%2C2048&amp;ssl=1 1536w, https:\/\/i0.wp.com\/vaast.armentierois.fr\/wp-content\/uploads\/2023\/09\/3050e936-1003-4e07-8e9f-7f578475684f-5624-0000034e9b422cc3_file-scaled.jpg?w=1920&amp;ssl=1 1920w, https:\/\/i0.wp.com\/vaast.armentierois.fr\/wp-content\/uploads\/2023\/09\/3050e936-1003-4e07-8e9f-7f578475684f-5624-0000034e9b422cc3_file-scaled.jpg?w=1280&amp;ssl=1 1280w\" sizes=\"auto, (max-width: 640px) 100vw, 640px\" data-recalc-dims=\"1\" \/><\/figure>\n\n\n\n<p>C\u00e9cile, n\u00e9e \u00e0 Rome au II\u00e8me si\u00e8cle, a grandi dans une&nbsp;riche famille pa\u00efenne. D\u00e8s son plus jeune \u00e2ge, elle est attir\u00e9e par la religion chr\u00e9tienne et&nbsp;consacre sa vie \u00e0 Dieu et \u00e0 la pri\u00e8re. Lors d\u2019une c\u00e9r\u00e9monie secr\u00e8te, la jeune femme fait officiellement&nbsp;v\u0153u&nbsp;de chastet\u00e9 et voue sa vie au Christ. C\u00e9cile est un exemple de&nbsp;saintet\u00e9, de&nbsp;courage&nbsp;et de&nbsp;d\u00e9vouement.&nbsp;Sainte patronne&nbsp;des musiciens et de la musique, elle est&nbsp;f\u00eat\u00e9e le 22 novembre.<\/p>\n\n\n\n<p>Malgr\u00e9 son d\u00e9sir de<strong>&nbsp;<\/strong>vie consacr\u00e9e \u00e0 Dieu, les parents de sainte C\u00e9cile se sont arrang\u00e9s pour la marier \u00e0 un pa\u00efen nomm\u00e9 Valeriano. Lors de leur nuit de noces,&nbsp;refusant de rompre son v\u0153u de chastet\u00e9,&nbsp;C\u00e9cile a r\u00e9v\u00e9l\u00e9 \u00e0 son mari qu\u2019elle \u00e9tait chr\u00e9tienne et l\u2019a suppli\u00e9 de se convertir. \u00c0 sa grande surprise, Valeriano accepta. Il demanda \u00e0 l\u2019\u00e9v\u00eaque de le baptiser.&nbsp;Les \u00e9poux ont ainsi v\u00e9cu une vie de d\u00e9votion \u00e0 Dieu, utilisant leur richesse pour aider les pauvres et soutenir les chr\u00e9tiens. Par leur exemple de pi\u00e9t\u00e9, ils ont \u00e9t\u00e9 \u00e0&nbsp;l\u2019origine de nombreuses conversions<strong>,<\/strong>&nbsp;notamment celle du fr\u00e8re de Valeriano, Tiburtius. Ensemble, ils ont&nbsp;\u0153uvr\u00e9 \u00e0 r\u00e9pandre l\u2019\u00e9vangile. Leur&nbsp;travail de missionnaire&nbsp;a finalement attir\u00e9 l\u2019attention des autorit\u00e9s, et du pr\u00e9fet Turcius Almachius, qui leur ont ordonn\u00e9 de<strong>&nbsp;<\/strong>renoncer \u00e0 leur foi et de cesser leur \u00e9vang\u00e9lisation. En cas de refus, ils seraient condamn\u00e9s \u00e0 mort. Courageux et fermes dans leur foi, C\u00e9cile, Valeriano et Tiburtius<strong>&nbsp;<\/strong>redoubl\u00e8rent de pi\u00e9t\u00e9 en r\u00e9affirmant leur amour du Seigneur.&nbsp;Ils sont&nbsp;morts en martyr, par l\u2019\u00e9p\u00e9e, \u00e0 cause de cela.<\/p>\n\n\n\n<h3 class=\"wp-block-heading\" id=\"priere-pour-demander-les-graces-musicales-de-sainte-cecile\">Pri\u00e8re d&#8217;intercession confi\u00e9e \u00e0 sainte C\u00e9cile<\/h3>\n\n\n\n<p>\u00ab<em>&nbsp;\u00d4 glorieuse Sainte C\u00e9cile, patronne des musiciens, nous venons \u00e0 vous dans la pri\u00e8re, demandant votre intercession devant le tr\u00f4ne de Dieu. Toi qui as utilis\u00e9 le don de la musique pour louer le Seigneur et conduire les autres vers lui, aide-nous \u00e0 utiliser nos talents pour glorifier Dieu et rapprocher les autres de lui.<\/em><\/p>\n\n\n\n<p><em>Nous prions pour tous les musiciens, afin qu&#8217;ils puissent utiliser leurs dons pour \u00e9lever et inspirer les autres, et qu&#8217;ils se souviennent toujours de la source de leurs talents. Nous prions pour tous ceux qui cherchent \u00e0 vivre une vie de foi et de d\u00e9votion, afin qu&#8217;ils puissent suivre son exemple de courage et de fermet\u00e9 face \u00e0 la pers\u00e9cution. \u00d4 Sainte C\u00e9cile, priez pour nous, afin que nous soyons dignes des promesses du Christ. Amen.<\/em>&nbsp;\u00bb<\/p>\n\n\n\n<p><\/p>\n","protected":false},"excerpt":{"rendered":"<p>Sainte C\u00e9cile est devenue patronne des musiciens parce que \u00ab\u00a0le jour de ses noces, tandis que les musiciens touchaient leurs &hellip; <\/p>\n","protected":false},"author":1,"featured_media":0,"parent":0,"menu_order":0,"comment_status":"closed","ping_status":"closed","template":"","meta":{"footnotes":""},"class_list":["post-1980","page","type-page","status-publish","hentry"],"_links":{"self":[{"href":"https:\/\/vaast.armentierois.fr\/index.php?rest_route=\/wp\/v2\/pages\/1980","targetHints":{"allow":["GET"]}}],"collection":[{"href":"https:\/\/vaast.armentierois.fr\/index.php?rest_route=\/wp\/v2\/pages"}],"about":[{"href":"https:\/\/vaast.armentierois.fr\/index.php?rest_route=\/wp\/v2\/types\/page"}],"author":[{"embeddable":true,"href":"https:\/\/vaast.armentierois.fr\/index.php?rest_route=\/wp\/v2\/users\/1"}],"replies":[{"embeddable":true,"href":"https:\/\/vaast.armentierois.fr\/index.php?rest_route=%2Fwp%2Fv2%2Fcomments&post=1980"}],"version-history":[{"count":3,"href":"https:\/\/vaast.armentierois.fr\/index.php?rest_route=\/wp\/v2\/pages\/1980\/revisions"}],"predecessor-version":[{"id":2226,"href":"https:\/\/vaast.armentierois.fr\/index.php?rest_route=\/wp\/v2\/pages\/1980\/revisions\/2226"}],"wp:attachment":[{"href":"https:\/\/vaast.armentierois.fr\/index.php?rest_route=%2Fwp%2Fv2%2Fmedia&parent=1980"}],"curies":[{"name":"wp","href":"https:\/\/api.w.org\/{rel}","templated":true}]}}

Cécile

<p>Sainte Cécile est devenue patronne des musiciens parce que « <em>le jour de ses noces, tandis que les musiciens touchaient leurs instruments, Cécile chantait dans son cœur les louanges de Dieu »</em>. Depuis toujours les musiciens ne manquaient pas de venir dans l’église pour lui rendre hommage. Aujourd’hui encore, chaque année lors de la Sainte Cécile, chorale ou société musicale (par exemple l’Harmonie du Commerce) viennent soutenir la prière à la messe .</p>



<figure class="wp-block-image size-large"><img loading="lazy" decoding="async" width="640" height="853" src="https://i0.wp.com/vaast.armentierois.fr/wp-content/uploads/2023/09/3050e936-1003-4e07-8e9f-7f578475684f-5624-0000034e9b422cc3_file.jpg?resize=640%2C853&#038;ssl=1" alt="" class="wp-image-1979" srcset="https://i0.wp.com/vaast.armentierois.fr/wp-content/uploads/2023/09/3050e936-1003-4e07-8e9f-7f578475684f-5624-0000034e9b422cc3_file-scaled.jpg?resize=768%2C1024&amp;ssl=1 768w, https://i0.wp.com/vaast.armentierois.fr/wp-content/uploads/2023/09/3050e936-1003-4e07-8e9f-7f578475684f-5624-0000034e9b422cc3_file-scaled.jpg?resize=225%2C300&amp;ssl=1 225w, https://i0.wp.com/vaast.armentierois.fr/wp-content/uploads/2023/09/3050e936-1003-4e07-8e9f-7f578475684f-5624-0000034e9b422cc3_file-scaled.jpg?resize=1152%2C1536&amp;ssl=1 1152w, https://i0.wp.com/vaast.armentierois.fr/wp-content/uploads/2023/09/3050e936-1003-4e07-8e9f-7f578475684f-5624-0000034e9b422cc3_file-scaled.jpg?resize=1536%2C2048&amp;ssl=1 1536w, https://i0.wp.com/vaast.armentierois.fr/wp-content/uploads/2023/09/3050e936-1003-4e07-8e9f-7f578475684f-5624-0000034e9b422cc3_file-scaled.jpg?w=1920&amp;ssl=1 1920w, https://i0.wp.com/vaast.armentierois.fr/wp-content/uploads/2023/09/3050e936-1003-4e07-8e9f-7f578475684f-5624-0000034e9b422cc3_file-scaled.jpg?w=1280&amp;ssl=1 1280w" sizes="auto, (max-width: 640px) 100vw, 640px" data-recalc-dims="1" /></figure>



<p>Cécile, née à Rome au IIème siècle, a grandi dans une&nbsp;riche famille païenne. Dès son plus jeune âge, elle est attirée par la religion chrétienne et&nbsp;consacre sa vie à Dieu et à la prière. Lors d’une cérémonie secrète, la jeune femme fait officiellement&nbsp;vœu&nbsp;de chasteté et voue sa vie au Christ. Cécile est un exemple de&nbsp;sainteté, de&nbsp;courage&nbsp;et de&nbsp;dévouement.&nbsp;Sainte patronne&nbsp;des musiciens et de la musique, elle est&nbsp;fêtée le 22 novembre.</p>



<p>Malgré son désir de<strong>&nbsp;</strong>vie consacrée à Dieu, les parents de sainte Cécile se sont arrangés pour la marier à un païen nommé Valeriano. Lors de leur nuit de noces,&nbsp;refusant de rompre son vœu de chasteté,&nbsp;Cécile a révélé à son mari qu’elle était chrétienne et l’a supplié de se convertir. À sa grande surprise, Valeriano accepta. Il demanda à l’évêque de le baptiser.&nbsp;Les époux ont ainsi vécu une vie de dévotion à Dieu, utilisant leur richesse pour aider les pauvres et soutenir les chrétiens. Par leur exemple de piété, ils ont été à&nbsp;l’origine de nombreuses conversions<strong>,</strong>&nbsp;notamment celle du frère de Valeriano, Tiburtius. Ensemble, ils ont&nbsp;œuvré à répandre l’évangile. Leur&nbsp;travail de missionnaire&nbsp;a finalement attiré l’attention des autorités, et du préfet Turcius Almachius, qui leur ont ordonné de<strong>&nbsp;</strong>renoncer à leur foi et de cesser leur évangélisation. En cas de refus, ils seraient condamnés à mort. Courageux et fermes dans leur foi, Cécile, Valeriano et Tiburtius<strong>&nbsp;</strong>redoublèrent de piété en réaffirmant leur amour du Seigneur.&nbsp;Ils sont&nbsp;morts en martyr, par l’épée, à cause de cela.</p>



<h3 class="wp-block-heading" id="priere-pour-demander-les-graces-musicales-de-sainte-cecile">Prière d&#8217;intercession confiée à sainte Cécile</h3>



<p>«<em>&nbsp;Ô glorieuse Sainte Cécile, patronne des musiciens, nous venons à vous dans la prière, demandant votre intercession devant le trône de Dieu. Toi qui as utilisé le don de la musique pour louer le Seigneur et conduire les autres vers lui, aide-nous à utiliser nos talents pour glorifier Dieu et rapprocher les autres de lui.</em></p>



<p><em>Nous prions pour tous les musiciens, afin qu&#8217;ils puissent utiliser leurs dons pour élever et inspirer les autres, et qu&#8217;ils se souviennent toujours de la source de leurs talents. Nous prions pour tous ceux qui cherchent à vivre une vie de foi et de dévotion, afin qu&#8217;ils puissent suivre son exemple de courage et de fermeté face à la persécution. Ô Sainte Cécile, priez pour nous, afin que nous soyons dignes des promesses du Christ. Amen.</em>&nbsp;»</p>



<p></p>

<p>Sainte Cécile est devenue patronne des musiciens parce que « le jour de ses noces, tandis que les musiciens touchaient leurs &hellip; </p>
