{"id":1984,"date":"2023-09-13T20:12:00","date_gmt":"2023-09-13T18:12:00","guid":{"rendered":"https:\/\/vaast.armentierois.fr\/?page_id=1984"},"modified":"2023-09-17T07:48:00","modified_gmt":"2023-09-17T05:48:00","slug":"pieta-2","status":"publish","type":"page","link":"https:\/\/vaast.armentierois.fr\/?page_id=1984","title":{"rendered":"Pi\u00e9ta"},"content":{"rendered":"\n<figure class=\"wp-block-image size-large\"><img loading=\"lazy\" decoding=\"async\" width=\"640\" height=\"480\" src=\"https:\/\/i0.wp.com\/vaast.armentierois.fr\/wp-content\/uploads\/2023\/09\/bcfc1ee0-35d2-46be-bcc9-7356110b068f-713-000000c796b33ad2_file.jpg?resize=640%2C480&#038;ssl=1\" alt=\"\" class=\"wp-image-2073\" srcset=\"https:\/\/i0.wp.com\/vaast.armentierois.fr\/wp-content\/uploads\/2023\/09\/bcfc1ee0-35d2-46be-bcc9-7356110b068f-713-000000c796b33ad2_file-scaled.jpg?resize=1024%2C768&amp;ssl=1 1024w, https:\/\/i0.wp.com\/vaast.armentierois.fr\/wp-content\/uploads\/2023\/09\/bcfc1ee0-35d2-46be-bcc9-7356110b068f-713-000000c796b33ad2_file-scaled.jpg?resize=300%2C225&amp;ssl=1 300w, https:\/\/i0.wp.com\/vaast.armentierois.fr\/wp-content\/uploads\/2023\/09\/bcfc1ee0-35d2-46be-bcc9-7356110b068f-713-000000c796b33ad2_file-scaled.jpg?resize=768%2C576&amp;ssl=1 768w, https:\/\/i0.wp.com\/vaast.armentierois.fr\/wp-content\/uploads\/2023\/09\/bcfc1ee0-35d2-46be-bcc9-7356110b068f-713-000000c796b33ad2_file-scaled.jpg?resize=1536%2C1152&amp;ssl=1 1536w, https:\/\/i0.wp.com\/vaast.armentierois.fr\/wp-content\/uploads\/2023\/09\/bcfc1ee0-35d2-46be-bcc9-7356110b068f-713-000000c796b33ad2_file-scaled.jpg?resize=2048%2C1536&amp;ssl=1 2048w, https:\/\/i0.wp.com\/vaast.armentierois.fr\/wp-content\/uploads\/2023\/09\/bcfc1ee0-35d2-46be-bcc9-7356110b068f-713-000000c796b33ad2_file-scaled.jpg?w=1280&amp;ssl=1 1280w, https:\/\/i0.wp.com\/vaast.armentierois.fr\/wp-content\/uploads\/2023\/09\/bcfc1ee0-35d2-46be-bcc9-7356110b068f-713-000000c796b33ad2_file-scaled.jpg?w=1920&amp;ssl=1 1920w\" sizes=\"auto, (max-width: 640px) 100vw, 640px\" data-recalc-dims=\"1\" \/><figcaption class=\"wp-element-caption\">La pi\u00e9ta<\/figcaption><\/figure>\n\n\n\n<p>La Pi\u00e9ta n\u2019est qu\u2019une des sept douleurs de la Vierge. Elle repr\u00e9sente la Vierge Marie \u00e9plor\u00e9e accueillant entre ses bras son fils J\u00e9sus descendu de la croix dans l\u2019attente de sa mise au tombeau et de sa r\u00e9surrection. La sc\u00e8ne n\u2019est pas d\u00e9crite dans les \u00c9vangiles, mais r\u00e9sulte de la m\u00e9ditation sur la Passion. Cette Pi\u00e9ta est positionn\u00e9e \u00e0 une des entr\u00e9es, o\u00f9 se trouvait autrefois le baptist\u00e8re, car la Vierge Marie souffre comme une m\u00e8re pour chacun de nous. Michel-Ange a r\u00e9alis\u00e9 une Pi\u00e9t\u00e0 expos\u00e9e \u00e0 St-Pierre de Rome, mais la \u00ab n\u00f4tre \u00bb ne s\u2019en inspire pas\u2026<\/p>\n\n\n\n<figure class=\"wp-block-image size-large\"><img loading=\"lazy\" decoding=\"async\" width=\"640\" height=\"853\" src=\"https:\/\/i0.wp.com\/vaast.armentierois.fr\/wp-content\/uploads\/2023\/09\/f8551d14-c7a8-4a03-a704-6d1942113d76-713-000000c7c2ca2110_file.jpg?resize=640%2C853&#038;ssl=1\" alt=\"\" class=\"wp-image-2074\" srcset=\"https:\/\/i0.wp.com\/vaast.armentierois.fr\/wp-content\/uploads\/2023\/09\/f8551d14-c7a8-4a03-a704-6d1942113d76-713-000000c7c2ca2110_file-scaled.jpg?resize=768%2C1024&amp;ssl=1 768w, https:\/\/i0.wp.com\/vaast.armentierois.fr\/wp-content\/uploads\/2023\/09\/f8551d14-c7a8-4a03-a704-6d1942113d76-713-000000c7c2ca2110_file-scaled.jpg?resize=225%2C300&amp;ssl=1 225w, https:\/\/i0.wp.com\/vaast.armentierois.fr\/wp-content\/uploads\/2023\/09\/f8551d14-c7a8-4a03-a704-6d1942113d76-713-000000c7c2ca2110_file-scaled.jpg?resize=1152%2C1536&amp;ssl=1 1152w, https:\/\/i0.wp.com\/vaast.armentierois.fr\/wp-content\/uploads\/2023\/09\/f8551d14-c7a8-4a03-a704-6d1942113d76-713-000000c7c2ca2110_file-scaled.jpg?resize=1536%2C2048&amp;ssl=1 1536w, https:\/\/i0.wp.com\/vaast.armentierois.fr\/wp-content\/uploads\/2023\/09\/f8551d14-c7a8-4a03-a704-6d1942113d76-713-000000c7c2ca2110_file-scaled.jpg?w=1920&amp;ssl=1 1920w, https:\/\/i0.wp.com\/vaast.armentierois.fr\/wp-content\/uploads\/2023\/09\/f8551d14-c7a8-4a03-a704-6d1942113d76-713-000000c7c2ca2110_file-scaled.jpg?w=1280&amp;ssl=1 1280w\" sizes=\"auto, (max-width: 640px) 100vw, 640px\" data-recalc-dims=\"1\" \/><figcaption class=\"wp-element-caption\">L&#8217;autel de la Pi\u00e9ta<\/figcaption><\/figure>\n\n\n\n<p>Dans les m\u00e9daillons qui entourent la Pi\u00e9ta, il y a les expressions latines qui unissent Marie \u00e0 la Passion de son Fils, nous y retrouvons toutes nos douleurs et incompr\u00e9hensions face \u00e0 la mort:<\/p>\n\n\n\n<p><em>&#8220;Je transpercerai ta propre \u00e2me avec une \u00e9p\u00e9e &#8220;<\/em><\/p>\n\n\n\n<p><em>&#8220;J\u2019ai appel\u00e9 mon Fils d\u2019Egypte&#8221;<\/em><\/p>\n\n\n\n<p><em>&#8220;Ton P\u00e8re et moi t\u2019avons sauv\u00e9 &#8220;<\/em><\/p>\n\n\n\n<p><em>&#8220;Il a vu J\u00e9sus dans le tourment &#8220;<\/em><\/p>\n\n\n\n<p><em>&#8220;Il a vu J\u00e9sus mourir d\u00e9sol\u00e9 &#8220;<\/em><\/p>\n\n\n\n<p><em>&#8220;Il m\u2019a fait honte&#8221;<\/em><\/p>\n\n\n\n<p><em>&#8220;O\u00f9 est parti votre bien aim\u00e9 ?&#8221;<\/em><\/p>\n\n\n\n<p><strong>Pourquoi prier avec la Pi\u00e9ta ?<\/strong><\/p>\n\n\n\n<p>De grands saints ont obtenu quantit\u00e9s de gr\u00e2ces de la part de Notre Dame des Douleurs, la pi\u00e9ta nous rapproche du cri de la Vierge Marie qui a eu son c\u0153ur transperc\u00e9. Son Fils n\u2019est pas sourd \u00e0 la douleur de sa M\u00e8re et il y r\u00e9pond par un flot de gr\u00e2ces.<\/p>\n\n\n\n<figure class=\"wp-block-image size-large\"><img loading=\"lazy\" decoding=\"async\" width=\"640\" height=\"480\" src=\"https:\/\/i0.wp.com\/vaast.armentierois.fr\/wp-content\/uploads\/2023\/09\/03cbf2f1-62c6-4fc0-be10-154b43499bd6-713-000000c80a5302a8_file.jpg?resize=640%2C480&#038;ssl=1\" alt=\"\" class=\"wp-image-2075\" srcset=\"https:\/\/i0.wp.com\/vaast.armentierois.fr\/wp-content\/uploads\/2023\/09\/03cbf2f1-62c6-4fc0-be10-154b43499bd6-713-000000c80a5302a8_file-scaled.jpg?resize=1024%2C768&amp;ssl=1 1024w, https:\/\/i0.wp.com\/vaast.armentierois.fr\/wp-content\/uploads\/2023\/09\/03cbf2f1-62c6-4fc0-be10-154b43499bd6-713-000000c80a5302a8_file-scaled.jpg?resize=300%2C225&amp;ssl=1 300w, https:\/\/i0.wp.com\/vaast.armentierois.fr\/wp-content\/uploads\/2023\/09\/03cbf2f1-62c6-4fc0-be10-154b43499bd6-713-000000c80a5302a8_file-scaled.jpg?resize=768%2C576&amp;ssl=1 768w, https:\/\/i0.wp.com\/vaast.armentierois.fr\/wp-content\/uploads\/2023\/09\/03cbf2f1-62c6-4fc0-be10-154b43499bd6-713-000000c80a5302a8_file-scaled.jpg?resize=1536%2C1152&amp;ssl=1 1536w, https:\/\/i0.wp.com\/vaast.armentierois.fr\/wp-content\/uploads\/2023\/09\/03cbf2f1-62c6-4fc0-be10-154b43499bd6-713-000000c80a5302a8_file-scaled.jpg?resize=2048%2C1536&amp;ssl=1 2048w, https:\/\/i0.wp.com\/vaast.armentierois.fr\/wp-content\/uploads\/2023\/09\/03cbf2f1-62c6-4fc0-be10-154b43499bd6-713-000000c80a5302a8_file-scaled.jpg?w=1280&amp;ssl=1 1280w, https:\/\/i0.wp.com\/vaast.armentierois.fr\/wp-content\/uploads\/2023\/09\/03cbf2f1-62c6-4fc0-be10-154b43499bd6-713-000000c80a5302a8_file-scaled.jpg?w=1920&amp;ssl=1 1920w\" sizes=\"auto, (max-width: 640px) 100vw, 640px\" data-recalc-dims=\"1\" \/><figcaption class=\"wp-element-caption\">L&#8217;inscription sous la pi\u00e9ta: &#8220;O vous qui passez, voyez s&#8217;il est une douleur comparable \u00e0 ma douleur&#8221;<\/figcaption><\/figure>\n\n\n\n<figure class=\"wp-block-image size-large\"><img loading=\"lazy\" decoding=\"async\" width=\"640\" height=\"853\" src=\"https:\/\/i0.wp.com\/vaast.armentierois.fr\/wp-content\/uploads\/2023\/09\/369caf71-1863-4800-934f-17d63b8d8e8b-713-000000c84bbf7d2f_file.jpg?resize=640%2C853&#038;ssl=1\" alt=\"\" class=\"wp-image-2076\" srcset=\"https:\/\/i0.wp.com\/vaast.armentierois.fr\/wp-content\/uploads\/2023\/09\/369caf71-1863-4800-934f-17d63b8d8e8b-713-000000c84bbf7d2f_file-scaled.jpg?resize=768%2C1024&amp;ssl=1 768w, https:\/\/i0.wp.com\/vaast.armentierois.fr\/wp-content\/uploads\/2023\/09\/369caf71-1863-4800-934f-17d63b8d8e8b-713-000000c84bbf7d2f_file-scaled.jpg?resize=225%2C300&amp;ssl=1 225w, https:\/\/i0.wp.com\/vaast.armentierois.fr\/wp-content\/uploads\/2023\/09\/369caf71-1863-4800-934f-17d63b8d8e8b-713-000000c84bbf7d2f_file-scaled.jpg?resize=1152%2C1536&amp;ssl=1 1152w, https:\/\/i0.wp.com\/vaast.armentierois.fr\/wp-content\/uploads\/2023\/09\/369caf71-1863-4800-934f-17d63b8d8e8b-713-000000c84bbf7d2f_file-scaled.jpg?resize=1536%2C2048&amp;ssl=1 1536w, https:\/\/i0.wp.com\/vaast.armentierois.fr\/wp-content\/uploads\/2023\/09\/369caf71-1863-4800-934f-17d63b8d8e8b-713-000000c84bbf7d2f_file-scaled.jpg?w=1920&amp;ssl=1 1920w, https:\/\/i0.wp.com\/vaast.armentierois.fr\/wp-content\/uploads\/2023\/09\/369caf71-1863-4800-934f-17d63b8d8e8b-713-000000c84bbf7d2f_file-scaled.jpg?w=1280&amp;ssl=1 1280w\" sizes=\"auto, (max-width: 640px) 100vw, 640px\" data-recalc-dims=\"1\" \/><figcaption class=\"wp-element-caption\">Le m\u00e9daillon sous l&#8217;autel laisse appara\u00eetre le c\u0153ur transperc\u00e9 de la bienheureuse Vierge Marie par une multitude de glaives en forme de couronne<\/figcaption><\/figure>\n\n\n\n<p><strong>Prier avec la Pi\u00e9ta<\/strong><\/p>\n\n\n\n<p>Quoi de plus p\u00e9nible, Vierge Marie,<\/p>\n\n\n\n<p>que de voir mourir, souffrir, agoniser son Fils.<\/p>\n\n\n\n<p>Et Toi, Vierge Marie,<\/p>\n\n\n\n<p>Tu \u00e9tais l\u00e0, fid\u00e8le, silencieuse.<\/p>\n\n\n\n<p>\u201cLe coeur transperc\u00e9 par une \u00e9p\u00e9e\u201d<\/p>\n\n\n\n<p>Vierge Marie, tu ne t\u2019es pas r\u00e9volt\u00e9e,<\/p>\n\n\n\n<p>Tu as su accorder \u00e0 ton Fils<\/p>\n\n\n\n<p>Ta pr\u00e9sence jusqu\u2019au bout.<\/p>\n\n\n\n<p>Tu as accueilli sa demande<\/p>\n\n\n\n<p>de devenir notre Sainte M\u00e8re du Ciel.<\/p>\n\n\n\n<p>Viens nous soutenir, Vierge Marie<\/p>\n\n\n\n<p>devant les drames, les difficult\u00e9s, les \u00e9preuves de notre route.<\/p>\n\n\n\n<p>Apprends-nous \u00e0 entrer \u00e0 l\u2019int\u00e9rieur,<\/p>\n\n\n\n<p>\u00e0 descendre en nos coeurs et \u00e0 demeurer fid\u00e8les<\/p>\n\n\n\n<p>\u00e0 l\u2019amour de notre Dieu<\/p>\n\n\n\n<p>qui jamais ne nous abandonne.<\/p>\n\n\n\n<p>Toi,&nbsp;<em>La Piet\u00e0,<\/em><\/p>\n\n\n\n<p>Apprends-nous \u00e0 avancer<\/p>\n\n\n\n<p>sur le chemin de la Foi.<\/p>\n\n\n\n<p>Amen<\/p>\n","protected":false},"excerpt":{"rendered":"<p>La Pi\u00e9ta n\u2019est qu\u2019une des sept douleurs de la Vierge. Elle repr\u00e9sente la Vierge Marie \u00e9plor\u00e9e accueillant entre ses bras &hellip; <\/p>\n","protected":false},"author":1,"featured_media":2073,"parent":0,"menu_order":0,"comment_status":"closed","ping_status":"closed","template":"","meta":{"footnotes":""},"class_list":["post-1984","page","type-page","status-publish","has-post-thumbnail","hentry"],"_links":{"self":[{"href":"https:\/\/vaast.armentierois.fr\/index.php?rest_route=\/wp\/v2\/pages\/1984","targetHints":{"allow":["GET"]}}],"collection":[{"href":"https:\/\/vaast.armentierois.fr\/index.php?rest_route=\/wp\/v2\/pages"}],"about":[{"href":"https:\/\/vaast.armentierois.fr\/index.php?rest_route=\/wp\/v2\/types\/page"}],"author":[{"embeddable":true,"href":"https:\/\/vaast.armentierois.fr\/index.php?rest_route=\/wp\/v2\/users\/1"}],"replies":[{"embeddable":true,"href":"https:\/\/vaast.armentierois.fr\/index.php?rest_route=%2Fwp%2Fv2%2Fcomments&post=1984"}],"version-history":[{"count":4,"href":"https:\/\/vaast.armentierois.fr\/index.php?rest_route=\/wp\/v2\/pages\/1984\/revisions"}],"predecessor-version":[{"id":2245,"href":"https:\/\/vaast.armentierois.fr\/index.php?rest_route=\/wp\/v2\/pages\/1984\/revisions\/2245"}],"wp:featuredmedia":[{"embeddable":true,"href":"https:\/\/vaast.armentierois.fr\/index.php?rest_route=\/wp\/v2\/media\/2073"}],"wp:attachment":[{"href":"https:\/\/vaast.armentierois.fr\/index.php?rest_route=%2Fwp%2Fv2%2Fmedia&parent=1984"}],"curies":[{"name":"wp","href":"https:\/\/api.w.org\/{rel}","templated":true}]}}

Piéta

<figure class="wp-block-image size-large"><img loading="lazy" decoding="async" width="640" height="480" src="https://i0.wp.com/vaast.armentierois.fr/wp-content/uploads/2023/09/bcfc1ee0-35d2-46be-bcc9-7356110b068f-713-000000c796b33ad2_file.jpg?resize=640%2C480&#038;ssl=1" alt="" class="wp-image-2073" srcset="https://i0.wp.com/vaast.armentierois.fr/wp-content/uploads/2023/09/bcfc1ee0-35d2-46be-bcc9-7356110b068f-713-000000c796b33ad2_file-scaled.jpg?resize=1024%2C768&amp;ssl=1 1024w, https://i0.wp.com/vaast.armentierois.fr/wp-content/uploads/2023/09/bcfc1ee0-35d2-46be-bcc9-7356110b068f-713-000000c796b33ad2_file-scaled.jpg?resize=300%2C225&amp;ssl=1 300w, https://i0.wp.com/vaast.armentierois.fr/wp-content/uploads/2023/09/bcfc1ee0-35d2-46be-bcc9-7356110b068f-713-000000c796b33ad2_file-scaled.jpg?resize=768%2C576&amp;ssl=1 768w, https://i0.wp.com/vaast.armentierois.fr/wp-content/uploads/2023/09/bcfc1ee0-35d2-46be-bcc9-7356110b068f-713-000000c796b33ad2_file-scaled.jpg?resize=1536%2C1152&amp;ssl=1 1536w, https://i0.wp.com/vaast.armentierois.fr/wp-content/uploads/2023/09/bcfc1ee0-35d2-46be-bcc9-7356110b068f-713-000000c796b33ad2_file-scaled.jpg?resize=2048%2C1536&amp;ssl=1 2048w, https://i0.wp.com/vaast.armentierois.fr/wp-content/uploads/2023/09/bcfc1ee0-35d2-46be-bcc9-7356110b068f-713-000000c796b33ad2_file-scaled.jpg?w=1280&amp;ssl=1 1280w, https://i0.wp.com/vaast.armentierois.fr/wp-content/uploads/2023/09/bcfc1ee0-35d2-46be-bcc9-7356110b068f-713-000000c796b33ad2_file-scaled.jpg?w=1920&amp;ssl=1 1920w" sizes="auto, (max-width: 640px) 100vw, 640px" data-recalc-dims="1" /><figcaption class="wp-element-caption">La piéta</figcaption></figure>



<p>La Piéta n’est qu’une des sept douleurs de la Vierge. Elle représente la Vierge Marie éplorée accueillant entre ses bras son fils Jésus descendu de la croix dans l’attente de sa mise au tombeau et de sa résurrection. La scène n’est pas décrite dans les Évangiles, mais résulte de la méditation sur la Passion. Cette Piéta est positionnée à une des entrées, où se trouvait autrefois le baptistère, car la Vierge Marie souffre comme une mère pour chacun de nous. Michel-Ange a réalisé une Piétà exposée à St-Pierre de Rome, mais la « nôtre » ne s’en inspire pas…</p>



<figure class="wp-block-image size-large"><img loading="lazy" decoding="async" width="640" height="853" src="https://i0.wp.com/vaast.armentierois.fr/wp-content/uploads/2023/09/f8551d14-c7a8-4a03-a704-6d1942113d76-713-000000c7c2ca2110_file.jpg?resize=640%2C853&#038;ssl=1" alt="" class="wp-image-2074" srcset="https://i0.wp.com/vaast.armentierois.fr/wp-content/uploads/2023/09/f8551d14-c7a8-4a03-a704-6d1942113d76-713-000000c7c2ca2110_file-scaled.jpg?resize=768%2C1024&amp;ssl=1 768w, https://i0.wp.com/vaast.armentierois.fr/wp-content/uploads/2023/09/f8551d14-c7a8-4a03-a704-6d1942113d76-713-000000c7c2ca2110_file-scaled.jpg?resize=225%2C300&amp;ssl=1 225w, https://i0.wp.com/vaast.armentierois.fr/wp-content/uploads/2023/09/f8551d14-c7a8-4a03-a704-6d1942113d76-713-000000c7c2ca2110_file-scaled.jpg?resize=1152%2C1536&amp;ssl=1 1152w, https://i0.wp.com/vaast.armentierois.fr/wp-content/uploads/2023/09/f8551d14-c7a8-4a03-a704-6d1942113d76-713-000000c7c2ca2110_file-scaled.jpg?resize=1536%2C2048&amp;ssl=1 1536w, https://i0.wp.com/vaast.armentierois.fr/wp-content/uploads/2023/09/f8551d14-c7a8-4a03-a704-6d1942113d76-713-000000c7c2ca2110_file-scaled.jpg?w=1920&amp;ssl=1 1920w, https://i0.wp.com/vaast.armentierois.fr/wp-content/uploads/2023/09/f8551d14-c7a8-4a03-a704-6d1942113d76-713-000000c7c2ca2110_file-scaled.jpg?w=1280&amp;ssl=1 1280w" sizes="auto, (max-width: 640px) 100vw, 640px" data-recalc-dims="1" /><figcaption class="wp-element-caption">L&#8217;autel de la Piéta</figcaption></figure>



<p>Dans les médaillons qui entourent la Piéta, il y a les expressions latines qui unissent Marie à la Passion de son Fils, nous y retrouvons toutes nos douleurs et incompréhensions face à la mort:</p>



<p><em>&#8220;Je transpercerai ta propre âme avec une épée &#8220;</em></p>



<p><em>&#8220;J’ai appelé mon Fils d’Egypte&#8221;</em></p>



<p><em>&#8220;Ton Père et moi t’avons sauvé &#8220;</em></p>



<p><em>&#8220;Il a vu Jésus dans le tourment &#8220;</em></p>



<p><em>&#8220;Il a vu Jésus mourir désolé &#8220;</em></p>



<p><em>&#8220;Il m’a fait honte&#8221;</em></p>



<p><em>&#8220;Où est parti votre bien aimé ?&#8221;</em></p>



<p><strong>Pourquoi prier avec la Piéta ?</strong></p>



<p>De grands saints ont obtenu quantités de grâces de la part de Notre Dame des Douleurs, la piéta nous rapproche du cri de la Vierge Marie qui a eu son cœur transpercé. Son Fils n’est pas sourd à la douleur de sa Mère et il y répond par un flot de grâces.</p>



<figure class="wp-block-image size-large"><img loading="lazy" decoding="async" width="640" height="480" src="https://i0.wp.com/vaast.armentierois.fr/wp-content/uploads/2023/09/03cbf2f1-62c6-4fc0-be10-154b43499bd6-713-000000c80a5302a8_file.jpg?resize=640%2C480&#038;ssl=1" alt="" class="wp-image-2075" srcset="https://i0.wp.com/vaast.armentierois.fr/wp-content/uploads/2023/09/03cbf2f1-62c6-4fc0-be10-154b43499bd6-713-000000c80a5302a8_file-scaled.jpg?resize=1024%2C768&amp;ssl=1 1024w, https://i0.wp.com/vaast.armentierois.fr/wp-content/uploads/2023/09/03cbf2f1-62c6-4fc0-be10-154b43499bd6-713-000000c80a5302a8_file-scaled.jpg?resize=300%2C225&amp;ssl=1 300w, https://i0.wp.com/vaast.armentierois.fr/wp-content/uploads/2023/09/03cbf2f1-62c6-4fc0-be10-154b43499bd6-713-000000c80a5302a8_file-scaled.jpg?resize=768%2C576&amp;ssl=1 768w, https://i0.wp.com/vaast.armentierois.fr/wp-content/uploads/2023/09/03cbf2f1-62c6-4fc0-be10-154b43499bd6-713-000000c80a5302a8_file-scaled.jpg?resize=1536%2C1152&amp;ssl=1 1536w, https://i0.wp.com/vaast.armentierois.fr/wp-content/uploads/2023/09/03cbf2f1-62c6-4fc0-be10-154b43499bd6-713-000000c80a5302a8_file-scaled.jpg?resize=2048%2C1536&amp;ssl=1 2048w, https://i0.wp.com/vaast.armentierois.fr/wp-content/uploads/2023/09/03cbf2f1-62c6-4fc0-be10-154b43499bd6-713-000000c80a5302a8_file-scaled.jpg?w=1280&amp;ssl=1 1280w, https://i0.wp.com/vaast.armentierois.fr/wp-content/uploads/2023/09/03cbf2f1-62c6-4fc0-be10-154b43499bd6-713-000000c80a5302a8_file-scaled.jpg?w=1920&amp;ssl=1 1920w" sizes="auto, (max-width: 640px) 100vw, 640px" data-recalc-dims="1" /><figcaption class="wp-element-caption">L&#8217;inscription sous la piéta: &#8220;O vous qui passez, voyez s&#8217;il est une douleur comparable à ma douleur&#8221;</figcaption></figure>



<figure class="wp-block-image size-large"><img loading="lazy" decoding="async" width="640" height="853" src="https://i0.wp.com/vaast.armentierois.fr/wp-content/uploads/2023/09/369caf71-1863-4800-934f-17d63b8d8e8b-713-000000c84bbf7d2f_file.jpg?resize=640%2C853&#038;ssl=1" alt="" class="wp-image-2076" srcset="https://i0.wp.com/vaast.armentierois.fr/wp-content/uploads/2023/09/369caf71-1863-4800-934f-17d63b8d8e8b-713-000000c84bbf7d2f_file-scaled.jpg?resize=768%2C1024&amp;ssl=1 768w, https://i0.wp.com/vaast.armentierois.fr/wp-content/uploads/2023/09/369caf71-1863-4800-934f-17d63b8d8e8b-713-000000c84bbf7d2f_file-scaled.jpg?resize=225%2C300&amp;ssl=1 225w, https://i0.wp.com/vaast.armentierois.fr/wp-content/uploads/2023/09/369caf71-1863-4800-934f-17d63b8d8e8b-713-000000c84bbf7d2f_file-scaled.jpg?resize=1152%2C1536&amp;ssl=1 1152w, https://i0.wp.com/vaast.armentierois.fr/wp-content/uploads/2023/09/369caf71-1863-4800-934f-17d63b8d8e8b-713-000000c84bbf7d2f_file-scaled.jpg?resize=1536%2C2048&amp;ssl=1 1536w, https://i0.wp.com/vaast.armentierois.fr/wp-content/uploads/2023/09/369caf71-1863-4800-934f-17d63b8d8e8b-713-000000c84bbf7d2f_file-scaled.jpg?w=1920&amp;ssl=1 1920w, https://i0.wp.com/vaast.armentierois.fr/wp-content/uploads/2023/09/369caf71-1863-4800-934f-17d63b8d8e8b-713-000000c84bbf7d2f_file-scaled.jpg?w=1280&amp;ssl=1 1280w" sizes="auto, (max-width: 640px) 100vw, 640px" data-recalc-dims="1" /><figcaption class="wp-element-caption">Le médaillon sous l&#8217;autel laisse apparaître le cœur transpercé de la bienheureuse Vierge Marie par une multitude de glaives en forme de couronne</figcaption></figure>



<p><strong>Prier avec la Piéta</strong></p>



<p>Quoi de plus pénible, Vierge Marie,</p>



<p>que de voir mourir, souffrir, agoniser son Fils.</p>



<p>Et Toi, Vierge Marie,</p>



<p>Tu étais là, fidèle, silencieuse.</p>



<p>“Le coeur transpercé par une épée”</p>



<p>Vierge Marie, tu ne t’es pas révoltée,</p>



<p>Tu as su accorder à ton Fils</p>



<p>Ta présence jusqu’au bout.</p>



<p>Tu as accueilli sa demande</p>



<p>de devenir notre Sainte Mère du Ciel.</p>



<p>Viens nous soutenir, Vierge Marie</p>



<p>devant les drames, les difficultés, les épreuves de notre route.</p>



<p>Apprends-nous à entrer à l’intérieur,</p>



<p>à descendre en nos coeurs et à demeurer fidèles</p>



<p>à l’amour de notre Dieu</p>



<p>qui jamais ne nous abandonne.</p>



<p>Toi,&nbsp;<em>La Pietà,</em></p>



<p>Apprends-nous à avancer</p>



<p>sur le chemin de la Foi.</p>



<p>Amen</p>

<p>La Piéta n’est qu’une des sept douleurs de la Vierge. Elle représente la Vierge Marie éplorée accueillant entre ses bras &hellip; </p>
