{"id":1986,"date":"2023-09-13T20:13:00","date_gmt":"2023-09-13T18:13:00","guid":{"rendered":"https:\/\/vaast.armentierois.fr\/?page_id=1986"},"modified":"2023-09-17T13:08:12","modified_gmt":"2023-09-17T11:08:12","slug":"toile-la-madone-canigiani","status":"publish","type":"page","link":"https:\/\/vaast.armentierois.fr\/?page_id=1986","title":{"rendered":"Toile La Madone canigiani"},"content":{"rendered":"\n<figure class=\"wp-block-image size-large\"><img loading=\"lazy\" decoding=\"async\" width=\"640\" height=\"853\" src=\"https:\/\/i0.wp.com\/vaast.armentierois.fr\/wp-content\/uploads\/2023\/09\/c4a0182b-f222-4b97-b952-8e608a451be5-5624-000003503a14e6c4_file.jpg?resize=640%2C853&#038;ssl=1\" alt=\"\" class=\"wp-image-1985\" srcset=\"https:\/\/i0.wp.com\/vaast.armentierois.fr\/wp-content\/uploads\/2023\/09\/c4a0182b-f222-4b97-b952-8e608a451be5-5624-000003503a14e6c4_file-scaled.jpg?resize=768%2C1024&amp;ssl=1 768w, https:\/\/i0.wp.com\/vaast.armentierois.fr\/wp-content\/uploads\/2023\/09\/c4a0182b-f222-4b97-b952-8e608a451be5-5624-000003503a14e6c4_file-scaled.jpg?resize=225%2C300&amp;ssl=1 225w, https:\/\/i0.wp.com\/vaast.armentierois.fr\/wp-content\/uploads\/2023\/09\/c4a0182b-f222-4b97-b952-8e608a451be5-5624-000003503a14e6c4_file-scaled.jpg?resize=1152%2C1536&amp;ssl=1 1152w, https:\/\/i0.wp.com\/vaast.armentierois.fr\/wp-content\/uploads\/2023\/09\/c4a0182b-f222-4b97-b952-8e608a451be5-5624-000003503a14e6c4_file-scaled.jpg?resize=1536%2C2048&amp;ssl=1 1536w, https:\/\/i0.wp.com\/vaast.armentierois.fr\/wp-content\/uploads\/2023\/09\/c4a0182b-f222-4b97-b952-8e608a451be5-5624-000003503a14e6c4_file-scaled.jpg?w=1920&amp;ssl=1 1920w, https:\/\/i0.wp.com\/vaast.armentierois.fr\/wp-content\/uploads\/2023\/09\/c4a0182b-f222-4b97-b952-8e608a451be5-5624-000003503a14e6c4_file-scaled.jpg?w=1280&amp;ssl=1 1280w\" sizes=\"auto, (max-width: 640px) 100vw, 640px\" data-recalc-dims=\"1\" \/><figcaption class=\"wp-element-caption\">La madone de Canigiani est une peinture de Rapha\u00ebl &#8211; Ici on a une copie &#8230;<\/figcaption><\/figure>\n\n\n\n<p>Conform\u00e9ment \u00e0 l&#8217;iconographie chr\u00e9tienne\u00a0de la\u00a0<em>Sainte Famille<\/em>, le tableau repr\u00e9sente\u00a0Marie\u00a0et l&#8217;Enfant\u00a0J\u00e9sus\u00a0accompagn\u00e9e de\u00a0Joseph, de\u00a0sainte \u00c9lisabeth\u00a0et son fils\u00a0saint Jean-Baptiste. Marie, qui tient un livre ouvert dans une main, d\u00e9finit aussi l&#8217;\u0153uvre comme une\u00a0<em>madonna leggente<\/em>. <\/p>\n\n\n\n<p><em>Les saintes \u00e9critures ne parlent pas de cette rencontre mais la Tradition nous laisse croire que Marie et Elisabeth se sont rencontr\u00e9s avec leurs ch\u00e9rubins.<\/em><\/p>\n\n\n\n<h2 class=\"wp-block-heading\">Description<\/h2>\n\n\n\n<p>Plac\u00e9s au centre d&#8217;un format vertical, les trois personnages adultes sont compos\u00e9s dans un triangle avec Joseph \u00e0 son sommet\u00a0; il veille, appuy\u00e9 des deux mains sur son b\u00e2ton, sur Marie et \u00c9lisabeth, dont les visages sont plac\u00e9s \u00e0 un m\u00eame niveau\u00a0; se faisant face et agenouill\u00e9es, elles portent chacune leur fils devant elles, qui, nus, jouent ensemble, portant chacun l&#8217;extr\u00e9mit\u00e9 d&#8217;un\u00a0phylact\u00e8re.<\/p>\n\n\n\n<p>Marie porte un livre encore ouvert dans la main gauche, un doigt plac\u00e9 dans sa lecture interrompue.<\/p>\n\n\n\n<p>Le fond paysager de collines et de bosquets laisse voir, de part et d&#8217;autre de Joseph, deux villes avec leurs clochers, leurs remparts, et des montagnes se profilent dans le lointain \u00e0 droite du tableau. \u00c0 gauche, un bosquet masque en partie un ruisseau.<\/p>\n\n\n\n<p>Les coins gauche et droit du haut du tableau comportent des groupes d&#8217;angelots dans des nuages.<\/p>\n\n\n\n<p>Les personnages sont tous pieds nus et portent une\u00a0aur\u00e9ole\u00a0discr\u00e8te, elliptique.<\/p>\n\n\n\n<h2 class=\"wp-block-heading\">Analyse<\/h2>\n\n\n\n<p>La composition a une forme pyramidale inspir\u00e9e des \u0153uvres de\u00a0L\u00e9onard de Vinci.<\/p>\n\n\n\n<p>La pr\u00e9dominance de Joseph (plac\u00e9 au sommet de ce triangle) est justifi\u00e9e par l&#8217;augmentation de son culte au cours du\u00a0<abbr title=\"16\u1d49 si\u00e8cle\">xvi<sup>e<\/sup><\/abbr>\u00a0si\u00e8cle\u00a0; son image rappelle le saint Joseph du\u00a0<em>Tondo Doni<\/em>\u00a0de\u00a0Michel Ange. Rapha\u00ebl augmenta le nombre de personnages en recherchant dans les poses raffin\u00e9es des correspondances formelles avec des rythmes curvilignes qui se nouent et se d\u00e9nouent continuellement aussi bien en surface qu&#8217;en profondeur.<\/p>\n\n\n\n<p>Les regards et le gestes se m\u00e9langent savamment en un complexe \u00e9tudi\u00e9, mais dont l&#8217;effet produit est extr\u00eamement simple et naturel avec un ton serein et pos\u00e9, bien diff\u00e9rent des inqui\u00e9tudes de L\u00e9onard.<\/p>\n\n\n\n<p>Le d\u00e9tail des herbes au premier plan et l&#8217;habillage en fond par un paysage rappellent le style de\u00a0L\u00e9onard de Vinci. Le paysage qui se perd dans le lointain poss\u00e8de des caract\u00e8res v\u00e9nitiens. La richesse des couleurs et des tons brillants \u00e9voque\u00a0Giorgione.<\/p>\n\n\n\n<p><strong>Pri\u00e8re du pape Fran\u00e7ois \u00e0 la Sainte Famille, en conclusion de l\u2019<a href=\"https:\/\/eglise.catholique.fr\/glossaire\/exhortation-apostolique\">exhortation apostolique<\/a>&nbsp;\u00ab&nbsp;Amoris Laetitia&nbsp;\u00bb (La joie de l\u2019amour&nbsp;\u00bb).<\/strong><\/p>\n\n\n\n<p>J\u00e9sus, Marie et Joseph<br>en vous, nous contemplons la splendeur de l\u2019amour vrai,<br>en toute confiance nous nous adressons \u00e0 vous.<br>Sainte Famille de Nazareth,<br>fais aussi de nos familles<br>un lieu de communion et un c\u00e9nacle de pri\u00e8re,<br>d\u2019authentiques \u00e9coles de l\u2019\u00c9vangile<br>et de petites \u00c9glises domestiques.<br>Sainte Famille de Nazareth,<br>que plus jamais il n\u2019y ait dans les familles<br>des sc\u00e8nes de violence, d\u2019isolement et de division ;<br>que celui qui a \u00e9t\u00e9 bless\u00e9 ou scandalis\u00e9<br>soit, bient\u00f4t, consol\u00e9 et gu\u00e9ri.<br>Sainte Famille de Nazareth,<br>fais prendre conscience \u00e0 tous<br>du caract\u00e8re sacr\u00e9 et inviolable de la famille,<br>de sa beaut\u00e9 dans le projet de Dieu.<br>J\u00e9sus, Marie et Joseph,<br>\u00c9coutez, exaucez notre pri\u00e8re<\/p>\n\n\n\n<p>Amen !<\/p>\n","protected":false},"excerpt":{"rendered":"<p>Conform\u00e9ment \u00e0 l&#8217;iconographie chr\u00e9tienne\u00a0de la\u00a0Sainte Famille, le tableau repr\u00e9sente\u00a0Marie\u00a0et l&#8217;Enfant\u00a0J\u00e9sus\u00a0accompagn\u00e9e de\u00a0Joseph, de\u00a0sainte \u00c9lisabeth\u00a0et son fils\u00a0saint Jean-Baptiste. Marie, qui tient un &hellip; <\/p>\n","protected":false},"author":1,"featured_media":0,"parent":0,"menu_order":0,"comment_status":"closed","ping_status":"closed","template":"","meta":{"footnotes":""},"class_list":["post-1986","page","type-page","status-publish","hentry"],"_links":{"self":[{"href":"https:\/\/vaast.armentierois.fr\/index.php?rest_route=\/wp\/v2\/pages\/1986","targetHints":{"allow":["GET"]}}],"collection":[{"href":"https:\/\/vaast.armentierois.fr\/index.php?rest_route=\/wp\/v2\/pages"}],"about":[{"href":"https:\/\/vaast.armentierois.fr\/index.php?rest_route=\/wp\/v2\/types\/page"}],"author":[{"embeddable":true,"href":"https:\/\/vaast.armentierois.fr\/index.php?rest_route=\/wp\/v2\/users\/1"}],"replies":[{"embeddable":true,"href":"https:\/\/vaast.armentierois.fr\/index.php?rest_route=%2Fwp%2Fv2%2Fcomments&post=1986"}],"version-history":[{"count":5,"href":"https:\/\/vaast.armentierois.fr\/index.php?rest_route=\/wp\/v2\/pages\/1986\/revisions"}],"predecessor-version":[{"id":2321,"href":"https:\/\/vaast.armentierois.fr\/index.php?rest_route=\/wp\/v2\/pages\/1986\/revisions\/2321"}],"wp:attachment":[{"href":"https:\/\/vaast.armentierois.fr\/index.php?rest_route=%2Fwp%2Fv2%2Fmedia&parent=1986"}],"curies":[{"name":"wp","href":"https:\/\/api.w.org\/{rel}","templated":true}]}}

<figure class="wp-block-image size-large"><img loading="lazy" decoding="async" width="640" height="853" src="https://i0.wp.com/vaast.armentierois.fr/wp-content/uploads/2023/09/c4a0182b-f222-4b97-b952-8e608a451be5-5624-000003503a14e6c4_file.jpg?resize=640%2C853&#038;ssl=1" alt="" class="wp-image-1985" srcset="https://i0.wp.com/vaast.armentierois.fr/wp-content/uploads/2023/09/c4a0182b-f222-4b97-b952-8e608a451be5-5624-000003503a14e6c4_file-scaled.jpg?resize=768%2C1024&amp;ssl=1 768w, https://i0.wp.com/vaast.armentierois.fr/wp-content/uploads/2023/09/c4a0182b-f222-4b97-b952-8e608a451be5-5624-000003503a14e6c4_file-scaled.jpg?resize=225%2C300&amp;ssl=1 225w, https://i0.wp.com/vaast.armentierois.fr/wp-content/uploads/2023/09/c4a0182b-f222-4b97-b952-8e608a451be5-5624-000003503a14e6c4_file-scaled.jpg?resize=1152%2C1536&amp;ssl=1 1152w, https://i0.wp.com/vaast.armentierois.fr/wp-content/uploads/2023/09/c4a0182b-f222-4b97-b952-8e608a451be5-5624-000003503a14e6c4_file-scaled.jpg?resize=1536%2C2048&amp;ssl=1 1536w, https://i0.wp.com/vaast.armentierois.fr/wp-content/uploads/2023/09/c4a0182b-f222-4b97-b952-8e608a451be5-5624-000003503a14e6c4_file-scaled.jpg?w=1920&amp;ssl=1 1920w, https://i0.wp.com/vaast.armentierois.fr/wp-content/uploads/2023/09/c4a0182b-f222-4b97-b952-8e608a451be5-5624-000003503a14e6c4_file-scaled.jpg?w=1280&amp;ssl=1 1280w" sizes="auto, (max-width: 640px) 100vw, 640px" data-recalc-dims="1" /><figcaption class="wp-element-caption">La madone de Canigiani est une peinture de Raphaël &#8211; Ici on a une copie &#8230;</figcaption></figure>



<p>Conformément à l&#8217;iconographie chrétienne de la <em>Sainte Famille</em>, le tableau représente Marie et l&#8217;Enfant Jésus accompagnée de Joseph, de sainte Élisabeth et son fils saint Jean-Baptiste. Marie, qui tient un livre ouvert dans une main, définit aussi l&#8217;œuvre comme une <em>madonna leggente</em>. </p>



<p><em>Les saintes écritures ne parlent pas de cette rencontre mais la Tradition nous laisse croire que Marie et Elisabeth se sont rencontrés avec leurs chérubins.</em></p>



<h2 class="wp-block-heading">Description</h2>



<p>Placés au centre d&#8217;un format vertical, les trois personnages adultes sont composés dans un triangle avec Joseph à son sommet ; il veille, appuyé des deux mains sur son bâton, sur Marie et Élisabeth, dont les visages sont placés à un même niveau ; se faisant face et agenouillées, elles portent chacune leur fils devant elles, qui, nus, jouent ensemble, portant chacun l&#8217;extrémité d&#8217;un phylactère.</p>



<p>Marie porte un livre encore ouvert dans la main gauche, un doigt placé dans sa lecture interrompue.</p>



<p>Le fond paysager de collines et de bosquets laisse voir, de part et d&#8217;autre de Joseph, deux villes avec leurs clochers, leurs remparts, et des montagnes se profilent dans le lointain à droite du tableau. À gauche, un bosquet masque en partie un ruisseau.</p>



<p>Les coins gauche et droit du haut du tableau comportent des groupes d&#8217;angelots dans des nuages.</p>



<p>Les personnages sont tous pieds nus et portent une auréole discrète, elliptique.</p>



<h2 class="wp-block-heading">Analyse</h2>



<p>La composition a une forme pyramidale inspirée des œuvres de Léonard de Vinci.</p>



<p>La prédominance de Joseph (placé au sommet de ce triangle) est justifiée par l&#8217;augmentation de son culte au cours du <abbr title="16ᵉ siècle">xvi<sup>e</sup></abbr> siècle ; son image rappelle le saint Joseph du <em>Tondo Doni</em> de Michel Ange. Raphaël augmenta le nombre de personnages en recherchant dans les poses raffinées des correspondances formelles avec des rythmes curvilignes qui se nouent et se dénouent continuellement aussi bien en surface qu&#8217;en profondeur.</p>



<p>Les regards et le gestes se mélangent savamment en un complexe étudié, mais dont l&#8217;effet produit est extrêmement simple et naturel avec un ton serein et posé, bien différent des inquiétudes de Léonard.</p>



<p>Le détail des herbes au premier plan et l&#8217;habillage en fond par un paysage rappellent le style de Léonard de Vinci. Le paysage qui se perd dans le lointain possède des caractères vénitiens. La richesse des couleurs et des tons brillants évoque Giorgione.</p>



<p><strong>Prière du pape François à la Sainte Famille, en conclusion de l’<a href="https://eglise.catholique.fr/glossaire/exhortation-apostolique">exhortation apostolique</a>&nbsp;«&nbsp;Amoris Laetitia&nbsp;» (La joie de l’amour&nbsp;»).</strong></p>



<p>Jésus, Marie et Joseph<br>en vous, nous contemplons la splendeur de l’amour vrai,<br>en toute confiance nous nous adressons à vous.<br>Sainte Famille de Nazareth,<br>fais aussi de nos familles<br>un lieu de communion et un cénacle de prière,<br>d’authentiques écoles de l’Évangile<br>et de petites Églises domestiques.<br>Sainte Famille de Nazareth,<br>que plus jamais il n’y ait dans les familles<br>des scènes de violence, d’isolement et de division ;<br>que celui qui a été blessé ou scandalisé<br>soit, bientôt, consolé et guéri.<br>Sainte Famille de Nazareth,<br>fais prendre conscience à tous<br>du caractère sacré et inviolable de la famille,<br>de sa beauté dans le projet de Dieu.<br>Jésus, Marie et Joseph,<br>Écoutez, exaucez notre prière</p>



<p>Amen !</p>

<p>Conformément à l&#8217;iconographie chrétienne de la Sainte Famille, le tableau représente Marie et l&#8217;Enfant Jésus accompagnée de Joseph, de sainte Élisabeth et son fils saint Jean-Baptiste. Marie, qui tient un &hellip; </p>
