{"id":1990,"date":"2023-09-13T20:16:32","date_gmt":"2023-09-13T18:16:32","guid":{"rendered":"https:\/\/vaast.armentierois.fr\/?page_id=1990"},"modified":"2023-09-17T15:13:28","modified_gmt":"2023-09-17T13:13:28","slug":"toile-saint-francois-dassise","status":"publish","type":"page","link":"https:\/\/vaast.armentierois.fr\/?page_id=1990","title":{"rendered":"Toile Saint Fran\u00e7ois d\u2019assise"},"content":{"rendered":"\n<p class=\"has-medium-font-size\"><strong>Sa vie<\/strong><\/p>\n\n\n\n<p>Saint Fran\u00e7ois&nbsp;est un&nbsp;saint italien, n\u00e9 et mort \u00e0 Assise,&nbsp;au d\u00e9but du XIII si\u00e8cle. Son choix de vie radical pour&nbsp;\u201cDame Pauvret\u00e9\u201d,&nbsp;son amour de la cr\u00e9ation&nbsp;et&nbsp;sa spiritualit\u00e9&nbsp;en g\u00e9n\u00e9ral en ont fait&nbsp;un des saints les plus pri\u00e9s dans le monde entier et un mod\u00e8le particuli\u00e8rement inspirant pour de nombreux chr\u00e9tiens. A commencer par&nbsp;le pape Fran\u00e7ois,&nbsp;qui a fait le choix de ce nom en hommage au&nbsp;Poverello.&nbsp;Le fondateur de l\u2019ordre des fr\u00e8res mineurs&nbsp;a \u00e9crit et inspir\u00e9 de tr\u00e8s nombreuses&nbsp;pri\u00e8res. Il nous apprend, entre autres, \u00e0&nbsp;louer Dieu pour toutes ses cr\u00e9atures et pour sa cr\u00e9ation&nbsp;(Fr\u00e8re Soleil, S\u0153ur Lune, Fr\u00e8re Vent \u2026). En 1979, le pape Jean Paul II fait de ce saint&nbsp;ami de la nature&nbsp;et des animaux,&nbsp;le saint patron des \u00e9cologistes.<\/p>\n\n\n\n<figure class=\"wp-block-image size-large\"><img loading=\"lazy\" decoding=\"async\" width=\"640\" height=\"853\" src=\"https:\/\/i0.wp.com\/vaast.armentierois.fr\/wp-content\/uploads\/2023\/09\/4e36493e-2407-46e2-9539-d5469a8ffb2b-5624-0000035128fb6945_file.jpg?resize=640%2C853&#038;ssl=1\" alt=\"\" class=\"wp-image-1989\" srcset=\"https:\/\/i0.wp.com\/vaast.armentierois.fr\/wp-content\/uploads\/2023\/09\/4e36493e-2407-46e2-9539-d5469a8ffb2b-5624-0000035128fb6945_file-scaled.jpg?resize=768%2C1024&amp;ssl=1 768w, https:\/\/i0.wp.com\/vaast.armentierois.fr\/wp-content\/uploads\/2023\/09\/4e36493e-2407-46e2-9539-d5469a8ffb2b-5624-0000035128fb6945_file-scaled.jpg?resize=225%2C300&amp;ssl=1 225w, https:\/\/i0.wp.com\/vaast.armentierois.fr\/wp-content\/uploads\/2023\/09\/4e36493e-2407-46e2-9539-d5469a8ffb2b-5624-0000035128fb6945_file-scaled.jpg?resize=1152%2C1536&amp;ssl=1 1152w, https:\/\/i0.wp.com\/vaast.armentierois.fr\/wp-content\/uploads\/2023\/09\/4e36493e-2407-46e2-9539-d5469a8ffb2b-5624-0000035128fb6945_file-scaled.jpg?resize=1536%2C2048&amp;ssl=1 1536w, https:\/\/i0.wp.com\/vaast.armentierois.fr\/wp-content\/uploads\/2023\/09\/4e36493e-2407-46e2-9539-d5469a8ffb2b-5624-0000035128fb6945_file-scaled.jpg?w=1920&amp;ssl=1 1920w, https:\/\/i0.wp.com\/vaast.armentierois.fr\/wp-content\/uploads\/2023\/09\/4e36493e-2407-46e2-9539-d5469a8ffb2b-5624-0000035128fb6945_file-scaled.jpg?w=1280&amp;ssl=1 1280w\" sizes=\"auto, (max-width: 640px) 100vw, 640px\" data-recalc-dims=\"1\" \/><figcaption class=\"wp-element-caption\">Saint Fran\u00e7ois d\u2019Assise recevant les stigmates (<em>marques des plaies du corps de J\u00e9sus) <\/em>: peinture de l\u2019\u00e9cole flamande du d\u00e9but du 17<sup>e<\/sup> si\u00e8cle, inscrite \u00e0 l\u2019inventaire d\u00e9partemental. Restaur\u00e9e en 1994.<\/figcaption><\/figure>\n\n\n\n<p><strong>Son message<\/strong><\/p>\n\n\n\n<p>Saint Fran\u00e7ois, peu apr\u00e8s la prise des lieux saints, s&#8217;est rendu en homme de paix en Terre Sainte \u00e0 une \u00e9poque o\u00f9 le sultan de l&#8217;\u00e9poque offrait une pi\u00e8ce d&#8217;or pour la t\u00eate d&#8217;un chr\u00e9tien. Apr\u00e8s avoir \u00e9t\u00e9 arr\u00eat\u00e9, on l&#8217;amena au Sultan. L\u00e0 o\u00f9 celui-ci pensait rencontrer un crois\u00e9, il trouva en Saint Fran\u00e7ois un v\u00e9ritable homme de Dieu, un homme de paix. Il l&#8217;a laiss\u00e9 repartir et lui a m\u00eame confi\u00e9 la charge des lieux saints. C&#8217;est la raison pour laquelle une bonne partie des lieux saints sont encore aujourd&#8217;hui \u00e0 la charge des franciscains. On peut se confier \u00e0 St-Fran\u00e7ois pour que nous sachions dialoguer avec ceux qui croient diff\u00e9remment de nous ou encore avec ceux qui nous en veulent.<\/p>\n\n\n\n<p class=\"has-medium-font-size\"><strong>Prier avec Fran\u00e7ois d&#8217;Assise<\/strong><\/p>\n\n\n\n<p class=\"has-luminous-vivid-amber-background-color has-background\"><em>\u201cSeigneur, fais de moi un instrument de ta paix,<\/em><\/p>\n\n\n\n<p class=\"has-luminous-vivid-amber-background-color has-background\"><em>L\u00e0 o\u00f9 est la haine, que je mette l\u2019amour.<br \/>&nbsp;L\u00e0 o\u00f9 est l\u2019offense, que je mette le pardon.<br \/>&nbsp;L\u00e0 o\u00f9 est la discorde, que je mette l\u2019union.<br \/>&nbsp;L\u00e0 o\u00f9 est l\u2019erreur, que je mette la v\u00e9rit\u00e9.<br \/>&nbsp;L\u00e0 o\u00f9 est le doute, que je mette la foi.<br \/>&nbsp;L\u00e0 o\u00f9 est le d\u00e9sespoir, que je mette l\u2019esp\u00e9rance.<br \/>&nbsp;L\u00e0 o\u00f9 sont les t\u00e9n\u00e8bres, que je mette la lumi\u00e8re.<br \/>&nbsp;L\u00e0 o\u00f9 est la tristesse, que je mette la joie.<\/em><\/p>\n\n\n\n<p class=\"has-luminous-vivid-amber-background-color has-background\"><em>O Seigneur, que je ne cherche pas tant \u00e0<br \/>&nbsp;\u00eatre consol\u00e9 qu\u2019\u00e0 consoler,<br \/>&nbsp;\u00e0 \u00eatre compris qu\u2019\u00e0 comprendre,<br \/>&nbsp;\u00e0 \u00eatre aim\u00e9 qu\u2019\u00e0 aimer.<\/em><\/p>\n\n\n\n<p class=\"has-luminous-vivid-amber-background-color has-background\"><em>Car c\u2019est en se donnant qu\u2019on re\u00e7oit,<br \/>&nbsp;c\u2019est en s\u2019oubliant qu\u2019on se retrouve,<br \/>&nbsp;c\u2019est en pardonnant qu\u2019on est pardonn\u00e9,<br \/>&nbsp;c\u2019est en mourant qu\u2019on ressuscite \u00e0 l\u2019\u00e9ternelle vie.\u201d<\/em><\/p>\n","protected":false},"excerpt":{"rendered":"<p>Sa vie Saint Fran\u00e7ois&nbsp;est un&nbsp;saint italien, n\u00e9 et mort \u00e0 Assise,&nbsp;au d\u00e9but du XIII si\u00e8cle. Son choix de vie radical &hellip; <\/p>\n","protected":false},"author":1,"featured_media":0,"parent":0,"menu_order":0,"comment_status":"closed","ping_status":"closed","template":"","meta":{"footnotes":""},"class_list":["post-1990","page","type-page","status-publish","hentry"],"_links":{"self":[{"href":"https:\/\/vaast.armentierois.fr\/index.php?rest_route=\/wp\/v2\/pages\/1990","targetHints":{"allow":["GET"]}}],"collection":[{"href":"https:\/\/vaast.armentierois.fr\/index.php?rest_route=\/wp\/v2\/pages"}],"about":[{"href":"https:\/\/vaast.armentierois.fr\/index.php?rest_route=\/wp\/v2\/types\/page"}],"author":[{"embeddable":true,"href":"https:\/\/vaast.armentierois.fr\/index.php?rest_route=\/wp\/v2\/users\/1"}],"replies":[{"embeddable":true,"href":"https:\/\/vaast.armentierois.fr\/index.php?rest_route=%2Fwp%2Fv2%2Fcomments&post=1990"}],"version-history":[{"count":5,"href":"https:\/\/vaast.armentierois.fr\/index.php?rest_route=\/wp\/v2\/pages\/1990\/revisions"}],"predecessor-version":[{"id":2337,"href":"https:\/\/vaast.armentierois.fr\/index.php?rest_route=\/wp\/v2\/pages\/1990\/revisions\/2337"}],"wp:attachment":[{"href":"https:\/\/vaast.armentierois.fr\/index.php?rest_route=%2Fwp%2Fv2%2Fmedia&parent=1990"}],"curies":[{"name":"wp","href":"https:\/\/api.w.org\/{rel}","templated":true}]}}

Toile Saint François d’assise

<p class="has-medium-font-size"><strong>Sa vie</strong></p>



<p>Saint François&nbsp;est un&nbsp;saint italien, né et mort à Assise,&nbsp;au début du XIII siècle. Son choix de vie radical pour&nbsp;“Dame Pauvreté”,&nbsp;son amour de la création&nbsp;et&nbsp;sa spiritualité&nbsp;en général en ont fait&nbsp;un des saints les plus priés dans le monde entier et un modèle particulièrement inspirant pour de nombreux chrétiens. A commencer par&nbsp;le pape François,&nbsp;qui a fait le choix de ce nom en hommage au&nbsp;Poverello.&nbsp;Le fondateur de l’ordre des frères mineurs&nbsp;a écrit et inspiré de très nombreuses&nbsp;prières. Il nous apprend, entre autres, à&nbsp;louer Dieu pour toutes ses créatures et pour sa création&nbsp;(Frère Soleil, Sœur Lune, Frère Vent …). En 1979, le pape Jean Paul II fait de ce saint&nbsp;ami de la nature&nbsp;et des animaux,&nbsp;le saint patron des écologistes.</p>



<figure class="wp-block-image size-large"><img loading="lazy" decoding="async" width="640" height="853" src="https://i0.wp.com/vaast.armentierois.fr/wp-content/uploads/2023/09/4e36493e-2407-46e2-9539-d5469a8ffb2b-5624-0000035128fb6945_file.jpg?resize=640%2C853&#038;ssl=1" alt="" class="wp-image-1989" srcset="https://i0.wp.com/vaast.armentierois.fr/wp-content/uploads/2023/09/4e36493e-2407-46e2-9539-d5469a8ffb2b-5624-0000035128fb6945_file-scaled.jpg?resize=768%2C1024&amp;ssl=1 768w, https://i0.wp.com/vaast.armentierois.fr/wp-content/uploads/2023/09/4e36493e-2407-46e2-9539-d5469a8ffb2b-5624-0000035128fb6945_file-scaled.jpg?resize=225%2C300&amp;ssl=1 225w, https://i0.wp.com/vaast.armentierois.fr/wp-content/uploads/2023/09/4e36493e-2407-46e2-9539-d5469a8ffb2b-5624-0000035128fb6945_file-scaled.jpg?resize=1152%2C1536&amp;ssl=1 1152w, https://i0.wp.com/vaast.armentierois.fr/wp-content/uploads/2023/09/4e36493e-2407-46e2-9539-d5469a8ffb2b-5624-0000035128fb6945_file-scaled.jpg?resize=1536%2C2048&amp;ssl=1 1536w, https://i0.wp.com/vaast.armentierois.fr/wp-content/uploads/2023/09/4e36493e-2407-46e2-9539-d5469a8ffb2b-5624-0000035128fb6945_file-scaled.jpg?w=1920&amp;ssl=1 1920w, https://i0.wp.com/vaast.armentierois.fr/wp-content/uploads/2023/09/4e36493e-2407-46e2-9539-d5469a8ffb2b-5624-0000035128fb6945_file-scaled.jpg?w=1280&amp;ssl=1 1280w" sizes="auto, (max-width: 640px) 100vw, 640px" data-recalc-dims="1" /><figcaption class="wp-element-caption">Saint François d’Assise recevant les stigmates (<em>marques des plaies du corps de Jésus) </em>: peinture de l’école flamande du début du 17<sup>e</sup> siècle, inscrite à l’inventaire départemental. Restaurée en 1994.</figcaption></figure>



<p><strong>Son message</strong></p>



<p>Saint François, peu après la prise des lieux saints, s&#8217;est rendu en homme de paix en Terre Sainte à une époque où le sultan de l&#8217;époque offrait une pièce d&#8217;or pour la tête d&#8217;un chrétien. Après avoir été arrêté, on l&#8217;amena au Sultan. Là où celui-ci pensait rencontrer un croisé, il trouva en Saint François un véritable homme de Dieu, un homme de paix. Il l&#8217;a laissé repartir et lui a même confié la charge des lieux saints. C&#8217;est la raison pour laquelle une bonne partie des lieux saints sont encore aujourd&#8217;hui à la charge des franciscains. On peut se confier à St-François pour que nous sachions dialoguer avec ceux qui croient différemment de nous ou encore avec ceux qui nous en veulent.</p>



<p class="has-medium-font-size"><strong>Prier avec François d&#8217;Assise</strong></p>



<p class="has-luminous-vivid-amber-background-color has-background"><em>“Seigneur, fais de moi un instrument de ta paix,</em></p>



<p class="has-luminous-vivid-amber-background-color has-background"><em>Là où est la haine, que je mette l’amour.<br />&nbsp;Là où est l’offense, que je mette le pardon.<br />&nbsp;Là où est la discorde, que je mette l’union.<br />&nbsp;Là où est l’erreur, que je mette la vérité.<br />&nbsp;Là où est le doute, que je mette la foi.<br />&nbsp;Là où est le désespoir, que je mette l’espérance.<br />&nbsp;Là où sont les ténèbres, que je mette la lumière.<br />&nbsp;Là où est la tristesse, que je mette la joie.</em></p>



<p class="has-luminous-vivid-amber-background-color has-background"><em>O Seigneur, que je ne cherche pas tant à<br />&nbsp;être consolé qu’à consoler,<br />&nbsp;à être compris qu’à comprendre,<br />&nbsp;à être aimé qu’à aimer.</em></p>



<p class="has-luminous-vivid-amber-background-color has-background"><em>Car c’est en se donnant qu’on reçoit,<br />&nbsp;c’est en s’oubliant qu’on se retrouve,<br />&nbsp;c’est en pardonnant qu’on est pardonné,<br />&nbsp;c’est en mourant qu’on ressuscite à l’éternelle vie.”</em></p>

<p>Sa vie Saint François&nbsp;est un&nbsp;saint italien, né et mort à Assise,&nbsp;au début du XIII siècle. Son choix de vie radical &hellip; </p>
