{"id":1994,"date":"2023-09-13T20:19:19","date_gmt":"2023-09-13T18:19:19","guid":{"rendered":"https:\/\/vaast.armentierois.fr\/?page_id=1994"},"modified":"2023-09-17T10:10:09","modified_gmt":"2023-09-17T08:10:09","slug":"toile-christ-a-la-couronne-depines","status":"publish","type":"page","link":"https:\/\/vaast.armentierois.fr\/?page_id=1994","title":{"rendered":"Toile Christ \u00e0 la couronne d\u2019\u00e9pines"},"content":{"rendered":"\n<figure class=\"wp-block-image size-large\"><img loading=\"lazy\" decoding=\"async\" width=\"640\" height=\"853\" src=\"https:\/\/i0.wp.com\/vaast.armentierois.fr\/wp-content\/uploads\/2023\/09\/2f21f9ec-a169-4ac7-9ba8-de8722352731-5624-00000352127229db_file.jpg?resize=640%2C853&#038;ssl=1\" alt=\"\" class=\"wp-image-1993\" srcset=\"https:\/\/i0.wp.com\/vaast.armentierois.fr\/wp-content\/uploads\/2023\/09\/2f21f9ec-a169-4ac7-9ba8-de8722352731-5624-00000352127229db_file-scaled.jpg?resize=768%2C1024&amp;ssl=1 768w, https:\/\/i0.wp.com\/vaast.armentierois.fr\/wp-content\/uploads\/2023\/09\/2f21f9ec-a169-4ac7-9ba8-de8722352731-5624-00000352127229db_file-scaled.jpg?resize=225%2C300&amp;ssl=1 225w, https:\/\/i0.wp.com\/vaast.armentierois.fr\/wp-content\/uploads\/2023\/09\/2f21f9ec-a169-4ac7-9ba8-de8722352731-5624-00000352127229db_file-scaled.jpg?resize=1152%2C1536&amp;ssl=1 1152w, https:\/\/i0.wp.com\/vaast.armentierois.fr\/wp-content\/uploads\/2023\/09\/2f21f9ec-a169-4ac7-9ba8-de8722352731-5624-00000352127229db_file-scaled.jpg?resize=1536%2C2048&amp;ssl=1 1536w, https:\/\/i0.wp.com\/vaast.armentierois.fr\/wp-content\/uploads\/2023\/09\/2f21f9ec-a169-4ac7-9ba8-de8722352731-5624-00000352127229db_file-scaled.jpg?w=1920&amp;ssl=1 1920w, https:\/\/i0.wp.com\/vaast.armentierois.fr\/wp-content\/uploads\/2023\/09\/2f21f9ec-a169-4ac7-9ba8-de8722352731-5624-00000352127229db_file-scaled.jpg?w=1280&amp;ssl=1 1280w\" sizes=\"auto, (max-width: 640px) 100vw, 640px\" data-recalc-dims=\"1\" \/><figcaption class=\"wp-element-caption\"><em>&#8220;Christ \u00e0 la couronne d&#8217;\u00e9pines&#8221; &#8211; \u0153uvre du XVII\u00e8me si\u00e8cle &#8211; Ecole flamande &#8211; restaur\u00e9e en 1997 par alain Bouchardon<\/em><\/figcaption><\/figure>\n\n\n\n<p>Extrait de la passion de J\u00e9sus en Matthieu 27,22-31<\/p>\n\n\n\n<p><strong>22<\/strong>\u00a0Pilate leur dit\u00a0: \u00ab\u00a0Que ferai-je donc de J\u00e9sus appel\u00e9 le Christ\u00a0?\u00a0\u00bb Ils r\u00e9pondirent tous\u00a0: \u00ab\u00a0Qu\u2019il soit crucifi\u00e9\u00a0!\u00a0\u00bb<\/p>\n\n\n\n<p><strong>23<\/strong>&nbsp;Pilate demanda&nbsp;: \u00ab&nbsp;Quel mal a-t-il donc fait&nbsp;?&nbsp;\u00bb Ils criaient encore plus fort&nbsp;: \u00ab&nbsp;Qu\u2019il soit crucifi\u00e9&nbsp;!&nbsp;\u00bb<\/p>\n\n\n\n<p><strong>24<\/strong>&nbsp;Pilate, voyant que ses efforts ne servaient \u00e0 rien, sinon \u00e0 augmenter le tumulte, prit de l\u2019eau et se lava les mains devant la foule, en disant&nbsp;: \u00ab&nbsp;Je suis innocent du sang de cet homme&nbsp;: cela vous regarde&nbsp;!&nbsp;\u00bb<\/p>\n\n\n\n<p><strong>25<\/strong>&nbsp;Tout le peuple r\u00e9pondit&nbsp;: \u00ab&nbsp;Son sang, qu\u2019il soit sur nous et sur nos enfants&nbsp;!&nbsp;\u00bb<\/p>\n\n\n\n<p><strong>26<\/strong>&nbsp;Alors, il leur rel\u00e2cha Barabbas&nbsp;; quant \u00e0 J\u00e9sus, il le fit flageller, et il le livra pour qu\u2019il soit crucifi\u00e9.<\/p>\n\n\n\n<p><strong>27<\/strong>&nbsp;Alors les soldats du gouverneur emmen\u00e8rent J\u00e9sus dans la salle du Pr\u00e9toire et rassembl\u00e8rent autour de lui toute la garde.<\/p>\n\n\n\n<p><strong>28<\/strong>&nbsp;Ils lui enlev\u00e8rent ses v\u00eatements et le couvrirent d\u2019un manteau rouge.<\/p>\n\n\n\n<p><strong>29\u00a0Puis, avec des \u00e9pines, ils tress\u00e8rent une couronne, et la pos\u00e8rent sur sa t\u00eate\u00a0; ils lui mirent un roseau dans la main droite et, pour se moquer de lui, ils s\u2019agenouillaient devant lui en disant\u00a0: \u00ab\u00a0Salut, roi des Juifs\u00a0!\u00a0\u00bb<\/strong><\/p>\n\n\n\n<p><strong>30<\/strong>&nbsp;Et, apr\u00e8s avoir crach\u00e9 sur lui, ils prirent le roseau, et ils le frappaient \u00e0 la t\u00eate.<\/p>\n\n\n\n<p><strong>31<\/strong>&nbsp;Quand ils se furent bien moqu\u00e9s de lui, ils lui enlev\u00e8rent le manteau, lui remirent ses v\u00eatements, et l\u2019emmen\u00e8rent pour le crucifier.<\/p>\n","protected":false},"excerpt":{"rendered":"<p>Extrait de la passion de J\u00e9sus en Matthieu 27,22-31 22\u00a0Pilate leur dit\u00a0: \u00ab\u00a0Que ferai-je donc de J\u00e9sus appel\u00e9 le Christ\u00a0?\u00a0\u00bb &hellip; <\/p>\n","protected":false},"author":1,"featured_media":0,"parent":0,"menu_order":0,"comment_status":"closed","ping_status":"closed","template":"","meta":{"footnotes":""},"class_list":["post-1994","page","type-page","status-publish","hentry"],"_links":{"self":[{"href":"https:\/\/vaast.armentierois.fr\/index.php?rest_route=\/wp\/v2\/pages\/1994","targetHints":{"allow":["GET"]}}],"collection":[{"href":"https:\/\/vaast.armentierois.fr\/index.php?rest_route=\/wp\/v2\/pages"}],"about":[{"href":"https:\/\/vaast.armentierois.fr\/index.php?rest_route=\/wp\/v2\/types\/page"}],"author":[{"embeddable":true,"href":"https:\/\/vaast.armentierois.fr\/index.php?rest_route=\/wp\/v2\/users\/1"}],"replies":[{"embeddable":true,"href":"https:\/\/vaast.armentierois.fr\/index.php?rest_route=%2Fwp%2Fv2%2Fcomments&post=1994"}],"version-history":[{"count":2,"href":"https:\/\/vaast.armentierois.fr\/index.php?rest_route=\/wp\/v2\/pages\/1994\/revisions"}],"predecessor-version":[{"id":2305,"href":"https:\/\/vaast.armentierois.fr\/index.php?rest_route=\/wp\/v2\/pages\/1994\/revisions\/2305"}],"wp:attachment":[{"href":"https:\/\/vaast.armentierois.fr\/index.php?rest_route=%2Fwp%2Fv2%2Fmedia&parent=1994"}],"curies":[{"name":"wp","href":"https:\/\/api.w.org\/{rel}","templated":true}]}}

Toile Christ à la couronne d’épines

<figure class="wp-block-image size-large"><img loading="lazy" decoding="async" width="640" height="853" src="https://i0.wp.com/vaast.armentierois.fr/wp-content/uploads/2023/09/2f21f9ec-a169-4ac7-9ba8-de8722352731-5624-00000352127229db_file.jpg?resize=640%2C853&#038;ssl=1" alt="" class="wp-image-1993" srcset="https://i0.wp.com/vaast.armentierois.fr/wp-content/uploads/2023/09/2f21f9ec-a169-4ac7-9ba8-de8722352731-5624-00000352127229db_file-scaled.jpg?resize=768%2C1024&amp;ssl=1 768w, https://i0.wp.com/vaast.armentierois.fr/wp-content/uploads/2023/09/2f21f9ec-a169-4ac7-9ba8-de8722352731-5624-00000352127229db_file-scaled.jpg?resize=225%2C300&amp;ssl=1 225w, https://i0.wp.com/vaast.armentierois.fr/wp-content/uploads/2023/09/2f21f9ec-a169-4ac7-9ba8-de8722352731-5624-00000352127229db_file-scaled.jpg?resize=1152%2C1536&amp;ssl=1 1152w, https://i0.wp.com/vaast.armentierois.fr/wp-content/uploads/2023/09/2f21f9ec-a169-4ac7-9ba8-de8722352731-5624-00000352127229db_file-scaled.jpg?resize=1536%2C2048&amp;ssl=1 1536w, https://i0.wp.com/vaast.armentierois.fr/wp-content/uploads/2023/09/2f21f9ec-a169-4ac7-9ba8-de8722352731-5624-00000352127229db_file-scaled.jpg?w=1920&amp;ssl=1 1920w, https://i0.wp.com/vaast.armentierois.fr/wp-content/uploads/2023/09/2f21f9ec-a169-4ac7-9ba8-de8722352731-5624-00000352127229db_file-scaled.jpg?w=1280&amp;ssl=1 1280w" sizes="auto, (max-width: 640px) 100vw, 640px" data-recalc-dims="1" /><figcaption class="wp-element-caption"><em>&#8220;Christ à la couronne d&#8217;épines&#8221; &#8211; œuvre du XVIIème siècle &#8211; Ecole flamande &#8211; restaurée en 1997 par alain Bouchardon</em></figcaption></figure>



<p>Extrait de la passion de Jésus en Matthieu 27,22-31</p>



<p><strong>22</strong> Pilate leur dit : « Que ferai-je donc de Jésus appelé le Christ ? » Ils répondirent tous : « Qu’il soit crucifié ! »</p>



<p><strong>23</strong>&nbsp;Pilate demanda&nbsp;: «&nbsp;Quel mal a-t-il donc fait&nbsp;?&nbsp;» Ils criaient encore plus fort&nbsp;: «&nbsp;Qu’il soit crucifié&nbsp;!&nbsp;»</p>



<p><strong>24</strong>&nbsp;Pilate, voyant que ses efforts ne servaient à rien, sinon à augmenter le tumulte, prit de l’eau et se lava les mains devant la foule, en disant&nbsp;: «&nbsp;Je suis innocent du sang de cet homme&nbsp;: cela vous regarde&nbsp;!&nbsp;»</p>



<p><strong>25</strong>&nbsp;Tout le peuple répondit&nbsp;: «&nbsp;Son sang, qu’il soit sur nous et sur nos enfants&nbsp;!&nbsp;»</p>



<p><strong>26</strong>&nbsp;Alors, il leur relâcha Barabbas&nbsp;; quant à Jésus, il le fit flageller, et il le livra pour qu’il soit crucifié.</p>



<p><strong>27</strong>&nbsp;Alors les soldats du gouverneur emmenèrent Jésus dans la salle du Prétoire et rassemblèrent autour de lui toute la garde.</p>



<p><strong>28</strong>&nbsp;Ils lui enlevèrent ses vêtements et le couvrirent d’un manteau rouge.</p>



<p><strong>29 Puis, avec des épines, ils tressèrent une couronne, et la posèrent sur sa tête ; ils lui mirent un roseau dans la main droite et, pour se moquer de lui, ils s’agenouillaient devant lui en disant : « Salut, roi des Juifs ! »</strong></p>



<p><strong>30</strong>&nbsp;Et, après avoir craché sur lui, ils prirent le roseau, et ils le frappaient à la tête.</p>



<p><strong>31</strong>&nbsp;Quand ils se furent bien moqués de lui, ils lui enlevèrent le manteau, lui remirent ses vêtements, et l’emmenèrent pour le crucifier.</p>

<p>Extrait de la passion de Jésus en Matthieu 27,22-31 22 Pilate leur dit : « Que ferai-je donc de Jésus appelé le Christ ? » &hellip; </p>
