{"id":2013,"date":"2023-09-13T22:31:46","date_gmt":"2023-09-13T20:31:46","guid":{"rendered":"https:\/\/vaast.armentierois.fr\/?page_id=2013"},"modified":"2023-09-13T22:33:53","modified_gmt":"2023-09-13T20:33:53","slug":"les-peintures","status":"publish","type":"page","link":"https:\/\/vaast.armentierois.fr\/?page_id=2013","title":{"rendered":"Les peintures"},"content":{"rendered":"\n<p>Dans l&#8217;\u00e9glise Saint Vaast, on retrouve de nombreuses toiles de ma\u00eetre ou d&#8217;\u00e9cole de Maitres.<\/p>\n","protected":false},"excerpt":{"rendered":"<p>Dans l&#8217;\u00e9glise Saint Vaast, on retrouve de nombreuses toiles de ma\u00eetre ou d&#8217;\u00e9cole de Maitres.<\/p>\n","protected":false},"author":1,"featured_media":0,"parent":0,"menu_order":0,"comment_status":"closed","ping_status":"closed","template":"","meta":{"footnotes":""},"class_list":["post-2013","page","type-page","status-publish","hentry"],"_links":{"self":[{"href":"https:\/\/vaast.armentierois.fr\/index.php?rest_route=\/wp\/v2\/pages\/2013","targetHints":{"allow":["GET"]}}],"collection":[{"href":"https:\/\/vaast.armentierois.fr\/index.php?rest_route=\/wp\/v2\/pages"}],"about":[{"href":"https:\/\/vaast.armentierois.fr\/index.php?rest_route=\/wp\/v2\/types\/page"}],"author":[{"embeddable":true,"href":"https:\/\/vaast.armentierois.fr\/index.php?rest_route=\/wp\/v2\/users\/1"}],"replies":[{"embeddable":true,"href":"https:\/\/vaast.armentierois.fr\/index.php?rest_route=%2Fwp%2Fv2%2Fcomments&post=2013"}],"version-history":[{"count":2,"href":"https:\/\/vaast.armentierois.fr\/index.php?rest_route=\/wp\/v2\/pages\/2013\/revisions"}],"predecessor-version":[{"id":2016,"href":"https:\/\/vaast.armentierois.fr\/index.php?rest_route=\/wp\/v2\/pages\/2013\/revisions\/2016"}],"wp:attachment":[{"href":"https:\/\/vaast.armentierois.fr\/index.php?rest_route=%2Fwp%2Fv2%2Fmedia&parent=2013"}],"curies":[{"name":"wp","href":"https:\/\/api.w.org\/{rel}","templated":true}]}}