{"id":2046,"date":"2023-09-14T10:04:15","date_gmt":"2023-09-14T08:04:15","guid":{"rendered":"https:\/\/vaast.armentierois.fr\/?page_id=2046"},"modified":"2023-09-17T15:33:00","modified_gmt":"2023-09-17T13:33:00","slug":"vierge-a-lenfant","status":"publish","type":"page","link":"https:\/\/vaast.armentierois.fr\/?page_id=2046","title":{"rendered":"Vierge \u00e0 l\u2019enfant"},"content":{"rendered":"\n<figure class=\"wp-block-image size-large\"><img loading=\"lazy\" decoding=\"async\" width=\"640\" height=\"853\" src=\"https:\/\/i0.wp.com\/vaast.armentierois.fr\/wp-content\/uploads\/2023\/09\/10fe2604-f7d8-4d2f-88b3-de5f5d0ae69a-713-000000c05210e4a0_file.jpg?resize=640%2C853&#038;ssl=1\" alt=\"\" class=\"wp-image-2045\" srcset=\"https:\/\/i0.wp.com\/vaast.armentierois.fr\/wp-content\/uploads\/2023\/09\/10fe2604-f7d8-4d2f-88b3-de5f5d0ae69a-713-000000c05210e4a0_file-scaled.jpg?resize=768%2C1024&amp;ssl=1 768w, https:\/\/i0.wp.com\/vaast.armentierois.fr\/wp-content\/uploads\/2023\/09\/10fe2604-f7d8-4d2f-88b3-de5f5d0ae69a-713-000000c05210e4a0_file-scaled.jpg?resize=225%2C300&amp;ssl=1 225w, https:\/\/i0.wp.com\/vaast.armentierois.fr\/wp-content\/uploads\/2023\/09\/10fe2604-f7d8-4d2f-88b3-de5f5d0ae69a-713-000000c05210e4a0_file-scaled.jpg?resize=1152%2C1536&amp;ssl=1 1152w, https:\/\/i0.wp.com\/vaast.armentierois.fr\/wp-content\/uploads\/2023\/09\/10fe2604-f7d8-4d2f-88b3-de5f5d0ae69a-713-000000c05210e4a0_file-scaled.jpg?resize=1536%2C2048&amp;ssl=1 1536w, https:\/\/i0.wp.com\/vaast.armentierois.fr\/wp-content\/uploads\/2023\/09\/10fe2604-f7d8-4d2f-88b3-de5f5d0ae69a-713-000000c05210e4a0_file-scaled.jpg?w=1920&amp;ssl=1 1920w, https:\/\/i0.wp.com\/vaast.armentierois.fr\/wp-content\/uploads\/2023\/09\/10fe2604-f7d8-4d2f-88b3-de5f5d0ae69a-713-000000c05210e4a0_file-scaled.jpg?w=1280&amp;ssl=1 1280w\" sizes=\"auto, (max-width: 640px) 100vw, 640px\" data-recalc-dims=\"1\" \/><figcaption class=\"wp-element-caption\">Statue provenant de l\u2019ancien Carmel d\u00e9moli en 1997 suite au d\u00e9part des religieuses en 1985 qui se trouvait rue Jean Jaures<\/figcaption><\/figure>\n\n\n\n<p>C&#8217;est une vierge \u00e0 l&#8217;enfant qui accueille le visiteur \u00e0 l&#8217;entr\u00e9e de l&#8217;abside. J\u00e9sus, avec sa main christique, b\u00e9nit le p\u00e8lerin.<\/p>\n\n\n\n<p>La&nbsp;Vierge \u00e0 l&#8217;Enfant, ou&nbsp;Madone, est un th\u00e8me r\u00e9current en peinture et en sculpture religieuses, renvoyant \u00e0 la&nbsp;Nativit\u00e9&nbsp;du&nbsp;Christ&nbsp;et \u00e0 la&nbsp;maternit\u00e9&nbsp;de la&nbsp;Vierge Marie. Il s&#8217;agit d&#8217;un th\u00e8me iconographique permettant d&#8217;\u00e9voquer la double nature du&nbsp;Christ, humaine et divine.<\/p>\n\n\n\n<h2 class=\"wp-block-heading\" id=\"c1768\">Pri\u00e8re \u00e0 Marie du Pape Fran\u00e7ois<\/h2>\n\n\n\n<p>Marie, femme de l\u2019\u00e9coute,<br \/>ouvre nos oreilles:<br \/>fais que nous sachions \u00e9couter la Parole de ton Fils J\u00e9sus<br \/>entre les mille paroles de ce monde ;<br \/>fais que nous sachions \u00e9couter la r\u00e9alit\u00e9 dans laquelle nous vivons,<br \/>chaque personne que nous rencontrons,<br \/>en particulier celle qui est la plus pauvre, d\u00e9munie, en difficult\u00e9.<\/p>\n\n\n\n<p>Marie, femme de la d\u00e9cision,<br \/>illumine notre esprit et notre c\u0153ur,<br \/>pour que nous sachions ob\u00e9ir<br \/>\u00e0 la Parole de ton Fils J\u00e9sus, sans h\u00e9sitation ;<br \/>donne-nous le courage de la d\u00e9cision,<br \/>de ne pas nous laisser entra\u00eener pour que d\u2019autres orientent notre vie.<\/p>\n\n\n\n<p>Marie, femme de l\u2019action,<br \/>fais que nos mains et nos pieds aillent \u00ab en h\u00e2te \u00bb vers les autres,<br \/>pour apporter la charit\u00e9 et l\u2019amour de ton Fils J\u00e9sus,<br \/>pour apporter, comme toi, dans le monde la lumi\u00e8re de l\u2019\u00c9vangile.<\/p>\n","protected":false},"excerpt":{"rendered":"<p>C&#8217;est une vierge \u00e0 l&#8217;enfant qui accueille le visiteur \u00e0 l&#8217;entr\u00e9e de l&#8217;abside. J\u00e9sus, avec sa main christique, b\u00e9nit le &hellip; <\/p>\n","protected":false},"author":1,"featured_media":0,"parent":0,"menu_order":0,"comment_status":"closed","ping_status":"closed","template":"","meta":{"footnotes":""},"class_list":["post-2046","page","type-page","status-publish","hentry"],"_links":{"self":[{"href":"https:\/\/vaast.armentierois.fr\/index.php?rest_route=\/wp\/v2\/pages\/2046","targetHints":{"allow":["GET"]}}],"collection":[{"href":"https:\/\/vaast.armentierois.fr\/index.php?rest_route=\/wp\/v2\/pages"}],"about":[{"href":"https:\/\/vaast.armentierois.fr\/index.php?rest_route=\/wp\/v2\/types\/page"}],"author":[{"embeddable":true,"href":"https:\/\/vaast.armentierois.fr\/index.php?rest_route=\/wp\/v2\/users\/1"}],"replies":[{"embeddable":true,"href":"https:\/\/vaast.armentierois.fr\/index.php?rest_route=%2Fwp%2Fv2%2Fcomments&post=2046"}],"version-history":[{"count":3,"href":"https:\/\/vaast.armentierois.fr\/index.php?rest_route=\/wp\/v2\/pages\/2046\/revisions"}],"predecessor-version":[{"id":2342,"href":"https:\/\/vaast.armentierois.fr\/index.php?rest_route=\/wp\/v2\/pages\/2046\/revisions\/2342"}],"wp:attachment":[{"href":"https:\/\/vaast.armentierois.fr\/index.php?rest_route=%2Fwp%2Fv2%2Fmedia&parent=2046"}],"curies":[{"name":"wp","href":"https:\/\/api.w.org\/{rel}","templated":true}]}}

Vierge à l’enfant

<figure class="wp-block-image size-large"><img loading="lazy" decoding="async" width="640" height="853" src="https://i0.wp.com/vaast.armentierois.fr/wp-content/uploads/2023/09/10fe2604-f7d8-4d2f-88b3-de5f5d0ae69a-713-000000c05210e4a0_file.jpg?resize=640%2C853&#038;ssl=1" alt="" class="wp-image-2045" srcset="https://i0.wp.com/vaast.armentierois.fr/wp-content/uploads/2023/09/10fe2604-f7d8-4d2f-88b3-de5f5d0ae69a-713-000000c05210e4a0_file-scaled.jpg?resize=768%2C1024&amp;ssl=1 768w, https://i0.wp.com/vaast.armentierois.fr/wp-content/uploads/2023/09/10fe2604-f7d8-4d2f-88b3-de5f5d0ae69a-713-000000c05210e4a0_file-scaled.jpg?resize=225%2C300&amp;ssl=1 225w, https://i0.wp.com/vaast.armentierois.fr/wp-content/uploads/2023/09/10fe2604-f7d8-4d2f-88b3-de5f5d0ae69a-713-000000c05210e4a0_file-scaled.jpg?resize=1152%2C1536&amp;ssl=1 1152w, https://i0.wp.com/vaast.armentierois.fr/wp-content/uploads/2023/09/10fe2604-f7d8-4d2f-88b3-de5f5d0ae69a-713-000000c05210e4a0_file-scaled.jpg?resize=1536%2C2048&amp;ssl=1 1536w, https://i0.wp.com/vaast.armentierois.fr/wp-content/uploads/2023/09/10fe2604-f7d8-4d2f-88b3-de5f5d0ae69a-713-000000c05210e4a0_file-scaled.jpg?w=1920&amp;ssl=1 1920w, https://i0.wp.com/vaast.armentierois.fr/wp-content/uploads/2023/09/10fe2604-f7d8-4d2f-88b3-de5f5d0ae69a-713-000000c05210e4a0_file-scaled.jpg?w=1280&amp;ssl=1 1280w" sizes="auto, (max-width: 640px) 100vw, 640px" data-recalc-dims="1" /><figcaption class="wp-element-caption">Statue provenant de l’ancien Carmel démoli en 1997 suite au départ des religieuses en 1985 qui se trouvait rue Jean Jaures</figcaption></figure>



<p>C&#8217;est une vierge à l&#8217;enfant qui accueille le visiteur à l&#8217;entrée de l&#8217;abside. Jésus, avec sa main christique, bénit le pèlerin.</p>



<p>La&nbsp;Vierge à l&#8217;Enfant, ou&nbsp;Madone, est un thème récurrent en peinture et en sculpture religieuses, renvoyant à la&nbsp;Nativité&nbsp;du&nbsp;Christ&nbsp;et à la&nbsp;maternité&nbsp;de la&nbsp;Vierge Marie. Il s&#8217;agit d&#8217;un thème iconographique permettant d&#8217;évoquer la double nature du&nbsp;Christ, humaine et divine.</p>



<h2 class="wp-block-heading" id="c1768">Prière à Marie du Pape François</h2>



<p>Marie, femme de l’écoute,<br />ouvre nos oreilles:<br />fais que nous sachions écouter la Parole de ton Fils Jésus<br />entre les mille paroles de ce monde ;<br />fais que nous sachions écouter la réalité dans laquelle nous vivons,<br />chaque personne que nous rencontrons,<br />en particulier celle qui est la plus pauvre, démunie, en difficulté.</p>



<p>Marie, femme de la décision,<br />illumine notre esprit et notre cœur,<br />pour que nous sachions obéir<br />à la Parole de ton Fils Jésus, sans hésitation ;<br />donne-nous le courage de la décision,<br />de ne pas nous laisser entraîner pour que d’autres orientent notre vie.</p>



<p>Marie, femme de l’action,<br />fais que nos mains et nos pieds aillent « en hâte » vers les autres,<br />pour apporter la charité et l’amour de ton Fils Jésus,<br />pour apporter, comme toi, dans le monde la lumière de l’Évangile.</p>

<p>C&#8217;est une vierge à l&#8217;enfant qui accueille le visiteur à l&#8217;entrée de l&#8217;abside. Jésus, avec sa main christique, bénit le &hellip; </p>
