{"id":2089,"date":"2023-09-14T10:46:23","date_gmt":"2023-09-14T08:46:23","guid":{"rendered":"https:\/\/vaast.armentierois.fr\/?page_id=2089"},"modified":"2023-09-17T07:40:39","modified_gmt":"2023-09-17T05:40:39","slug":"eloi","status":"publish","type":"page","link":"https:\/\/vaast.armentierois.fr\/?page_id=2089","title":{"rendered":"Eloi"},"content":{"rendered":"\n<figure class=\"wp-block-image size-large\"><img loading=\"lazy\" decoding=\"async\" width=\"640\" height=\"853\" src=\"https:\/\/i0.wp.com\/vaast.armentierois.fr\/wp-content\/uploads\/2023\/09\/4d839e46-0ce3-4de8-bd57-fb45c6d92afb-713-000000ce5d4c3e58_file.jpg?resize=640%2C853&#038;ssl=1\" alt=\"\" class=\"wp-image-2088\" srcset=\"https:\/\/i0.wp.com\/vaast.armentierois.fr\/wp-content\/uploads\/2023\/09\/4d839e46-0ce3-4de8-bd57-fb45c6d92afb-713-000000ce5d4c3e58_file-scaled.jpg?resize=768%2C1024&amp;ssl=1 768w, https:\/\/i0.wp.com\/vaast.armentierois.fr\/wp-content\/uploads\/2023\/09\/4d839e46-0ce3-4de8-bd57-fb45c6d92afb-713-000000ce5d4c3e58_file-scaled.jpg?resize=225%2C300&amp;ssl=1 225w, https:\/\/i0.wp.com\/vaast.armentierois.fr\/wp-content\/uploads\/2023\/09\/4d839e46-0ce3-4de8-bd57-fb45c6d92afb-713-000000ce5d4c3e58_file-scaled.jpg?resize=1152%2C1536&amp;ssl=1 1152w, https:\/\/i0.wp.com\/vaast.armentierois.fr\/wp-content\/uploads\/2023\/09\/4d839e46-0ce3-4de8-bd57-fb45c6d92afb-713-000000ce5d4c3e58_file-scaled.jpg?resize=1536%2C2048&amp;ssl=1 1536w, https:\/\/i0.wp.com\/vaast.armentierois.fr\/wp-content\/uploads\/2023\/09\/4d839e46-0ce3-4de8-bd57-fb45c6d92afb-713-000000ce5d4c3e58_file-scaled.jpg?w=1920&amp;ssl=1 1920w, https:\/\/i0.wp.com\/vaast.armentierois.fr\/wp-content\/uploads\/2023\/09\/4d839e46-0ce3-4de8-bd57-fb45c6d92afb-713-000000ce5d4c3e58_file-scaled.jpg?w=1280&amp;ssl=1 1280w\" sizes=\"auto, (max-width: 640px) 100vw, 640px\" data-recalc-dims=\"1\" \/><\/figure>\n\n\n\n<p>Saint \u00c9loi\u00a0est n\u00e9 vers 588 pr\u00e8s de\u00a0Limoges, dans une\u00a0famille de riches paysans. Adulte, il entra comme\u00a0apprenti orf\u00e8vre\u00a0dans un atelier o\u00f9 l\u2019on frappait la\u00a0monnaie royale, selon des m\u00e9thodes romaines anciennes.\u00a0<\/p>\n\n\n\n<p>Selon saint Ouen, \u00c9loi \u00ab<em>&nbsp;assistait fr\u00e9quemment aux offices de l&#8217;\u00e9glise, o\u00f9 il \u00e9coutait avec une grande avidit\u00e9 tout ce qu&#8217;on disait des divines \u00c9critures.&nbsp;<\/em>\u00bb.&nbsp;<\/p>\n\n\n\n<p>Il donnait une grande partie de sa richesse aux pauvres et aux esclaves. Ces\u00a0qualit\u00e9s professionnelles\u00a0allaient de pair avec une\u00a0grande honn\u00eatet\u00e9. Il entra alors au service de l\u2019orf\u00e8vre Bonbon \u00e0 Paris. Ce dernier re\u00e7ut une commande du\u00a0roi Clotaire II\u00a0pour la\u00a0fabrication d\u2019un tr\u00f4ne d\u2019or orn\u00e9 de pierres pr\u00e9cieuses. Le travail fut confi\u00e9 \u00e0 \u00c9loi, qui r\u00e9ussit \u00e0 fabriquer\u00a0deux tr\u00f4nes\u00a0avec la quantit\u00e9 d\u2019or donn\u00e9e. En effet, par honn\u00eatet\u00e9 il n\u2019a pas voulu garder le surplus. Pour cet acte, il obtint\u00a0la confiance du roi\u00a0qui le nomma\u00a0orf\u00e8vre royal, fonctionnaire de la Tr\u00e9sorerie royale et conseiller \u00e0 la cour.\u00a0<\/p>\n\n\n\n<p>Apr\u00e8s avoir \u00e9t\u00e9\u00a0mon\u00e9taire \u00e0 Marseille\u00a0le saint homme continue les\u00a0bonnes actions\u00a0en rachetant de nombreux esclaves. Lors de l\u2019accession de Dagobert au tr\u00f4ne en 629\u00a0il f\u00fbt rappel\u00e9 \u00e0 Paris afin de\u00a0diriger les ateliers mon\u00e9taires du royaume, sur le\u00a0quai des Orf\u00e8vres. Il \u0153uvra \u00e0 l\u2019ornement des tombes de\u00a0sainte Genevi\u00e8ve\u00a0et de saint Denis.\u00a0<\/p>\n\n\n\n<p>Sa\u00a0franchise, son\u00a0honn\u00eatet\u00e9\u00a0et sa\u00a0droiture\u00a0lui valurent une\u00a0confiance totale du roi\u00a0qui l\u2019appelait souvent aupr\u00e8s de lui pour ses conseils avis\u00e9s.\u00a0<\/p>\n\n\n\n<p>Tout au long de sa vie saint\u00a0\u00c9loi se rendait r\u00e9guli\u00e8rement aux offices monastiques\u00a0et se tournait vers la pri\u00e8re et les bonnes actions envers les pauvres et les esclaves.\u00a0<\/p>\n\n\n\n<p>En 632, il\u00a0fonde le monast\u00e8re de Solignac, au sud de Limoges, et l\u2019ann\u00e9e suivante, au c\u0153ur de l\u2019\u00eele de la Cit\u00e9,\u00a0le premier monast\u00e8re f\u00e9minin de Paris, qu\u2019il confie ensuite \u00e0\u00a0sainte Aure.\u00a0<\/p>\n\n\n\n<p>Un an apr\u00e8s la mort de Dagobert\u00a0(en 639),\u00a0saint \u00c9loi quitte la cour et entre dans la cl\u00e9ricature,\u00a0en m\u00eame temps que son ami saint Ouen, et\u00a0est ordonn\u00e9 pr\u00eatre.\u00a0<strong>Le 13 mai 641, il re\u00e7oit, toujours accompagn\u00e9 de Ouen,\u00a0l\u2019\u00e9piscopat de Noyon et Tournai. Son dioc\u00e8se s\u2019\u00e9tendait jusqu\u2019\u00e0 Courtrai, Gand et la Frise n\u00e9erlandaise. Il tenta, sans succ\u00e8s, d&#8217;\u00e9vang\u00e9liser la r\u00e9gion d\u2019Anvers.<\/strong> Il se rapprocha de la\u00a0spiritualit\u00e9 de saint Colomban\u00a0(moine irlandais) et\u00a0fonda d\u2019autres monast\u00e8res et voyagea dans tout le royaume franc. Il\u00a0meurt en 660.\u00a0Une \u00e9glise lui f\u00fbt d\u00e9di\u00e9e dans la rue des Orf\u00e8vres, pr\u00e8s de l\u2019h\u00f4tel de la Monnaie, qui f\u00fbt, malheureusement, d\u00e9truite en 1793. En revanche,\u00a0l\u2019\u00e9glise Saint-Eloi, situ\u00e9e dans le quartier des ferronniers d\u2019art et des \u00e9b\u00e9nistes, est toujours pr\u00e9sente \u00e0 Paris.\u00a0Une statue \u00e0 son effigie\u00a0a \u00e9t\u00e9 plac\u00e9e par les orf\u00e8vres et joailliers de Paris dans la chapelle Sainte-Anne\u00a0dans la cath\u00e9drale Notre-Dame.<\/p>\n\n\n\n<h2 class=\"wp-block-heading\" id=\"prieres-de-saint-eloi\">Pri\u00e8res de saint \u00c9loi<\/h2>\n\n\n\n<p><strong>Prier avec Saint Eloi<\/strong><\/p>\n\n\n\n<p>Saint Eloi,<\/p>\n\n\n\n<p>Toi l\u2019intendant fid\u00e8le que le Seigneur a combl\u00e9 d\u2019un admirable esprit de travail, de loyaut\u00e9, de mis\u00e9ricorde et de pi\u00e9t\u00e9, obtiens-nous de savoir comme toi, \u00eatre pr\u00e9sent aux soucis et au labeur des hommes et t\u00e9moigner aussi de l\u2019Evangile de J\u00e9sus-Christ qui vit et r\u00e8gne avec le P\u00e8re et l\u2019Esprit Saint pour les si\u00e8cles des si\u00e8cles.<\/p>\n\n\n\n<p>Amen !<\/p>\n\n\n\n<p>Saint Eloi,&nbsp;<em>priez pour nous !<\/em><\/p>\n\n\n\n<p>Saint Eloi,&nbsp;<em>priez pour nous !<\/em><\/p>\n\n\n\n<p>Saint Eloi,&nbsp;<em>priez pour nous <\/em><\/p>\n\n\n\n<h3 class=\"wp-block-heading\" id=\"priere-a-saint-eloi-pour-guerir-dune-maladie\">Pri\u00e8re \u00e0 saint \u00c9loi pour gu\u00e9rir d\u2019une maladie<\/h3>\n\n\n\n<p>\u00ab<em>&nbsp;\u00d4 Bienheureux Saint \u00c9loi, qui par tes vertus, as trouv\u00e9 place \u00e0 la droite de Dieu,<\/em><\/p>\n\n\n\n<p><em>Toi qui as donn\u00e9 de sages conseils aux puissants,<\/em><\/p>\n\n\n\n<p><em>Toi qui as su donner beaut\u00e9 et gr\u00e2ce aux m\u00e9taux inanim\u00e9s,<\/em><\/p>\n\n\n\n<p><em>Use de ton pouvoir pour rendre mes os \u00e0 nouveau intacts.<\/em><\/p>\n\n\n\n<p><em>Par la gr\u00e2ce de Dieu, fais que je puisse gu\u00e9rir de ma maladie et reprendre la vie ordinaire, mais avec une confiance encore plus grande dans le Seigneur et le d\u00e9sir de le suivre sans embarras. Amen<\/em>&nbsp;\u00bb.<\/p>\n\n\n\n<h3 class=\"wp-block-heading\" id=\"priere-de-saint-eloi-pour-demander-la-misericorde-du-seigneur\">Pri\u00e8re de saint \u00c9loi pour demander la Mis\u00e9ricorde du Seigneur<\/h3>\n\n\n\n<p>\u00ab<em>&nbsp;Je Vous prie, divin Pasteur, de donner \u00e0 ce peuple que je vais quitter un P\u00e8re selon votre C\u0153ur, et de l\u2019environner Vous-m\u00eame de votre Mis\u00e9ricorde ; soutenez-le de votre Protection ; guidez-le par vos Inspirations, et ne cessez point de le conduire par la voie des Commandements ; Seigneur, laissez maintenant aller Votre serviteur en paix, et n\u2019entrez point en jugement avec moi. Souvenez-Vous, Seigneur, que ma vie n\u2019est qu\u2019un souffle et un peu de vent ; pardonnez-moi, mon Dieu, car mes jours ne sont qu\u2019un pur n\u00e9ant. C\u2019est contre Vous seul, mon cher Ma\u00eetre, que j\u2019ai p\u00e9ch\u00e9 ; ayez piti\u00e9 de moi selon Votre grande Mis\u00e9ricorde. Amen<\/em>&nbsp;\u00bb.<em>&nbsp;<\/em><\/p>\n\n\n\n<h3 class=\"wp-block-heading\" id=\"priere-de-saint-eloi-pour-la-protection-dune-sepulture\">Pri\u00e8re de saint \u00c9loi pour la protection d\u2019une s\u00e9pulture<\/h3>\n\n\n\n<p><em>\u00ab Dieu qui avez fond\u00e9 la terre, tiss\u00e9 le Ciel et fix\u00e9 dans le firmament tous les astres \u00e0 une place d\u00e9termin\u00e9e ; Vous avez, dans les eaux baptismales, refait et renouvel\u00e9 l&#8217;homme qui s&#8217;\u00e9tait laiss\u00e9 prendre dans les r\u00eats de la mort. Vous avez \u00e9crit, sur le livre de vie, les noms d&#8217;Abraham, d\u2019Isaac et de Jacob, dont les corps furent ensevelis dans les grottes ; Vous leur avez donn\u00e9 la dignit\u00e9 de l&#8217;\u00e9ternelle gloire ; Vous en avez fait les princes du Ciel. B\u00e9nissez aussi cette tombe de Votre serviteur, et, quant \u00e0 lui, faites le reposer l\u00e0-Haut dans le sein d&#8217;Abraham, d\u2019Isaac et de Jacob, \u00f4 Vous qui avez voulu que, pour le salut du monde, notre Seigneur et votre Fils J\u00e9sus ressuscit\u00e2t et sort\u00eet vainqueur des lacs infernaux. Jetez un Regard sur cette s\u00e9pulture, \u00f4 mon Dieu. Que l&#8217;Esprit-Saint descende sur elle et que le corps de notre fr\u00e8re y dorme paisiblement jusqu&#8217;\u00e0 ce qu&#8217;il ressuscite, au jour du Jugement, avec tous les Saints \u00bb.\u00a0<\/em><\/p>\n","protected":false},"excerpt":{"rendered":"<p>Saint \u00c9loi\u00a0est n\u00e9 vers 588 pr\u00e8s de\u00a0Limoges, dans une\u00a0famille de riches paysans. Adulte, il entra comme\u00a0apprenti orf\u00e8vre\u00a0dans un atelier o\u00f9 &hellip; <\/p>\n","protected":false},"author":1,"featured_media":0,"parent":0,"menu_order":0,"comment_status":"closed","ping_status":"closed","template":"","meta":{"footnotes":""},"class_list":["post-2089","page","type-page","status-publish","hentry"],"_links":{"self":[{"href":"https:\/\/vaast.armentierois.fr\/index.php?rest_route=\/wp\/v2\/pages\/2089","targetHints":{"allow":["GET"]}}],"collection":[{"href":"https:\/\/vaast.armentierois.fr\/index.php?rest_route=\/wp\/v2\/pages"}],"about":[{"href":"https:\/\/vaast.armentierois.fr\/index.php?rest_route=\/wp\/v2\/types\/page"}],"author":[{"embeddable":true,"href":"https:\/\/vaast.armentierois.fr\/index.php?rest_route=\/wp\/v2\/users\/1"}],"replies":[{"embeddable":true,"href":"https:\/\/vaast.armentierois.fr\/index.php?rest_route=%2Fwp%2Fv2%2Fcomments&post=2089"}],"version-history":[{"count":1,"href":"https:\/\/vaast.armentierois.fr\/index.php?rest_route=\/wp\/v2\/pages\/2089\/revisions"}],"predecessor-version":[{"id":2243,"href":"https:\/\/vaast.armentierois.fr\/index.php?rest_route=\/wp\/v2\/pages\/2089\/revisions\/2243"}],"wp:attachment":[{"href":"https:\/\/vaast.armentierois.fr\/index.php?rest_route=%2Fwp%2Fv2%2Fmedia&parent=2089"}],"curies":[{"name":"wp","href":"https:\/\/api.w.org\/{rel}","templated":true}]}}