{"id":2123,"date":"2023-09-14T11:03:10","date_gmt":"2023-09-14T09:03:10","guid":{"rendered":"https:\/\/vaast.armentierois.fr\/?page_id=2123"},"modified":"2023-09-17T08:17:10","modified_gmt":"2023-09-17T06:17:10","slug":"vitraux-de-la-nef","status":"publish","type":"page","link":"https:\/\/vaast.armentierois.fr\/?page_id=2123","title":{"rendered":"Vitraux de la nef"},"content":{"rendered":"\n<p>Les vitraux de la nef sont dans un verre peu color\u00e9 et apportent une grande clart\u00e9 \u00e0 l&#8217;\u00e9glise.<\/p>\n\n\n\n<figure class=\"wp-block-image size-large\"><img loading=\"lazy\" decoding=\"async\" width=\"640\" height=\"853\" src=\"https:\/\/i0.wp.com\/vaast.armentierois.fr\/wp-content\/uploads\/2023\/09\/2a8c3389-800a-4fd0-8409-e167d3e32e4f-713-000000d47ae599b4_file.jpg?resize=640%2C853&#038;ssl=1\" alt=\"\" class=\"wp-image-2122\" srcset=\"https:\/\/i0.wp.com\/vaast.armentierois.fr\/wp-content\/uploads\/2023\/09\/2a8c3389-800a-4fd0-8409-e167d3e32e4f-713-000000d47ae599b4_file-scaled.jpg?resize=768%2C1024&amp;ssl=1 768w, https:\/\/i0.wp.com\/vaast.armentierois.fr\/wp-content\/uploads\/2023\/09\/2a8c3389-800a-4fd0-8409-e167d3e32e4f-713-000000d47ae599b4_file-scaled.jpg?resize=225%2C300&amp;ssl=1 225w, https:\/\/i0.wp.com\/vaast.armentierois.fr\/wp-content\/uploads\/2023\/09\/2a8c3389-800a-4fd0-8409-e167d3e32e4f-713-000000d47ae599b4_file-scaled.jpg?resize=1152%2C1536&amp;ssl=1 1152w, https:\/\/i0.wp.com\/vaast.armentierois.fr\/wp-content\/uploads\/2023\/09\/2a8c3389-800a-4fd0-8409-e167d3e32e4f-713-000000d47ae599b4_file-scaled.jpg?resize=1536%2C2048&amp;ssl=1 1536w, https:\/\/i0.wp.com\/vaast.armentierois.fr\/wp-content\/uploads\/2023\/09\/2a8c3389-800a-4fd0-8409-e167d3e32e4f-713-000000d47ae599b4_file-scaled.jpg?w=1920&amp;ssl=1 1920w, https:\/\/i0.wp.com\/vaast.armentierois.fr\/wp-content\/uploads\/2023\/09\/2a8c3389-800a-4fd0-8409-e167d3e32e4f-713-000000d47ae599b4_file-scaled.jpg?w=1280&amp;ssl=1 1280w\" sizes=\"auto, (max-width: 640px) 100vw, 640px\" data-recalc-dims=\"1\" \/><\/figure>\n\n\n\n<p>Sur le bas c\u00f4t\u00e9 Nord, on retrouve les couleurs bleues intenses du transept nord. <\/p>\n\n\n\n<figure class=\"wp-block-image size-large\"><img loading=\"lazy\" decoding=\"async\" width=\"640\" height=\"853\" src=\"https:\/\/i0.wp.com\/vaast.armentierois.fr\/wp-content\/uploads\/2023\/09\/05022c88-b746-497b-8488-c15017dc9264-713-000000d402c30fb3_file.jpg?resize=640%2C853&#038;ssl=1\" alt=\"\" class=\"wp-image-2120\" srcset=\"https:\/\/i0.wp.com\/vaast.armentierois.fr\/wp-content\/uploads\/2023\/09\/05022c88-b746-497b-8488-c15017dc9264-713-000000d402c30fb3_file-scaled.jpg?resize=768%2C1024&amp;ssl=1 768w, https:\/\/i0.wp.com\/vaast.armentierois.fr\/wp-content\/uploads\/2023\/09\/05022c88-b746-497b-8488-c15017dc9264-713-000000d402c30fb3_file-scaled.jpg?resize=225%2C300&amp;ssl=1 225w, https:\/\/i0.wp.com\/vaast.armentierois.fr\/wp-content\/uploads\/2023\/09\/05022c88-b746-497b-8488-c15017dc9264-713-000000d402c30fb3_file-scaled.jpg?resize=1152%2C1536&amp;ssl=1 1152w, https:\/\/i0.wp.com\/vaast.armentierois.fr\/wp-content\/uploads\/2023\/09\/05022c88-b746-497b-8488-c15017dc9264-713-000000d402c30fb3_file-scaled.jpg?resize=1536%2C2048&amp;ssl=1 1536w, https:\/\/i0.wp.com\/vaast.armentierois.fr\/wp-content\/uploads\/2023\/09\/05022c88-b746-497b-8488-c15017dc9264-713-000000d402c30fb3_file-scaled.jpg?w=1920&amp;ssl=1 1920w, https:\/\/i0.wp.com\/vaast.armentierois.fr\/wp-content\/uploads\/2023\/09\/05022c88-b746-497b-8488-c15017dc9264-713-000000d402c30fb3_file-scaled.jpg?w=1280&amp;ssl=1 1280w\" sizes=\"auto, (max-width: 640px) 100vw, 640px\" data-recalc-dims=\"1\" \/><\/figure>\n\n\n\n<p>Sur le bas c\u00f4t\u00e9 sud, on retrouve les couleurs rouges intenses du transept Sud. <\/p>\n\n\n\n<figure class=\"wp-block-image size-large\"><img loading=\"lazy\" decoding=\"async\" width=\"640\" height=\"853\" src=\"https:\/\/i0.wp.com\/vaast.armentierois.fr\/wp-content\/uploads\/2023\/09\/d0bd3ece-4d94-485c-8a6f-a1b2c09ac019-713-000000d42b479364_file.jpg?resize=640%2C853&#038;ssl=1\" alt=\"\" class=\"wp-image-2121\" srcset=\"https:\/\/i0.wp.com\/vaast.armentierois.fr\/wp-content\/uploads\/2023\/09\/d0bd3ece-4d94-485c-8a6f-a1b2c09ac019-713-000000d42b479364_file-scaled.jpg?resize=768%2C1024&amp;ssl=1 768w, https:\/\/i0.wp.com\/vaast.armentierois.fr\/wp-content\/uploads\/2023\/09\/d0bd3ece-4d94-485c-8a6f-a1b2c09ac019-713-000000d42b479364_file-scaled.jpg?resize=225%2C300&amp;ssl=1 225w, https:\/\/i0.wp.com\/vaast.armentierois.fr\/wp-content\/uploads\/2023\/09\/d0bd3ece-4d94-485c-8a6f-a1b2c09ac019-713-000000d42b479364_file-scaled.jpg?resize=1152%2C1536&amp;ssl=1 1152w, https:\/\/i0.wp.com\/vaast.armentierois.fr\/wp-content\/uploads\/2023\/09\/d0bd3ece-4d94-485c-8a6f-a1b2c09ac019-713-000000d42b479364_file-scaled.jpg?resize=1536%2C2048&amp;ssl=1 1536w, https:\/\/i0.wp.com\/vaast.armentierois.fr\/wp-content\/uploads\/2023\/09\/d0bd3ece-4d94-485c-8a6f-a1b2c09ac019-713-000000d42b479364_file-scaled.jpg?w=1920&amp;ssl=1 1920w, https:\/\/i0.wp.com\/vaast.armentierois.fr\/wp-content\/uploads\/2023\/09\/d0bd3ece-4d94-485c-8a6f-a1b2c09ac019-713-000000d42b479364_file-scaled.jpg?w=1280&amp;ssl=1 1280w\" sizes=\"auto, (max-width: 640px) 100vw, 640px\" data-recalc-dims=\"1\" \/><\/figure>\n\n\n\n<p>La couleur des vitraux des bas c\u00f4t\u00e9s participe \u00e0 une atmosph\u00e8re d&#8217;int\u00e9riorit\u00e9 et de paix dans l&#8217;\u00e9glise.<\/p>\n","protected":false},"excerpt":{"rendered":"<p>Les vitraux de la nef sont dans un verre peu color\u00e9 et apportent une grande clart\u00e9 \u00e0 l&#8217;\u00e9glise. Sur le &hellip; <\/p>\n","protected":false},"author":1,"featured_media":0,"parent":0,"menu_order":0,"comment_status":"closed","ping_status":"closed","template":"","meta":{"footnotes":""},"class_list":["post-2123","page","type-page","status-publish","hentry"],"_links":{"self":[{"href":"https:\/\/vaast.armentierois.fr\/index.php?rest_route=\/wp\/v2\/pages\/2123","targetHints":{"allow":["GET"]}}],"collection":[{"href":"https:\/\/vaast.armentierois.fr\/index.php?rest_route=\/wp\/v2\/pages"}],"about":[{"href":"https:\/\/vaast.armentierois.fr\/index.php?rest_route=\/wp\/v2\/types\/page"}],"author":[{"embeddable":true,"href":"https:\/\/vaast.armentierois.fr\/index.php?rest_route=\/wp\/v2\/users\/1"}],"replies":[{"embeddable":true,"href":"https:\/\/vaast.armentierois.fr\/index.php?rest_route=%2Fwp%2Fv2%2Fcomments&post=2123"}],"version-history":[{"count":1,"href":"https:\/\/vaast.armentierois.fr\/index.php?rest_route=\/wp\/v2\/pages\/2123\/revisions"}],"predecessor-version":[{"id":2256,"href":"https:\/\/vaast.armentierois.fr\/index.php?rest_route=\/wp\/v2\/pages\/2123\/revisions\/2256"}],"wp:attachment":[{"href":"https:\/\/vaast.armentierois.fr\/index.php?rest_route=%2Fwp%2Fv2%2Fmedia&parent=2123"}],"curies":[{"name":"wp","href":"https:\/\/api.w.org\/{rel}","templated":true}]}}

<p>Les vitraux de la nef sont dans un verre peu coloré et apportent une grande clarté à l&#8217;église.</p>



<figure class="wp-block-image size-large"><img loading="lazy" decoding="async" width="640" height="853" src="https://i0.wp.com/vaast.armentierois.fr/wp-content/uploads/2023/09/2a8c3389-800a-4fd0-8409-e167d3e32e4f-713-000000d47ae599b4_file.jpg?resize=640%2C853&#038;ssl=1" alt="" class="wp-image-2122" srcset="https://i0.wp.com/vaast.armentierois.fr/wp-content/uploads/2023/09/2a8c3389-800a-4fd0-8409-e167d3e32e4f-713-000000d47ae599b4_file-scaled.jpg?resize=768%2C1024&amp;ssl=1 768w, https://i0.wp.com/vaast.armentierois.fr/wp-content/uploads/2023/09/2a8c3389-800a-4fd0-8409-e167d3e32e4f-713-000000d47ae599b4_file-scaled.jpg?resize=225%2C300&amp;ssl=1 225w, https://i0.wp.com/vaast.armentierois.fr/wp-content/uploads/2023/09/2a8c3389-800a-4fd0-8409-e167d3e32e4f-713-000000d47ae599b4_file-scaled.jpg?resize=1152%2C1536&amp;ssl=1 1152w, https://i0.wp.com/vaast.armentierois.fr/wp-content/uploads/2023/09/2a8c3389-800a-4fd0-8409-e167d3e32e4f-713-000000d47ae599b4_file-scaled.jpg?resize=1536%2C2048&amp;ssl=1 1536w, https://i0.wp.com/vaast.armentierois.fr/wp-content/uploads/2023/09/2a8c3389-800a-4fd0-8409-e167d3e32e4f-713-000000d47ae599b4_file-scaled.jpg?w=1920&amp;ssl=1 1920w, https://i0.wp.com/vaast.armentierois.fr/wp-content/uploads/2023/09/2a8c3389-800a-4fd0-8409-e167d3e32e4f-713-000000d47ae599b4_file-scaled.jpg?w=1280&amp;ssl=1 1280w" sizes="auto, (max-width: 640px) 100vw, 640px" data-recalc-dims="1" /></figure>



<p>Sur le bas côté Nord, on retrouve les couleurs bleues intenses du transept nord. </p>



<figure class="wp-block-image size-large"><img loading="lazy" decoding="async" width="640" height="853" src="https://i0.wp.com/vaast.armentierois.fr/wp-content/uploads/2023/09/05022c88-b746-497b-8488-c15017dc9264-713-000000d402c30fb3_file.jpg?resize=640%2C853&#038;ssl=1" alt="" class="wp-image-2120" srcset="https://i0.wp.com/vaast.armentierois.fr/wp-content/uploads/2023/09/05022c88-b746-497b-8488-c15017dc9264-713-000000d402c30fb3_file-scaled.jpg?resize=768%2C1024&amp;ssl=1 768w, https://i0.wp.com/vaast.armentierois.fr/wp-content/uploads/2023/09/05022c88-b746-497b-8488-c15017dc9264-713-000000d402c30fb3_file-scaled.jpg?resize=225%2C300&amp;ssl=1 225w, https://i0.wp.com/vaast.armentierois.fr/wp-content/uploads/2023/09/05022c88-b746-497b-8488-c15017dc9264-713-000000d402c30fb3_file-scaled.jpg?resize=1152%2C1536&amp;ssl=1 1152w, https://i0.wp.com/vaast.armentierois.fr/wp-content/uploads/2023/09/05022c88-b746-497b-8488-c15017dc9264-713-000000d402c30fb3_file-scaled.jpg?resize=1536%2C2048&amp;ssl=1 1536w, https://i0.wp.com/vaast.armentierois.fr/wp-content/uploads/2023/09/05022c88-b746-497b-8488-c15017dc9264-713-000000d402c30fb3_file-scaled.jpg?w=1920&amp;ssl=1 1920w, https://i0.wp.com/vaast.armentierois.fr/wp-content/uploads/2023/09/05022c88-b746-497b-8488-c15017dc9264-713-000000d402c30fb3_file-scaled.jpg?w=1280&amp;ssl=1 1280w" sizes="auto, (max-width: 640px) 100vw, 640px" data-recalc-dims="1" /></figure>



<p>Sur le bas côté sud, on retrouve les couleurs rouges intenses du transept Sud. </p>



<figure class="wp-block-image size-large"><img loading="lazy" decoding="async" width="640" height="853" src="https://i0.wp.com/vaast.armentierois.fr/wp-content/uploads/2023/09/d0bd3ece-4d94-485c-8a6f-a1b2c09ac019-713-000000d42b479364_file.jpg?resize=640%2C853&#038;ssl=1" alt="" class="wp-image-2121" srcset="https://i0.wp.com/vaast.armentierois.fr/wp-content/uploads/2023/09/d0bd3ece-4d94-485c-8a6f-a1b2c09ac019-713-000000d42b479364_file-scaled.jpg?resize=768%2C1024&amp;ssl=1 768w, https://i0.wp.com/vaast.armentierois.fr/wp-content/uploads/2023/09/d0bd3ece-4d94-485c-8a6f-a1b2c09ac019-713-000000d42b479364_file-scaled.jpg?resize=225%2C300&amp;ssl=1 225w, https://i0.wp.com/vaast.armentierois.fr/wp-content/uploads/2023/09/d0bd3ece-4d94-485c-8a6f-a1b2c09ac019-713-000000d42b479364_file-scaled.jpg?resize=1152%2C1536&amp;ssl=1 1152w, https://i0.wp.com/vaast.armentierois.fr/wp-content/uploads/2023/09/d0bd3ece-4d94-485c-8a6f-a1b2c09ac019-713-000000d42b479364_file-scaled.jpg?resize=1536%2C2048&amp;ssl=1 1536w, https://i0.wp.com/vaast.armentierois.fr/wp-content/uploads/2023/09/d0bd3ece-4d94-485c-8a6f-a1b2c09ac019-713-000000d42b479364_file-scaled.jpg?w=1920&amp;ssl=1 1920w, https://i0.wp.com/vaast.armentierois.fr/wp-content/uploads/2023/09/d0bd3ece-4d94-485c-8a6f-a1b2c09ac019-713-000000d42b479364_file-scaled.jpg?w=1280&amp;ssl=1 1280w" sizes="auto, (max-width: 640px) 100vw, 640px" data-recalc-dims="1" /></figure>



<p>La couleur des vitraux des bas côtés participe à une atmosphère d&#8217;intériorité et de paix dans l&#8217;église.</p>

<p>Les vitraux de la nef sont dans un verre peu coloré et apportent une grande clarté à l&#8217;église. Sur le &hellip; </p>
