{"id":2142,"date":"2023-09-14T11:20:56","date_gmt":"2023-09-14T09:20:56","guid":{"rendered":"https:\/\/vaast.armentierois.fr\/?page_id=2142"},"modified":"2023-09-17T15:26:57","modified_gmt":"2023-09-17T13:26:57","slug":"toile-episode-de-la-vie-de-saint-benoit","status":"publish","type":"page","link":"https:\/\/vaast.armentierois.fr\/?page_id=2142","title":{"rendered":"Toile \u00e9pisode de la vie de Saint Beno\u00eet"},"content":{"rendered":"\n<figure class=\"wp-block-image size-large\"><img loading=\"lazy\" decoding=\"async\" width=\"640\" height=\"853\" src=\"https:\/\/i0.wp.com\/vaast.armentierois.fr\/wp-content\/uploads\/2023\/09\/78dd752c-5b82-4be3-ae5b-27481aa90a64-713-000000d7e02ba036_file-1.jpg?resize=640%2C853&#038;ssl=1\" alt=\"\" class=\"wp-image-2141\" srcset=\"https:\/\/i0.wp.com\/vaast.armentierois.fr\/wp-content\/uploads\/2023\/09\/78dd752c-5b82-4be3-ae5b-27481aa90a64-713-000000d7e02ba036_file-1-scaled.jpg?resize=768%2C1024&amp;ssl=1 768w, https:\/\/i0.wp.com\/vaast.armentierois.fr\/wp-content\/uploads\/2023\/09\/78dd752c-5b82-4be3-ae5b-27481aa90a64-713-000000d7e02ba036_file-1-scaled.jpg?resize=225%2C300&amp;ssl=1 225w, https:\/\/i0.wp.com\/vaast.armentierois.fr\/wp-content\/uploads\/2023\/09\/78dd752c-5b82-4be3-ae5b-27481aa90a64-713-000000d7e02ba036_file-1-scaled.jpg?resize=1152%2C1536&amp;ssl=1 1152w, https:\/\/i0.wp.com\/vaast.armentierois.fr\/wp-content\/uploads\/2023\/09\/78dd752c-5b82-4be3-ae5b-27481aa90a64-713-000000d7e02ba036_file-1-scaled.jpg?resize=1536%2C2048&amp;ssl=1 1536w, https:\/\/i0.wp.com\/vaast.armentierois.fr\/wp-content\/uploads\/2023\/09\/78dd752c-5b82-4be3-ae5b-27481aa90a64-713-000000d7e02ba036_file-1-scaled.jpg?w=1920&amp;ssl=1 1920w, https:\/\/i0.wp.com\/vaast.armentierois.fr\/wp-content\/uploads\/2023\/09\/78dd752c-5b82-4be3-ae5b-27481aa90a64-713-000000d7e02ba036_file-1-scaled.jpg?w=1280&amp;ssl=1 1280w\" sizes=\"auto, (max-width: 640px) 100vw, 640px\" data-recalc-dims=\"1\" \/><figcaption class=\"wp-element-caption\">\u00c9pisode de la vie de saint Beno\u00eet <\/figcaption><\/figure>\n\n\n\n<p>\u0152uvre du XVIII eme si\u00e8cle Ecole Fran\u00e7aise &#8211; Inscrite \u00e0 l\u2019inventaire d\u00e9partemental (1969) Restaur\u00e9e en 1923, en 2000 par Alain Bouchardon (artiste restaurateur)<\/p>\n","protected":false},"excerpt":{"rendered":"<p>\u0152uvre du XVIII eme si\u00e8cle Ecole Fran\u00e7aise &#8211; Inscrite \u00e0 l\u2019inventaire d\u00e9partemental (1969) Restaur\u00e9e en 1923, en 2000 par Alain &hellip; <\/p>\n","protected":false},"author":1,"featured_media":0,"parent":0,"menu_order":0,"comment_status":"closed","ping_status":"closed","template":"","meta":{"footnotes":""},"class_list":["post-2142","page","type-page","status-publish","hentry"],"_links":{"self":[{"href":"https:\/\/vaast.armentierois.fr\/index.php?rest_route=\/wp\/v2\/pages\/2142","targetHints":{"allow":["GET"]}}],"collection":[{"href":"https:\/\/vaast.armentierois.fr\/index.php?rest_route=\/wp\/v2\/pages"}],"about":[{"href":"https:\/\/vaast.armentierois.fr\/index.php?rest_route=\/wp\/v2\/types\/page"}],"author":[{"embeddable":true,"href":"https:\/\/vaast.armentierois.fr\/index.php?rest_route=\/wp\/v2\/users\/1"}],"replies":[{"embeddable":true,"href":"https:\/\/vaast.armentierois.fr\/index.php?rest_route=%2Fwp%2Fv2%2Fcomments&post=2142"}],"version-history":[{"count":1,"href":"https:\/\/vaast.armentierois.fr\/index.php?rest_route=\/wp\/v2\/pages\/2142\/revisions"}],"predecessor-version":[{"id":2340,"href":"https:\/\/vaast.armentierois.fr\/index.php?rest_route=\/wp\/v2\/pages\/2142\/revisions\/2340"}],"wp:attachment":[{"href":"https:\/\/vaast.armentierois.fr\/index.php?rest_route=%2Fwp%2Fv2%2Fmedia&parent=2142"}],"curies":[{"name":"wp","href":"https:\/\/api.w.org\/{rel}","templated":true}]}}

Toile épisode de la vie de Saint Benoît

<figure class="wp-block-image size-large"><img loading="lazy" decoding="async" width="640" height="853" src="https://i0.wp.com/vaast.armentierois.fr/wp-content/uploads/2023/09/78dd752c-5b82-4be3-ae5b-27481aa90a64-713-000000d7e02ba036_file-1.jpg?resize=640%2C853&#038;ssl=1" alt="" class="wp-image-2141" srcset="https://i0.wp.com/vaast.armentierois.fr/wp-content/uploads/2023/09/78dd752c-5b82-4be3-ae5b-27481aa90a64-713-000000d7e02ba036_file-1-scaled.jpg?resize=768%2C1024&amp;ssl=1 768w, https://i0.wp.com/vaast.armentierois.fr/wp-content/uploads/2023/09/78dd752c-5b82-4be3-ae5b-27481aa90a64-713-000000d7e02ba036_file-1-scaled.jpg?resize=225%2C300&amp;ssl=1 225w, https://i0.wp.com/vaast.armentierois.fr/wp-content/uploads/2023/09/78dd752c-5b82-4be3-ae5b-27481aa90a64-713-000000d7e02ba036_file-1-scaled.jpg?resize=1152%2C1536&amp;ssl=1 1152w, https://i0.wp.com/vaast.armentierois.fr/wp-content/uploads/2023/09/78dd752c-5b82-4be3-ae5b-27481aa90a64-713-000000d7e02ba036_file-1-scaled.jpg?resize=1536%2C2048&amp;ssl=1 1536w, https://i0.wp.com/vaast.armentierois.fr/wp-content/uploads/2023/09/78dd752c-5b82-4be3-ae5b-27481aa90a64-713-000000d7e02ba036_file-1-scaled.jpg?w=1920&amp;ssl=1 1920w, https://i0.wp.com/vaast.armentierois.fr/wp-content/uploads/2023/09/78dd752c-5b82-4be3-ae5b-27481aa90a64-713-000000d7e02ba036_file-1-scaled.jpg?w=1280&amp;ssl=1 1280w" sizes="auto, (max-width: 640px) 100vw, 640px" data-recalc-dims="1" /><figcaption class="wp-element-caption">Épisode de la vie de saint Benoît </figcaption></figure>



<p>Œuvre du XVIII eme siècle Ecole Française &#8211; Inscrite à l’inventaire départemental (1969) Restaurée en 1923, en 2000 par Alain Bouchardon (artiste restaurateur)</p>

<p>Œuvre du XVIII eme siècle Ecole Française &#8211; Inscrite à l’inventaire départemental (1969) Restaurée en 1923, en 2000 par Alain &hellip; </p>
