{"id":218,"date":"2023-07-16T19:43:55","date_gmt":"2023-07-16T17:43:55","guid":{"rendered":"https:\/\/www.nds.armentierois.fr\/?page_id=218"},"modified":"2023-09-13T19:50:24","modified_gmt":"2023-09-13T17:50:24","slug":"1ere-station-jesus-est-condamne-a-mort","status":"publish","type":"page","link":"https:\/\/vaast.armentierois.fr\/?page_id=218","title":{"rendered":"1\u00e8re Station, J\u00e9sus est condamn\u00e9 \u00e0 mort"},"content":{"rendered":"\n<p class=\"has-light-green-cyan-background-color has-background\">De l\u2019Evangile selon Luc&nbsp;<em>(Lc&nbsp;<\/em>23, 22-25<em>)<\/em><\/p>\n\n\n\n<p class=\"has-light-green-cyan-background-color has-background\"><em>Pour la troisi\u00e8me fois, il leur dit&nbsp;: \u00ab&nbsp;Quel mal a donc fait cet homme&nbsp;? Je n\u2019ai trouv\u00e9 en lui aucun motif de condamnation \u00e0 mort. Je vais donc le rel\u00e2cher apr\u00e8s lui avoir fait donner une correction.&nbsp;\u00bb Mais ils insistaient \u00e0 grands cris, r\u00e9clamant qu\u2019il soit crucifi\u00e9&nbsp;; et leurs cris s\u2019amplifiaient. Alors Pilate d\u00e9cida de satisfaire leur requ\u00eate. Il rel\u00e2cha celui qu\u2019ils r\u00e9clamaient, le prisonnier condamn\u00e9 pour \u00e9meute et pour meurtre, et il livra J\u00e9sus \u00e0 leur bon plaisir.<\/em><\/p>\n\n\n\n<p>Je te vois, J\u00e9sus, devant le Gouverneur, qui par trois fois tente de s\u2019opposer \u00e0 la volont\u00e9 du peuple et \u00e0 la fin, choisit de ne pas choisir, devant la foule qui, interrog\u00e9e par trois fois, d\u00e9cide toujours contre toi. La foule, c\u2019est-\u00e0-dire tout le monde, c\u2019est-\u00e0-dire personne. Cach\u00e9 dans la masse, l\u2019homme perd sa personnalit\u00e9, il est la voix de milliers d\u2019autres voix. Avant de te renier, il se renie lui-m\u00eame, \u00e9parpillant sa propre responsabilit\u00e9 dans celle, fluctuante, de la multitude sans visage. Pourtant il est responsable. Egar\u00e9 par des meneurs, par le Mal qui se propage avec une voix sournoise et assourdissante, c\u2019est l\u2019homme qui te condamne.<\/p>\n\n\n\n<figure class=\"wp-block-image size-large\"><img loading=\"lazy\" decoding=\"async\" width=\"640\" height=\"480\" src=\"https:\/\/i0.wp.com\/vaast.armentierois.fr\/wp-content\/uploads\/2023\/09\/75e7eadb-e038-4b3e-9df9-f554ef08fcba-5624-00000347fa9dac4e_file.jpg?resize=640%2C480&#038;ssl=1\" alt=\"\" class=\"wp-image-1928\" srcset=\"https:\/\/i0.wp.com\/vaast.armentierois.fr\/wp-content\/uploads\/2023\/09\/75e7eadb-e038-4b3e-9df9-f554ef08fcba-5624-00000347fa9dac4e_file-scaled.jpg?resize=1024%2C768&amp;ssl=1 1024w, https:\/\/i0.wp.com\/vaast.armentierois.fr\/wp-content\/uploads\/2023\/09\/75e7eadb-e038-4b3e-9df9-f554ef08fcba-5624-00000347fa9dac4e_file-scaled.jpg?resize=300%2C225&amp;ssl=1 300w, https:\/\/i0.wp.com\/vaast.armentierois.fr\/wp-content\/uploads\/2023\/09\/75e7eadb-e038-4b3e-9df9-f554ef08fcba-5624-00000347fa9dac4e_file-scaled.jpg?resize=768%2C576&amp;ssl=1 768w, https:\/\/i0.wp.com\/vaast.armentierois.fr\/wp-content\/uploads\/2023\/09\/75e7eadb-e038-4b3e-9df9-f554ef08fcba-5624-00000347fa9dac4e_file-scaled.jpg?resize=1536%2C1152&amp;ssl=1 1536w, https:\/\/i0.wp.com\/vaast.armentierois.fr\/wp-content\/uploads\/2023\/09\/75e7eadb-e038-4b3e-9df9-f554ef08fcba-5624-00000347fa9dac4e_file-scaled.jpg?resize=2048%2C1536&amp;ssl=1 2048w, https:\/\/i0.wp.com\/vaast.armentierois.fr\/wp-content\/uploads\/2023\/09\/75e7eadb-e038-4b3e-9df9-f554ef08fcba-5624-00000347fa9dac4e_file-scaled.jpg?w=1280&amp;ssl=1 1280w, https:\/\/i0.wp.com\/vaast.armentierois.fr\/wp-content\/uploads\/2023\/09\/75e7eadb-e038-4b3e-9df9-f554ef08fcba-5624-00000347fa9dac4e_file-scaled.jpg?w=1920&amp;ssl=1 1920w\" sizes=\"auto, (max-width: 640px) 100vw, 640px\" data-recalc-dims=\"1\" \/><\/figure>\n\n\n\n<p>Aujourd\u2019hui, nous sommes horrifi\u00e9s devant une telle injustice, et nous voudrions nous en d\u00e9marquer. Mais, en faisant ainsi nous oublions toutes les fois o\u00f9 nous, les premiers, avons choisi de sauver Barabbas au lieu de toi. Quand notre oreille a \u00e9t\u00e9 sourde \u00e0 l\u2019appel du Bien, quand nous avons pr\u00e9f\u00e9r\u00e9 ne pas voir l\u2019injustice devant nous.<\/p>\n\n\n\n<p>Sur cette place bond\u00e9e, il aurait \u00e9t\u00e9 suffisant qu\u2019un seul c\u0153ur doute, qu\u2019une seule voix s\u2019\u00e9l\u00e8ve contre les mille voix du mal. Chaque fois que la vie nous placera devant un choix, rappelons-nous cette place et cette erreur. Permettons \u00e0 nos c\u0153urs de douter et imposons \u00e0 notre voix de s\u2019\u00e9lever.<\/p>\n\n\n\n<p class=\"has-background\" style=\"background-color:#7bdbb552\">Je te prie, Seigneur, veille sur nos choix,<br \/>\u00e9claire-les de ta lumi\u00e8re,<br \/>cultive en nous la capacit\u00e9 \u00e0 nous interroger&nbsp;:<br \/>seul le Mal ne doute jamais.<br \/>Les arbres qui enfoncent leurs racines dans la terre,<br \/>s\u2019ils sont arros\u00e9s par le Mal, se dess\u00e8chent,<br \/>mais tu as plac\u00e9 nos racines dans le Ciel<br \/>et les feuillages sur la terre pour te reconna\u00eetre et te suivre.<\/p>\n\n\n\n<p class=\"has-background\" style=\"background-color:#7bdbb54f\">On peut prier le <strong>Notre P\u00e8re<\/strong><\/p>\n\n\n\n<p class=\"has-text-align-center has-background\" style=\"background:linear-gradient(135deg,rgba(25,162,25,0.68) 0%,rgb(155,81,224) 100%)\">Notre P\u00e8re, qui es aux cieux,<br \/>que ton nom soit sanctifi\u00e9,<br \/>que ton r\u00e8gne vienne,<br \/>que ta volont\u00e9 soit faite sur la terre comme au ciel.<br \/>Donne-nous aujourd\u2019hui notre pain de ce jour.<br \/>Pardonne-nous nos offenses,<br \/>comme nous pardonnons aussi \u00e0 ceux qui nous ont offens\u00e9s.<br \/>Et ne nous laisse pas entrer en tentation<br \/>mais d\u00e9livre-nous du Mal.<\/p>\n\n\n\n<p class=\"has-text-align-center has-background\" style=\"background:linear-gradient(135deg,rgba(25,162,25,0.68) 0%,rgb(155,81,224) 100%)\">Amen<\/p>\n","protected":false},"excerpt":{"rendered":"<p>De l\u2019Evangile selon Luc&nbsp;(Lc&nbsp;23, 22-25) Pour la troisi\u00e8me fois, il leur dit&nbsp;: \u00ab&nbsp;Quel mal a donc fait cet homme&nbsp;? Je &hellip; <\/p>\n","protected":false},"author":1,"featured_media":0,"parent":0,"menu_order":0,"comment_status":"closed","ping_status":"closed","template":"","meta":{"footnotes":""},"class_list":["post-218","page","type-page","status-publish","hentry"],"_links":{"self":[{"href":"https:\/\/vaast.armentierois.fr\/index.php?rest_route=\/wp\/v2\/pages\/218","targetHints":{"allow":["GET"]}}],"collection":[{"href":"https:\/\/vaast.armentierois.fr\/index.php?rest_route=\/wp\/v2\/pages"}],"about":[{"href":"https:\/\/vaast.armentierois.fr\/index.php?rest_route=\/wp\/v2\/types\/page"}],"author":[{"embeddable":true,"href":"https:\/\/vaast.armentierois.fr\/index.php?rest_route=\/wp\/v2\/users\/1"}],"replies":[{"embeddable":true,"href":"https:\/\/vaast.armentierois.fr\/index.php?rest_route=%2Fwp%2Fv2%2Fcomments&post=218"}],"version-history":[{"count":2,"href":"https:\/\/vaast.armentierois.fr\/index.php?rest_route=\/wp\/v2\/pages\/218\/revisions"}],"predecessor-version":[{"id":1930,"href":"https:\/\/vaast.armentierois.fr\/index.php?rest_route=\/wp\/v2\/pages\/218\/revisions\/1930"}],"wp:attachment":[{"href":"https:\/\/vaast.armentierois.fr\/index.php?rest_route=%2Fwp%2Fv2%2Fmedia&parent=218"}],"curies":[{"name":"wp","href":"https:\/\/api.w.org\/{rel}","templated":true}]}}

1ère Station, Jésus est condamné à mort

<p class="has-light-green-cyan-background-color has-background">De l’Evangile selon Luc&nbsp;<em>(Lc&nbsp;</em>23, 22-25<em>)</em></p>



<p class="has-light-green-cyan-background-color has-background"><em>Pour la troisième fois, il leur dit&nbsp;: «&nbsp;Quel mal a donc fait cet homme&nbsp;? Je n’ai trouvé en lui aucun motif de condamnation à mort. Je vais donc le relâcher après lui avoir fait donner une correction.&nbsp;» Mais ils insistaient à grands cris, réclamant qu’il soit crucifié&nbsp;; et leurs cris s’amplifiaient. Alors Pilate décida de satisfaire leur requête. Il relâcha celui qu’ils réclamaient, le prisonnier condamné pour émeute et pour meurtre, et il livra Jésus à leur bon plaisir.</em></p>



<p>Je te vois, Jésus, devant le Gouverneur, qui par trois fois tente de s’opposer à la volonté du peuple et à la fin, choisit de ne pas choisir, devant la foule qui, interrogée par trois fois, décide toujours contre toi. La foule, c’est-à-dire tout le monde, c’est-à-dire personne. Caché dans la masse, l’homme perd sa personnalité, il est la voix de milliers d’autres voix. Avant de te renier, il se renie lui-même, éparpillant sa propre responsabilité dans celle, fluctuante, de la multitude sans visage. Pourtant il est responsable. Egaré par des meneurs, par le Mal qui se propage avec une voix sournoise et assourdissante, c’est l’homme qui te condamne.</p>



<figure class="wp-block-image size-large"><img loading="lazy" decoding="async" width="640" height="480" src="https://i0.wp.com/vaast.armentierois.fr/wp-content/uploads/2023/09/75e7eadb-e038-4b3e-9df9-f554ef08fcba-5624-00000347fa9dac4e_file.jpg?resize=640%2C480&#038;ssl=1" alt="" class="wp-image-1928" srcset="https://i0.wp.com/vaast.armentierois.fr/wp-content/uploads/2023/09/75e7eadb-e038-4b3e-9df9-f554ef08fcba-5624-00000347fa9dac4e_file-scaled.jpg?resize=1024%2C768&amp;ssl=1 1024w, https://i0.wp.com/vaast.armentierois.fr/wp-content/uploads/2023/09/75e7eadb-e038-4b3e-9df9-f554ef08fcba-5624-00000347fa9dac4e_file-scaled.jpg?resize=300%2C225&amp;ssl=1 300w, https://i0.wp.com/vaast.armentierois.fr/wp-content/uploads/2023/09/75e7eadb-e038-4b3e-9df9-f554ef08fcba-5624-00000347fa9dac4e_file-scaled.jpg?resize=768%2C576&amp;ssl=1 768w, https://i0.wp.com/vaast.armentierois.fr/wp-content/uploads/2023/09/75e7eadb-e038-4b3e-9df9-f554ef08fcba-5624-00000347fa9dac4e_file-scaled.jpg?resize=1536%2C1152&amp;ssl=1 1536w, https://i0.wp.com/vaast.armentierois.fr/wp-content/uploads/2023/09/75e7eadb-e038-4b3e-9df9-f554ef08fcba-5624-00000347fa9dac4e_file-scaled.jpg?resize=2048%2C1536&amp;ssl=1 2048w, https://i0.wp.com/vaast.armentierois.fr/wp-content/uploads/2023/09/75e7eadb-e038-4b3e-9df9-f554ef08fcba-5624-00000347fa9dac4e_file-scaled.jpg?w=1280&amp;ssl=1 1280w, https://i0.wp.com/vaast.armentierois.fr/wp-content/uploads/2023/09/75e7eadb-e038-4b3e-9df9-f554ef08fcba-5624-00000347fa9dac4e_file-scaled.jpg?w=1920&amp;ssl=1 1920w" sizes="auto, (max-width: 640px) 100vw, 640px" data-recalc-dims="1" /></figure>



<p>Aujourd’hui, nous sommes horrifiés devant une telle injustice, et nous voudrions nous en démarquer. Mais, en faisant ainsi nous oublions toutes les fois où nous, les premiers, avons choisi de sauver Barabbas au lieu de toi. Quand notre oreille a été sourde à l’appel du Bien, quand nous avons préféré ne pas voir l’injustice devant nous.</p>



<p>Sur cette place bondée, il aurait été suffisant qu’un seul cœur doute, qu’une seule voix s’élève contre les mille voix du mal. Chaque fois que la vie nous placera devant un choix, rappelons-nous cette place et cette erreur. Permettons à nos cœurs de douter et imposons à notre voix de s’élever.</p>



<p class="has-background" style="background-color:#7bdbb552">Je te prie, Seigneur, veille sur nos choix,<br />éclaire-les de ta lumière,<br />cultive en nous la capacité à nous interroger&nbsp;:<br />seul le Mal ne doute jamais.<br />Les arbres qui enfoncent leurs racines dans la terre,<br />s’ils sont arrosés par le Mal, se dessèchent,<br />mais tu as placé nos racines dans le Ciel<br />et les feuillages sur la terre pour te reconnaître et te suivre.</p>



<p class="has-background" style="background-color:#7bdbb54f">On peut prier le <strong>Notre Père</strong></p>



<p class="has-text-align-center has-background" style="background:linear-gradient(135deg,rgba(25,162,25,0.68) 0%,rgb(155,81,224) 100%)">Notre Père, qui es aux cieux,<br />que ton nom soit sanctifié,<br />que ton règne vienne,<br />que ta volonté soit faite sur la terre comme au ciel.<br />Donne-nous aujourd’hui notre pain de ce jour.<br />Pardonne-nous nos offenses,<br />comme nous pardonnons aussi à ceux qui nous ont offensés.<br />Et ne nous laisse pas entrer en tentation<br />mais délivre-nous du Mal.</p>



<p class="has-text-align-center has-background" style="background:linear-gradient(135deg,rgba(25,162,25,0.68) 0%,rgb(155,81,224) 100%)">Amen</p>

<p>De l’Evangile selon Luc&nbsp;(Lc&nbsp;23, 22-25) Pour la troisième fois, il leur dit&nbsp;: «&nbsp;Quel mal a donc fait cet homme&nbsp;? Je &hellip; </p>
