{"id":222,"date":"2023-07-16T19:45:04","date_gmt":"2023-07-16T17:45:04","guid":{"rendered":"https:\/\/www.nds.armentierois.fr\/?page_id=222"},"modified":"2023-09-13T19:52:40","modified_gmt":"2023-09-13T17:52:40","slug":"3eme-station-jesus-tombe-pour-la-premiere-fois","status":"publish","type":"page","link":"https:\/\/vaast.armentierois.fr\/?page_id=222","title":{"rendered":"3\u00e8me station, J\u00e9sus tombe pour la premi\u00e8re fois"},"content":{"rendered":"\n<p class=\"has-light-green-cyan-background-color has-background\">Du livre du proph\u00e8te Isa\u00efe&nbsp;<em>(Is&nbsp;<\/em>53, 4)<\/p>\n\n\n\n<p class=\"has-light-green-cyan-background-color has-background\"><em>En fait, c\u2019\u00e9taient nos souffrances qu\u2019il portait, nos douleurs dont il \u00e9tait charg\u00e9. Et nous, nous pensions qu\u2019il \u00e9tait frapp\u00e9, meurtri par Dieu, humili\u00e9<\/em>.<\/p>\n\n\n\n<p>Je te vois, J\u00e9sus, souffrant tandis que tu parcours le chemin vers le Calvaire, charg\u00e9 de notre p\u00e9ch\u00e9. Et je te vois tomber, les mains et les genoux \u00e0 terre, douloureux. Avec quelle humilit\u00e9 es-tu tomb\u00e9&nbsp;! Quelle humiliation subis-tu en ce moment&nbsp;! Ta nature de vrai homme se voit clairement en ce fragment de ta vie. La croix que tu portes est lourde&nbsp;; tu aurais besoin d\u2019aide, mais quand tu tombes \u00e0 terre, personne ne te secourt, bien plus, les hommes se moquent de toi, ils rient devant l\u2019image d\u2019un Dieu qui tombe. Peut-\u00eatre sont-ils d\u00e9\u00e7us, peut-\u00eatre se sont-ils fait une fausse id\u00e9e de toi. Parfois nous pensons qu\u2019avoir foi en toi signifie ne jamais tomber dans la vie. Avec toi, je tombe, moi aussi, et avec moi, mes id\u00e9es, celles que j\u2019avais sur toi&nbsp;: comme elles \u00e9taient fragiles&nbsp;!<\/p>\n\n\n\n<p>Je te vois, J\u00e9sus, qui serre les dents et, compl\u00e8tement abandonn\u00e9 \u00e0 l\u2019amour du P\u00e8re, tu te rel\u00e8ves et tu reprends ton chemin. Avec ces premiers pas vers la croix, si titubant, J\u00e9sus, tu me rappelles un enfant qui fait ses premiers pas vers la vie et perd l\u2019\u00e9quilibre et tombe et pleure, mais continue ensuite. Il se confie aux mains de ses parents et ne s\u2019arr\u00eate pas&nbsp;; il a peur mais il avance, parce qu\u2019\u00e0 la peur s\u2019ajoute la confiance.<\/p>\n\n\n\n<p>Avec ton courage, tu nous enseignes que les \u00e9checs et les chutes ne doivent jamais arr\u00eater notre chemin et que nous avons toujours un choix&nbsp;: nous rendre ou nous relever avec toi.<\/p>\n\n\n\n<p class=\"has-background\" style=\"background:linear-gradient(96deg,rgb(252,185,0) 78%,rgb(255,105,0) 100%)\">Je te prie, Seigneur, r\u00e9veille en nous, les jeunes,<br \/>le courage de nous relever apr\u00e8s chaque chute<br \/>comme tu l\u2019as fait sur le chemin du Calvaire.<br \/>Je te prie, fais que nous sachions toujours appr\u00e9cier<br \/>le don tr\u00e8s grand et pr\u00e9cieux de la vie<br \/>et que les \u00e9checs et les chutes<br \/>ne soient jamais un motif pour la rejeter,<br \/>conscients que si nous nous confions \u00e0 toi<br \/>nous pouvons nous relever<br \/>et trouver la force d\u2019avancer,<br \/>toujours.<\/p>\n\n\n\n<p class=\"has-background\" style=\"background:linear-gradient(96deg,rgb(252,185,0) 78%,rgb(255,105,0) 100%)\">On peut prier le Notre P\u00e8re<\/p>\n\n\n\n<figure class=\"wp-block-image size-large\"><img loading=\"lazy\" decoding=\"async\" width=\"640\" height=\"480\" src=\"https:\/\/i0.wp.com\/vaast.armentierois.fr\/wp-content\/uploads\/2023\/09\/5bb485ce-f6ca-44bb-a0ee-365e7b39650c-5624-00000348b10120c9_file.jpg?resize=640%2C480&#038;ssl=1\" alt=\"\" class=\"wp-image-1934\" srcset=\"https:\/\/i0.wp.com\/vaast.armentierois.fr\/wp-content\/uploads\/2023\/09\/5bb485ce-f6ca-44bb-a0ee-365e7b39650c-5624-00000348b10120c9_file-scaled.jpg?resize=1024%2C768&amp;ssl=1 1024w, https:\/\/i0.wp.com\/vaast.armentierois.fr\/wp-content\/uploads\/2023\/09\/5bb485ce-f6ca-44bb-a0ee-365e7b39650c-5624-00000348b10120c9_file-scaled.jpg?resize=300%2C225&amp;ssl=1 300w, https:\/\/i0.wp.com\/vaast.armentierois.fr\/wp-content\/uploads\/2023\/09\/5bb485ce-f6ca-44bb-a0ee-365e7b39650c-5624-00000348b10120c9_file-scaled.jpg?resize=768%2C576&amp;ssl=1 768w, https:\/\/i0.wp.com\/vaast.armentierois.fr\/wp-content\/uploads\/2023\/09\/5bb485ce-f6ca-44bb-a0ee-365e7b39650c-5624-00000348b10120c9_file-scaled.jpg?resize=1536%2C1152&amp;ssl=1 1536w, https:\/\/i0.wp.com\/vaast.armentierois.fr\/wp-content\/uploads\/2023\/09\/5bb485ce-f6ca-44bb-a0ee-365e7b39650c-5624-00000348b10120c9_file-scaled.jpg?resize=2048%2C1536&amp;ssl=1 2048w, https:\/\/i0.wp.com\/vaast.armentierois.fr\/wp-content\/uploads\/2023\/09\/5bb485ce-f6ca-44bb-a0ee-365e7b39650c-5624-00000348b10120c9_file-scaled.jpg?w=1280&amp;ssl=1 1280w, https:\/\/i0.wp.com\/vaast.armentierois.fr\/wp-content\/uploads\/2023\/09\/5bb485ce-f6ca-44bb-a0ee-365e7b39650c-5624-00000348b10120c9_file-scaled.jpg?w=1920&amp;ssl=1 1920w\" sizes=\"auto, (max-width: 640px) 100vw, 640px\" data-recalc-dims=\"1\" \/><\/figure>\n","protected":false},"excerpt":{"rendered":"<p>Du livre du proph\u00e8te Isa\u00efe&nbsp;(Is&nbsp;53, 4) En fait, c\u2019\u00e9taient nos souffrances qu\u2019il portait, nos douleurs dont il \u00e9tait charg\u00e9. Et &hellip; <\/p>\n","protected":false},"author":1,"featured_media":0,"parent":0,"menu_order":0,"comment_status":"closed","ping_status":"closed","template":"","meta":{"footnotes":""},"class_list":["post-222","page","type-page","status-publish","hentry"],"_links":{"self":[{"href":"https:\/\/vaast.armentierois.fr\/index.php?rest_route=\/wp\/v2\/pages\/222","targetHints":{"allow":["GET"]}}],"collection":[{"href":"https:\/\/vaast.armentierois.fr\/index.php?rest_route=\/wp\/v2\/pages"}],"about":[{"href":"https:\/\/vaast.armentierois.fr\/index.php?rest_route=\/wp\/v2\/types\/page"}],"author":[{"embeddable":true,"href":"https:\/\/vaast.armentierois.fr\/index.php?rest_route=\/wp\/v2\/users\/1"}],"replies":[{"embeddable":true,"href":"https:\/\/vaast.armentierois.fr\/index.php?rest_route=%2Fwp%2Fv2%2Fcomments&post=222"}],"version-history":[{"count":2,"href":"https:\/\/vaast.armentierois.fr\/index.php?rest_route=\/wp\/v2\/pages\/222\/revisions"}],"predecessor-version":[{"id":1936,"href":"https:\/\/vaast.armentierois.fr\/index.php?rest_route=\/wp\/v2\/pages\/222\/revisions\/1936"}],"wp:attachment":[{"href":"https:\/\/vaast.armentierois.fr\/index.php?rest_route=%2Fwp%2Fv2%2Fmedia&parent=222"}],"curies":[{"name":"wp","href":"https:\/\/api.w.org\/{rel}","templated":true}]}}

3ème station, Jésus tombe pour la première fois

<p class="has-light-green-cyan-background-color has-background">Du livre du prophète Isaïe&nbsp;<em>(Is&nbsp;</em>53, 4)</p>



<p class="has-light-green-cyan-background-color has-background"><em>En fait, c’étaient nos souffrances qu’il portait, nos douleurs dont il était chargé. Et nous, nous pensions qu’il était frappé, meurtri par Dieu, humilié</em>.</p>



<p>Je te vois, Jésus, souffrant tandis que tu parcours le chemin vers le Calvaire, chargé de notre péché. Et je te vois tomber, les mains et les genoux à terre, douloureux. Avec quelle humilité es-tu tombé&nbsp;! Quelle humiliation subis-tu en ce moment&nbsp;! Ta nature de vrai homme se voit clairement en ce fragment de ta vie. La croix que tu portes est lourde&nbsp;; tu aurais besoin d’aide, mais quand tu tombes à terre, personne ne te secourt, bien plus, les hommes se moquent de toi, ils rient devant l’image d’un Dieu qui tombe. Peut-être sont-ils déçus, peut-être se sont-ils fait une fausse idée de toi. Parfois nous pensons qu’avoir foi en toi signifie ne jamais tomber dans la vie. Avec toi, je tombe, moi aussi, et avec moi, mes idées, celles que j’avais sur toi&nbsp;: comme elles étaient fragiles&nbsp;!</p>



<p>Je te vois, Jésus, qui serre les dents et, complètement abandonné à l’amour du Père, tu te relèves et tu reprends ton chemin. Avec ces premiers pas vers la croix, si titubant, Jésus, tu me rappelles un enfant qui fait ses premiers pas vers la vie et perd l’équilibre et tombe et pleure, mais continue ensuite. Il se confie aux mains de ses parents et ne s’arrête pas&nbsp;; il a peur mais il avance, parce qu’à la peur s’ajoute la confiance.</p>



<p>Avec ton courage, tu nous enseignes que les échecs et les chutes ne doivent jamais arrêter notre chemin et que nous avons toujours un choix&nbsp;: nous rendre ou nous relever avec toi.</p>



<p class="has-background" style="background:linear-gradient(96deg,rgb(252,185,0) 78%,rgb(255,105,0) 100%)">Je te prie, Seigneur, réveille en nous, les jeunes,<br />le courage de nous relever après chaque chute<br />comme tu l’as fait sur le chemin du Calvaire.<br />Je te prie, fais que nous sachions toujours apprécier<br />le don très grand et précieux de la vie<br />et que les échecs et les chutes<br />ne soient jamais un motif pour la rejeter,<br />conscients que si nous nous confions à toi<br />nous pouvons nous relever<br />et trouver la force d’avancer,<br />toujours.</p>



<p class="has-background" style="background:linear-gradient(96deg,rgb(252,185,0) 78%,rgb(255,105,0) 100%)">On peut prier le Notre Père</p>



<figure class="wp-block-image size-large"><img loading="lazy" decoding="async" width="640" height="480" src="https://i0.wp.com/vaast.armentierois.fr/wp-content/uploads/2023/09/5bb485ce-f6ca-44bb-a0ee-365e7b39650c-5624-00000348b10120c9_file.jpg?resize=640%2C480&#038;ssl=1" alt="" class="wp-image-1934" srcset="https://i0.wp.com/vaast.armentierois.fr/wp-content/uploads/2023/09/5bb485ce-f6ca-44bb-a0ee-365e7b39650c-5624-00000348b10120c9_file-scaled.jpg?resize=1024%2C768&amp;ssl=1 1024w, https://i0.wp.com/vaast.armentierois.fr/wp-content/uploads/2023/09/5bb485ce-f6ca-44bb-a0ee-365e7b39650c-5624-00000348b10120c9_file-scaled.jpg?resize=300%2C225&amp;ssl=1 300w, https://i0.wp.com/vaast.armentierois.fr/wp-content/uploads/2023/09/5bb485ce-f6ca-44bb-a0ee-365e7b39650c-5624-00000348b10120c9_file-scaled.jpg?resize=768%2C576&amp;ssl=1 768w, https://i0.wp.com/vaast.armentierois.fr/wp-content/uploads/2023/09/5bb485ce-f6ca-44bb-a0ee-365e7b39650c-5624-00000348b10120c9_file-scaled.jpg?resize=1536%2C1152&amp;ssl=1 1536w, https://i0.wp.com/vaast.armentierois.fr/wp-content/uploads/2023/09/5bb485ce-f6ca-44bb-a0ee-365e7b39650c-5624-00000348b10120c9_file-scaled.jpg?resize=2048%2C1536&amp;ssl=1 2048w, https://i0.wp.com/vaast.armentierois.fr/wp-content/uploads/2023/09/5bb485ce-f6ca-44bb-a0ee-365e7b39650c-5624-00000348b10120c9_file-scaled.jpg?w=1280&amp;ssl=1 1280w, https://i0.wp.com/vaast.armentierois.fr/wp-content/uploads/2023/09/5bb485ce-f6ca-44bb-a0ee-365e7b39650c-5624-00000348b10120c9_file-scaled.jpg?w=1920&amp;ssl=1 1920w" sizes="auto, (max-width: 640px) 100vw, 640px" data-recalc-dims="1" /></figure>

<p>Du livre du prophète Isaïe&nbsp;(Is&nbsp;53, 4) En fait, c’étaient nos souffrances qu’il portait, nos douleurs dont il était chargé. Et &hellip; </p>
