{"id":2284,"date":"2023-09-17T09:05:34","date_gmt":"2023-09-17T07:05:34","guid":{"rendered":"https:\/\/vaast.armentierois.fr\/?page_id=2284"},"modified":"2023-09-17T09:17:06","modified_gmt":"2023-09-17T07:17:06","slug":"vitraux-de-la-chapelle-de-lesperance","status":"publish","type":"page","link":"https:\/\/vaast.armentierois.fr\/?page_id=2284","title":{"rendered":"Vitraux de la chapelle des tr\u00e9pass\u00e9s"},"content":{"rendered":"\n<p>Ces vitraux illuminent cette chapelle.ils furent cr\u00e9\u00e9s en 1933 par le ma\u00eetre-verrier Darmon de Paris sur les dessins de Ren\u00e9 Bour.<\/p>\n\n\n\n<figure class=\"wp-block-image size-large\"><img loading=\"lazy\" decoding=\"async\" width=\"640\" height=\"853\" src=\"https:\/\/i0.wp.com\/vaast.armentierois.fr\/wp-content\/uploads\/2023\/09\/326fa6ff-bb0a-45dc-99f9-dcf8f754536a-713-000000c3ebb9aa51_file-1.jpg?resize=640%2C853&#038;ssl=1\" alt=\"\" class=\"wp-image-2287\" srcset=\"https:\/\/i0.wp.com\/vaast.armentierois.fr\/wp-content\/uploads\/2023\/09\/326fa6ff-bb0a-45dc-99f9-dcf8f754536a-713-000000c3ebb9aa51_file-1-scaled.jpg?resize=768%2C1024&amp;ssl=1 768w, https:\/\/i0.wp.com\/vaast.armentierois.fr\/wp-content\/uploads\/2023\/09\/326fa6ff-bb0a-45dc-99f9-dcf8f754536a-713-000000c3ebb9aa51_file-1-scaled.jpg?resize=225%2C300&amp;ssl=1 225w, https:\/\/i0.wp.com\/vaast.armentierois.fr\/wp-content\/uploads\/2023\/09\/326fa6ff-bb0a-45dc-99f9-dcf8f754536a-713-000000c3ebb9aa51_file-1-scaled.jpg?resize=1152%2C1536&amp;ssl=1 1152w, https:\/\/i0.wp.com\/vaast.armentierois.fr\/wp-content\/uploads\/2023\/09\/326fa6ff-bb0a-45dc-99f9-dcf8f754536a-713-000000c3ebb9aa51_file-1-scaled.jpg?resize=1536%2C2048&amp;ssl=1 1536w, https:\/\/i0.wp.com\/vaast.armentierois.fr\/wp-content\/uploads\/2023\/09\/326fa6ff-bb0a-45dc-99f9-dcf8f754536a-713-000000c3ebb9aa51_file-1-scaled.jpg?w=1920&amp;ssl=1 1920w, https:\/\/i0.wp.com\/vaast.armentierois.fr\/wp-content\/uploads\/2023\/09\/326fa6ff-bb0a-45dc-99f9-dcf8f754536a-713-000000c3ebb9aa51_file-1-scaled.jpg?w=1280&amp;ssl=1 1280w\" sizes=\"auto, (max-width: 640px) 100vw, 640px\" data-recalc-dims=\"1\" \/><figcaption class=\"wp-element-caption\">En m\u00e9moire du capitaine Henri Dufour-Motte, mort pour la France le 16 juillet 1926, pr\u00e8s de Biache (80). En dessous est repr\u00e9sent\u00e9 une grenade.<\/figcaption><\/figure>\n\n\n\n<figure class=\"wp-block-image size-large\"><img loading=\"lazy\" decoding=\"async\" width=\"640\" height=\"853\" src=\"https:\/\/i0.wp.com\/vaast.armentierois.fr\/wp-content\/uploads\/2023\/09\/4796e09b-cec1-46b3-826c-5c26bda130c8-713-000000c41b4be3ed_file-1.jpg?resize=640%2C853&#038;ssl=1\" alt=\"\" class=\"wp-image-2288\" srcset=\"https:\/\/i0.wp.com\/vaast.armentierois.fr\/wp-content\/uploads\/2023\/09\/4796e09b-cec1-46b3-826c-5c26bda130c8-713-000000c41b4be3ed_file-1-scaled.jpg?resize=768%2C1024&amp;ssl=1 768w, https:\/\/i0.wp.com\/vaast.armentierois.fr\/wp-content\/uploads\/2023\/09\/4796e09b-cec1-46b3-826c-5c26bda130c8-713-000000c41b4be3ed_file-1-scaled.jpg?resize=225%2C300&amp;ssl=1 225w, https:\/\/i0.wp.com\/vaast.armentierois.fr\/wp-content\/uploads\/2023\/09\/4796e09b-cec1-46b3-826c-5c26bda130c8-713-000000c41b4be3ed_file-1-scaled.jpg?resize=1152%2C1536&amp;ssl=1 1152w, https:\/\/i0.wp.com\/vaast.armentierois.fr\/wp-content\/uploads\/2023\/09\/4796e09b-cec1-46b3-826c-5c26bda130c8-713-000000c41b4be3ed_file-1-scaled.jpg?resize=1536%2C2048&amp;ssl=1 1536w, https:\/\/i0.wp.com\/vaast.armentierois.fr\/wp-content\/uploads\/2023\/09\/4796e09b-cec1-46b3-826c-5c26bda130c8-713-000000c41b4be3ed_file-1-scaled.jpg?w=1920&amp;ssl=1 1920w, https:\/\/i0.wp.com\/vaast.armentierois.fr\/wp-content\/uploads\/2023\/09\/4796e09b-cec1-46b3-826c-5c26bda130c8-713-000000c41b4be3ed_file-1-scaled.jpg?w=1280&amp;ssl=1 1280w\" sizes=\"auto, (max-width: 640px) 100vw, 640px\" data-recalc-dims=\"1\" \/><figcaption class=\"wp-element-caption\">Descente de croix<\/figcaption><\/figure>\n\n\n\n<figure class=\"wp-block-image size-large\"><img loading=\"lazy\" decoding=\"async\" width=\"640\" height=\"853\" src=\"https:\/\/i0.wp.com\/vaast.armentierois.fr\/wp-content\/uploads\/2023\/09\/8029191f-2d6e-49fb-bd66-669efb0bd788-713-000000c4493a246b_file-1.jpg?resize=640%2C853&#038;ssl=1\" alt=\"\" class=\"wp-image-2289\" srcset=\"https:\/\/i0.wp.com\/vaast.armentierois.fr\/wp-content\/uploads\/2023\/09\/8029191f-2d6e-49fb-bd66-669efb0bd788-713-000000c4493a246b_file-1-scaled.jpg?resize=768%2C1024&amp;ssl=1 768w, https:\/\/i0.wp.com\/vaast.armentierois.fr\/wp-content\/uploads\/2023\/09\/8029191f-2d6e-49fb-bd66-669efb0bd788-713-000000c4493a246b_file-1-scaled.jpg?resize=225%2C300&amp;ssl=1 225w, https:\/\/i0.wp.com\/vaast.armentierois.fr\/wp-content\/uploads\/2023\/09\/8029191f-2d6e-49fb-bd66-669efb0bd788-713-000000c4493a246b_file-1-scaled.jpg?resize=1152%2C1536&amp;ssl=1 1152w, https:\/\/i0.wp.com\/vaast.armentierois.fr\/wp-content\/uploads\/2023\/09\/8029191f-2d6e-49fb-bd66-669efb0bd788-713-000000c4493a246b_file-1-scaled.jpg?resize=1536%2C2048&amp;ssl=1 1536w, https:\/\/i0.wp.com\/vaast.armentierois.fr\/wp-content\/uploads\/2023\/09\/8029191f-2d6e-49fb-bd66-669efb0bd788-713-000000c4493a246b_file-1-scaled.jpg?w=1920&amp;ssl=1 1920w, https:\/\/i0.wp.com\/vaast.armentierois.fr\/wp-content\/uploads\/2023\/09\/8029191f-2d6e-49fb-bd66-669efb0bd788-713-000000c4493a246b_file-1-scaled.jpg?w=1280&amp;ssl=1 1280w\" sizes=\"auto, (max-width: 640px) 100vw, 640px\" data-recalc-dims=\"1\" \/><figcaption class=\"wp-element-caption\">Vitrail en m\u00e9moire de l\u2019abb\u00e9 Louis Dufour, tu\u00e9 le 13 d\u00e9cembre 1917 \u00e0 27 ans par un obus allemand au presbyt\u00e8re de la paroisse Saint-Eloi d\u2019Hazebrouck o\u00f9 il \u00e9tait vicaire. Dans le bas est repr\u00e9sent\u00e9 un calice surmont\u00e9 d\u2019une hostie.<\/figcaption><\/figure>\n","protected":false},"excerpt":{"rendered":"<p>Ces vitraux illuminent cette chapelle.ils furent cr\u00e9\u00e9s en 1933 par le ma\u00eetre-verrier Darmon de Paris sur les dessins de Ren\u00e9 &hellip; <\/p>\n","protected":false},"author":1,"featured_media":0,"parent":0,"menu_order":0,"comment_status":"closed","ping_status":"closed","template":"","meta":{"footnotes":""},"class_list":["post-2284","page","type-page","status-publish","hentry"],"_links":{"self":[{"href":"https:\/\/vaast.armentierois.fr\/index.php?rest_route=\/wp\/v2\/pages\/2284","targetHints":{"allow":["GET"]}}],"collection":[{"href":"https:\/\/vaast.armentierois.fr\/index.php?rest_route=\/wp\/v2\/pages"}],"about":[{"href":"https:\/\/vaast.armentierois.fr\/index.php?rest_route=\/wp\/v2\/types\/page"}],"author":[{"embeddable":true,"href":"https:\/\/vaast.armentierois.fr\/index.php?rest_route=\/wp\/v2\/users\/1"}],"replies":[{"embeddable":true,"href":"https:\/\/vaast.armentierois.fr\/index.php?rest_route=%2Fwp%2Fv2%2Fcomments&post=2284"}],"version-history":[{"count":4,"href":"https:\/\/vaast.armentierois.fr\/index.php?rest_route=\/wp\/v2\/pages\/2284\/revisions"}],"predecessor-version":[{"id":2292,"href":"https:\/\/vaast.armentierois.fr\/index.php?rest_route=\/wp\/v2\/pages\/2284\/revisions\/2292"}],"wp:attachment":[{"href":"https:\/\/vaast.armentierois.fr\/index.php?rest_route=%2Fwp%2Fv2%2Fmedia&parent=2284"}],"curies":[{"name":"wp","href":"https:\/\/api.w.org\/{rel}","templated":true}]}}

Vitraux de la chapelle des trépassés

<p>Ces vitraux illuminent cette chapelle.ils furent créés en 1933 par le maître-verrier Darmon de Paris sur les dessins de René Bour.</p>



<figure class="wp-block-image size-large"><img loading="lazy" decoding="async" width="640" height="853" src="https://i0.wp.com/vaast.armentierois.fr/wp-content/uploads/2023/09/326fa6ff-bb0a-45dc-99f9-dcf8f754536a-713-000000c3ebb9aa51_file-1.jpg?resize=640%2C853&#038;ssl=1" alt="" class="wp-image-2287" srcset="https://i0.wp.com/vaast.armentierois.fr/wp-content/uploads/2023/09/326fa6ff-bb0a-45dc-99f9-dcf8f754536a-713-000000c3ebb9aa51_file-1-scaled.jpg?resize=768%2C1024&amp;ssl=1 768w, https://i0.wp.com/vaast.armentierois.fr/wp-content/uploads/2023/09/326fa6ff-bb0a-45dc-99f9-dcf8f754536a-713-000000c3ebb9aa51_file-1-scaled.jpg?resize=225%2C300&amp;ssl=1 225w, https://i0.wp.com/vaast.armentierois.fr/wp-content/uploads/2023/09/326fa6ff-bb0a-45dc-99f9-dcf8f754536a-713-000000c3ebb9aa51_file-1-scaled.jpg?resize=1152%2C1536&amp;ssl=1 1152w, https://i0.wp.com/vaast.armentierois.fr/wp-content/uploads/2023/09/326fa6ff-bb0a-45dc-99f9-dcf8f754536a-713-000000c3ebb9aa51_file-1-scaled.jpg?resize=1536%2C2048&amp;ssl=1 1536w, https://i0.wp.com/vaast.armentierois.fr/wp-content/uploads/2023/09/326fa6ff-bb0a-45dc-99f9-dcf8f754536a-713-000000c3ebb9aa51_file-1-scaled.jpg?w=1920&amp;ssl=1 1920w, https://i0.wp.com/vaast.armentierois.fr/wp-content/uploads/2023/09/326fa6ff-bb0a-45dc-99f9-dcf8f754536a-713-000000c3ebb9aa51_file-1-scaled.jpg?w=1280&amp;ssl=1 1280w" sizes="auto, (max-width: 640px) 100vw, 640px" data-recalc-dims="1" /><figcaption class="wp-element-caption">En mémoire du capitaine Henri Dufour-Motte, mort pour la France le 16 juillet 1926, près de Biache (80). En dessous est représenté une grenade.</figcaption></figure>



<figure class="wp-block-image size-large"><img loading="lazy" decoding="async" width="640" height="853" src="https://i0.wp.com/vaast.armentierois.fr/wp-content/uploads/2023/09/4796e09b-cec1-46b3-826c-5c26bda130c8-713-000000c41b4be3ed_file-1.jpg?resize=640%2C853&#038;ssl=1" alt="" class="wp-image-2288" srcset="https://i0.wp.com/vaast.armentierois.fr/wp-content/uploads/2023/09/4796e09b-cec1-46b3-826c-5c26bda130c8-713-000000c41b4be3ed_file-1-scaled.jpg?resize=768%2C1024&amp;ssl=1 768w, https://i0.wp.com/vaast.armentierois.fr/wp-content/uploads/2023/09/4796e09b-cec1-46b3-826c-5c26bda130c8-713-000000c41b4be3ed_file-1-scaled.jpg?resize=225%2C300&amp;ssl=1 225w, https://i0.wp.com/vaast.armentierois.fr/wp-content/uploads/2023/09/4796e09b-cec1-46b3-826c-5c26bda130c8-713-000000c41b4be3ed_file-1-scaled.jpg?resize=1152%2C1536&amp;ssl=1 1152w, https://i0.wp.com/vaast.armentierois.fr/wp-content/uploads/2023/09/4796e09b-cec1-46b3-826c-5c26bda130c8-713-000000c41b4be3ed_file-1-scaled.jpg?resize=1536%2C2048&amp;ssl=1 1536w, https://i0.wp.com/vaast.armentierois.fr/wp-content/uploads/2023/09/4796e09b-cec1-46b3-826c-5c26bda130c8-713-000000c41b4be3ed_file-1-scaled.jpg?w=1920&amp;ssl=1 1920w, https://i0.wp.com/vaast.armentierois.fr/wp-content/uploads/2023/09/4796e09b-cec1-46b3-826c-5c26bda130c8-713-000000c41b4be3ed_file-1-scaled.jpg?w=1280&amp;ssl=1 1280w" sizes="auto, (max-width: 640px) 100vw, 640px" data-recalc-dims="1" /><figcaption class="wp-element-caption">Descente de croix</figcaption></figure>



<figure class="wp-block-image size-large"><img loading="lazy" decoding="async" width="640" height="853" src="https://i0.wp.com/vaast.armentierois.fr/wp-content/uploads/2023/09/8029191f-2d6e-49fb-bd66-669efb0bd788-713-000000c4493a246b_file-1.jpg?resize=640%2C853&#038;ssl=1" alt="" class="wp-image-2289" srcset="https://i0.wp.com/vaast.armentierois.fr/wp-content/uploads/2023/09/8029191f-2d6e-49fb-bd66-669efb0bd788-713-000000c4493a246b_file-1-scaled.jpg?resize=768%2C1024&amp;ssl=1 768w, https://i0.wp.com/vaast.armentierois.fr/wp-content/uploads/2023/09/8029191f-2d6e-49fb-bd66-669efb0bd788-713-000000c4493a246b_file-1-scaled.jpg?resize=225%2C300&amp;ssl=1 225w, https://i0.wp.com/vaast.armentierois.fr/wp-content/uploads/2023/09/8029191f-2d6e-49fb-bd66-669efb0bd788-713-000000c4493a246b_file-1-scaled.jpg?resize=1152%2C1536&amp;ssl=1 1152w, https://i0.wp.com/vaast.armentierois.fr/wp-content/uploads/2023/09/8029191f-2d6e-49fb-bd66-669efb0bd788-713-000000c4493a246b_file-1-scaled.jpg?resize=1536%2C2048&amp;ssl=1 1536w, https://i0.wp.com/vaast.armentierois.fr/wp-content/uploads/2023/09/8029191f-2d6e-49fb-bd66-669efb0bd788-713-000000c4493a246b_file-1-scaled.jpg?w=1920&amp;ssl=1 1920w, https://i0.wp.com/vaast.armentierois.fr/wp-content/uploads/2023/09/8029191f-2d6e-49fb-bd66-669efb0bd788-713-000000c4493a246b_file-1-scaled.jpg?w=1280&amp;ssl=1 1280w" sizes="auto, (max-width: 640px) 100vw, 640px" data-recalc-dims="1" /><figcaption class="wp-element-caption">Vitrail en mémoire de l’abbé Louis Dufour, tué le 13 décembre 1917 à 27 ans par un obus allemand au presbytère de la paroisse Saint-Eloi d’Hazebrouck où il était vicaire. Dans le bas est représenté un calice surmonté d’une hostie.</figcaption></figure>

<p>Ces vitraux illuminent cette chapelle.ils furent créés en 1933 par le maître-verrier Darmon de Paris sur les dessins de René &hellip; </p>
