{"id":233,"date":"2023-07-16T19:50:37","date_gmt":"2023-07-16T17:50:37","guid":{"rendered":"https:\/\/www.nds.armentierois.fr\/?page_id=233"},"modified":"2023-09-13T20:02:43","modified_gmt":"2023-09-13T18:02:43","slug":"11eme-station-jesus-est-cloue-a-la-croix","status":"publish","type":"page","link":"https:\/\/vaast.armentierois.fr\/?page_id=233","title":{"rendered":"11\u00e8me station, J\u00e9sus est clou\u00e9 \u00e0 la croix"},"content":{"rendered":"\n<p class=\"has-light-green-cyan-background-color has-background\">De l\u2019Evangile selon Luc (<em>Lc<\/em>&nbsp;23, 33-34)<\/p>\n\n\n\n<p class=\"has-light-green-cyan-background-color has-background\"><em>Lorsqu\u2019ils furent arriv\u00e9s au lieu-dit&nbsp;: Le Cr\u00e2ne (ou Calvaire), l\u00e0 ils crucifi\u00e8rent J\u00e9sus, avec les deux malfaiteurs, l\u2019un \u00e0 droite et l\u2019autre \u00e0 gauche. J\u00e9sus disait&nbsp;: \u00ab P\u00e8re, pardonne-leur&nbsp;: ils ne savent pas ce qu\u2019ils font&nbsp;<\/em>\u00bb.<\/p>\n\n\n\n<figure class=\"wp-block-image size-large\"><img loading=\"lazy\" decoding=\"async\" width=\"640\" height=\"480\" src=\"https:\/\/i0.wp.com\/vaast.armentierois.fr\/wp-content\/uploads\/2023\/09\/cca847c0-49f7-4b8d-909e-03ecc3506803-5624-0000034c1a41f28e_file.jpg?resize=640%2C480&#038;ssl=1\" alt=\"\" class=\"wp-image-1960\" srcset=\"https:\/\/i0.wp.com\/vaast.armentierois.fr\/wp-content\/uploads\/2023\/09\/cca847c0-49f7-4b8d-909e-03ecc3506803-5624-0000034c1a41f28e_file-scaled.jpg?resize=1024%2C768&amp;ssl=1 1024w, https:\/\/i0.wp.com\/vaast.armentierois.fr\/wp-content\/uploads\/2023\/09\/cca847c0-49f7-4b8d-909e-03ecc3506803-5624-0000034c1a41f28e_file-scaled.jpg?resize=300%2C225&amp;ssl=1 300w, https:\/\/i0.wp.com\/vaast.armentierois.fr\/wp-content\/uploads\/2023\/09\/cca847c0-49f7-4b8d-909e-03ecc3506803-5624-0000034c1a41f28e_file-scaled.jpg?resize=768%2C576&amp;ssl=1 768w, https:\/\/i0.wp.com\/vaast.armentierois.fr\/wp-content\/uploads\/2023\/09\/cca847c0-49f7-4b8d-909e-03ecc3506803-5624-0000034c1a41f28e_file-scaled.jpg?resize=1536%2C1152&amp;ssl=1 1536w, https:\/\/i0.wp.com\/vaast.armentierois.fr\/wp-content\/uploads\/2023\/09\/cca847c0-49f7-4b8d-909e-03ecc3506803-5624-0000034c1a41f28e_file-scaled.jpg?resize=2048%2C1536&amp;ssl=1 2048w, https:\/\/i0.wp.com\/vaast.armentierois.fr\/wp-content\/uploads\/2023\/09\/cca847c0-49f7-4b8d-909e-03ecc3506803-5624-0000034c1a41f28e_file-scaled.jpg?w=1280&amp;ssl=1 1280w, https:\/\/i0.wp.com\/vaast.armentierois.fr\/wp-content\/uploads\/2023\/09\/cca847c0-49f7-4b8d-909e-03ecc3506803-5624-0000034c1a41f28e_file-scaled.jpg?w=1920&amp;ssl=1 1920w\" sizes=\"auto, (max-width: 640px) 100vw, 640px\" data-recalc-dims=\"1\" \/><\/figure>\n\n\n\n<p>Je te vois, J\u00e9sus, d\u00e9pouill\u00e9 de tout. Ils ont voulu te punir, toi innocent, en te clouant sur le bois de la croix. Qu\u2019est-ce que j\u2019aurais fait \u00e0 leur place, aurais-je eu le courage de reconna\u00eetre ta v\u00e9rit\u00e9, et la mienne&nbsp;? Tu as eu la force de supporter le poids d\u2019une croix, de ne pas \u00eatre cru, d\u2019\u00eatre condamn\u00e9 pour tes paroles d\u00e9rangeantes. Aujourd\u2019hui, nous ne parvenons pas \u00e0 dig\u00e9rer une critique, comme si chaque parole \u00e9tait prononc\u00e9e pour nous blesser.<\/p>\n\n\n\n<p>Tu ne t\u2019es pas non plus arr\u00eat\u00e9 devant la mort, tu as profond\u00e9ment cru en ta mission et tu as fait confiance \u00e0 ton P\u00e8re. Aujourd\u2019hui, dans le monde d\u2019Internet, nous sommes tellement conditionn\u00e9s par tout ce qui circule sur les r\u00e9seaux que, parfois, je doute m\u00eame de mes paroles. Mais, tes paroles sont diff\u00e9rentes, elles sont fortes dans ta faiblesse. Tu nous as pardonn\u00e9s, tu n\u2019as pas gard\u00e9 de rancune, tu as enseign\u00e9 \u00e0 tendre l\u2019autre joue et tu es all\u00e9 jusqu\u2019au sacrifice total de ta personne.<\/p>\n\n\n\n<p>Je regarde autour de moi et je vois des yeux fix\u00e9s sur l\u2019\u00e9cran du t\u00e9l\u00e9phone, occup\u00e9s sur les r\u00e9seaux sociaux \u00e0 \u00e9pingler toutes les erreurs des autres sans possibilit\u00e9 de pardon. Des hommes qui, sous le coup de la col\u00e8re, crient se d\u00e9tester pour les motifs les plus futiles.<\/p>\n\n\n\n<p>Je regarde tes blessures et je suis conscient, maintenant, que je n\u2019aurais pas eu ta force. Mais je suis assise ici \u00e0 tes pieds, et je me d\u00e9pouille moi aussi de toute h\u00e9sitation, je me l\u00e8ve de terre pour pouvoir \u00eatre plus proche de toi, ne serait-ce que de quelques centim\u00e8tres.<\/p>\n\n\n\n<p class=\"has-background\" style=\"background:linear-gradient(337deg,rgb(255,245,203) 0%,rgb(182,227,212) 50%,rgb(51,167,181) 100%)\">Je te prie, Seigneur, fais que devant le bien,<br \/>je puisse avoir la promptitude pour le reconna\u00eetre&nbsp;;<br \/>Fais que devant une injustice, je puisse avoir<br \/>le courage de prendre en main ma vie et d\u2019agir diff\u00e9remment&nbsp;;<br \/>fais que je puisse me lib\u00e9rer de toutes les peurs<br \/>qui, comme des clous, me paralysent et me tiennent \u00e9loign\u00e9e<br \/>de la vie que tu as esp\u00e9r\u00e9e et pr\u00e9par\u00e9e pour nous.<\/p>\n\n\n\n<p class=\"has-background\" style=\"background:linear-gradient(337deg,rgb(255,245,203) 0%,rgb(182,227,212) 50%,rgb(51,167,181) 100%)\">On peut prier le Notre P\u00e8re.<\/p>\n","protected":false},"excerpt":{"rendered":"<p>De l\u2019Evangile selon Luc (Lc&nbsp;23, 33-34) Lorsqu\u2019ils furent arriv\u00e9s au lieu-dit&nbsp;: Le Cr\u00e2ne (ou Calvaire), l\u00e0 ils crucifi\u00e8rent J\u00e9sus, avec &hellip; <\/p>\n","protected":false},"author":1,"featured_media":0,"parent":0,"menu_order":0,"comment_status":"closed","ping_status":"closed","template":"","meta":{"footnotes":""},"class_list":["post-233","page","type-page","status-publish","hentry"],"_links":{"self":[{"href":"https:\/\/vaast.armentierois.fr\/index.php?rest_route=\/wp\/v2\/pages\/233","targetHints":{"allow":["GET"]}}],"collection":[{"href":"https:\/\/vaast.armentierois.fr\/index.php?rest_route=\/wp\/v2\/pages"}],"about":[{"href":"https:\/\/vaast.armentierois.fr\/index.php?rest_route=\/wp\/v2\/types\/page"}],"author":[{"embeddable":true,"href":"https:\/\/vaast.armentierois.fr\/index.php?rest_route=\/wp\/v2\/users\/1"}],"replies":[{"embeddable":true,"href":"https:\/\/vaast.armentierois.fr\/index.php?rest_route=%2Fwp%2Fv2%2Fcomments&post=233"}],"version-history":[{"count":2,"href":"https:\/\/vaast.armentierois.fr\/index.php?rest_route=\/wp\/v2\/pages\/233\/revisions"}],"predecessor-version":[{"id":1962,"href":"https:\/\/vaast.armentierois.fr\/index.php?rest_route=\/wp\/v2\/pages\/233\/revisions\/1962"}],"wp:attachment":[{"href":"https:\/\/vaast.armentierois.fr\/index.php?rest_route=%2Fwp%2Fv2%2Fmedia&parent=233"}],"curies":[{"name":"wp","href":"https:\/\/api.w.org\/{rel}","templated":true}]}}