{"id":235,"date":"2023-07-16T19:51:15","date_gmt":"2023-07-16T17:51:15","guid":{"rendered":"https:\/\/www.nds.armentierois.fr\/?page_id=235"},"modified":"2023-09-14T10:50:54","modified_gmt":"2023-09-14T08:50:54","slug":"10eme-station-jesus-est-depouille-de-ses-vetements","status":"publish","type":"page","link":"https:\/\/vaast.armentierois.fr\/?page_id=235","title":{"rendered":"10\u00e8me station, J\u00e9sus est d\u00e9pouill\u00e9 de ses v\u00eatements"},"content":{"rendered":"\n<p class=\"has-light-green-cyan-background-color has-background\">De l\u2019Evangile selon Jean (<em>Jn<\/em>&nbsp;19, 23)<\/p>\n\n\n\n<p class=\"has-light-green-cyan-background-color has-background\"><em>Quand les soldats eurent crucifi\u00e9 J\u00e9sus, ils prirent ses habits&nbsp;; ils en firent quatre parts, une pour chaque soldat. Ils prirent aussi la tunique&nbsp;; c\u2019\u00e9tait une tunique sans couture, tiss\u00e9e tout d\u2019une seule pi\u00e8ce de haut en bas<\/em>.<\/p>\n\n\n\n<figure class=\"wp-block-image size-large\"><img loading=\"lazy\" decoding=\"async\" width=\"640\" height=\"480\" src=\"https:\/\/i0.wp.com\/vaast.armentierois.fr\/wp-content\/uploads\/2023\/09\/9f5bb564-9502-488c-8e8b-bff29203f771-713-000000cf8060a7a3_file.jpg?resize=640%2C480&#038;ssl=1\" alt=\"\" class=\"wp-image-2096\" srcset=\"https:\/\/i0.wp.com\/vaast.armentierois.fr\/wp-content\/uploads\/2023\/09\/9f5bb564-9502-488c-8e8b-bff29203f771-713-000000cf8060a7a3_file-scaled.jpg?resize=1024%2C768&amp;ssl=1 1024w, https:\/\/i0.wp.com\/vaast.armentierois.fr\/wp-content\/uploads\/2023\/09\/9f5bb564-9502-488c-8e8b-bff29203f771-713-000000cf8060a7a3_file-scaled.jpg?resize=300%2C225&amp;ssl=1 300w, https:\/\/i0.wp.com\/vaast.armentierois.fr\/wp-content\/uploads\/2023\/09\/9f5bb564-9502-488c-8e8b-bff29203f771-713-000000cf8060a7a3_file-scaled.jpg?resize=768%2C576&amp;ssl=1 768w, https:\/\/i0.wp.com\/vaast.armentierois.fr\/wp-content\/uploads\/2023\/09\/9f5bb564-9502-488c-8e8b-bff29203f771-713-000000cf8060a7a3_file-scaled.jpg?resize=1536%2C1152&amp;ssl=1 1536w, https:\/\/i0.wp.com\/vaast.armentierois.fr\/wp-content\/uploads\/2023\/09\/9f5bb564-9502-488c-8e8b-bff29203f771-713-000000cf8060a7a3_file-scaled.jpg?resize=2048%2C1536&amp;ssl=1 2048w, https:\/\/i0.wp.com\/vaast.armentierois.fr\/wp-content\/uploads\/2023\/09\/9f5bb564-9502-488c-8e8b-bff29203f771-713-000000cf8060a7a3_file-scaled.jpg?w=1280&amp;ssl=1 1280w, https:\/\/i0.wp.com\/vaast.armentierois.fr\/wp-content\/uploads\/2023\/09\/9f5bb564-9502-488c-8e8b-bff29203f771-713-000000cf8060a7a3_file-scaled.jpg?w=1920&amp;ssl=1 1920w\" sizes=\"auto, (max-width: 640px) 100vw, 640px\" data-recalc-dims=\"1\" \/><\/figure>\n\n\n\n<p>Je te vois, J\u00e9sus, nu, comme je ne t\u2019ai jamais vu. Ils t\u2019ont priv\u00e9 de tes v\u00eatements, J\u00e9sus, et ils se les sont tir\u00e9s au sort. Aux yeux de ces hommes, tu as perdu le seul lambeau de dignit\u00e9 qui t\u2019\u00e9tait rest\u00e9, le seul objet que tu avais en ta possession sur ton chemin de souffrance. A l\u2019aube des temps, ton P\u00e8re avait cousu des v\u00eatements pour les hommes, pour les rev\u00eatir de dignit\u00e9&nbsp;; maintenant ce sont des hommes qui te les arrachent. Je te vois, J\u00e9sus, et je vois un jeune migrant, le corps d\u00e9truit qui arrive sur une terre trop souvent cruelle, pr\u00eate \u00e0 lui prendre son v\u00eatement, son seul bien, et \u00e0 le vendre&nbsp;; pr\u00eate \u00e0 le laisser comme \u00e7a avec sa seule croix, comme la tienne, avec seulement sa peau martyris\u00e9e, comme la tienne, avec seulement ses yeux remplis de souffrance, comme les tiens.<\/p>\n\n\n\n<p>Mais il y une chose que les hommes oublient souvent \u00e0 propos de la dignit\u00e9&nbsp;: elle se trouve sous ta peau, elle fait partie de toi et sera toujours avec toi, et encore plus en cet instant, dans cette nudit\u00e9.<\/p>\n\n\n\n<p>La nudit\u00e9 avec laquelle nous naissons est la m\u00eame avec laquelle la terre nous accueille au soir de la vie. D\u2019une m\u00e8re \u00e0 l\u2019autre. Et l\u00e0, maintenant, sur cette colline, se trouve aussi ta m\u00e8re qui te voit nu de nouveau.<\/p>\n\n\n\n<p>Je te vois et je comprends la grandeur et la splendeur de ta dignit\u00e9, de la dignit\u00e9 de tout homme que personne ne pourra jamais supprimer.<\/p>\n\n\n\n<p class=\"has-background\" style=\"background:radial-gradient(rgb(2,3,129) 0%,rgb(40,116,252) 100%)\">Je te prie, Seigneur, fais que tous, nous puissions reconna\u00eetre<br \/>la dignit\u00e9 propre de notre nature,<br \/>m\u00eame quand nous nous retrouvons nus et seuls devant les autres.<br \/>Fais que nous puissions toujours voir la dignit\u00e9 des autres,<br \/>l\u2019estimer, et veiller sur elle.<br \/>Nous te prions de nous accorder le courage n\u00e9cessaire<br \/>pour nous comprendre nous-m\u00eames au-del\u00e0 de notre apparence&nbsp;;<br \/>et d\u2019accepter la nudit\u00e9 qui nous appartient,<br \/>et qui nous rappelle notre pauvret\u00e9,<br \/>que tu as aim\u00e9e jusqu\u2019\u00e0 donner ta vie pour nous.<\/p>\n\n\n\n<p class=\"has-background\" style=\"background:radial-gradient(rgb(2,3,129) 0%,rgb(40,116,252) 100%)\">On peut prier le Notre P\u00e8re.<\/p>\n","protected":false},"excerpt":{"rendered":"<p>De l\u2019Evangile selon Jean (Jn&nbsp;19, 23) Quand les soldats eurent crucifi\u00e9 J\u00e9sus, ils prirent ses habits&nbsp;; ils en firent quatre &hellip; <\/p>\n","protected":false},"author":1,"featured_media":0,"parent":0,"menu_order":0,"comment_status":"closed","ping_status":"closed","template":"","meta":{"footnotes":""},"class_list":["post-235","page","type-page","status-publish","hentry"],"_links":{"self":[{"href":"https:\/\/vaast.armentierois.fr\/index.php?rest_route=\/wp\/v2\/pages\/235","targetHints":{"allow":["GET"]}}],"collection":[{"href":"https:\/\/vaast.armentierois.fr\/index.php?rest_route=\/wp\/v2\/pages"}],"about":[{"href":"https:\/\/vaast.armentierois.fr\/index.php?rest_route=\/wp\/v2\/types\/page"}],"author":[{"embeddable":true,"href":"https:\/\/vaast.armentierois.fr\/index.php?rest_route=\/wp\/v2\/users\/1"}],"replies":[{"embeddable":true,"href":"https:\/\/vaast.armentierois.fr\/index.php?rest_route=%2Fwp%2Fv2%2Fcomments&post=235"}],"version-history":[{"count":4,"href":"https:\/\/vaast.armentierois.fr\/index.php?rest_route=\/wp\/v2\/pages\/235\/revisions"}],"predecessor-version":[{"id":2098,"href":"https:\/\/vaast.armentierois.fr\/index.php?rest_route=\/wp\/v2\/pages\/235\/revisions\/2098"}],"wp:attachment":[{"href":"https:\/\/vaast.armentierois.fr\/index.php?rest_route=%2Fwp%2Fv2%2Fmedia&parent=235"}],"curies":[{"name":"wp","href":"https:\/\/api.w.org\/{rel}","templated":true}]}}

10ème station, Jésus est dépouillé de ses vêtements

<p class="has-light-green-cyan-background-color has-background">De l’Evangile selon Jean (<em>Jn</em>&nbsp;19, 23)</p>



<p class="has-light-green-cyan-background-color has-background"><em>Quand les soldats eurent crucifié Jésus, ils prirent ses habits&nbsp;; ils en firent quatre parts, une pour chaque soldat. Ils prirent aussi la tunique&nbsp;; c’était une tunique sans couture, tissée tout d’une seule pièce de haut en bas</em>.</p>



<figure class="wp-block-image size-large"><img loading="lazy" decoding="async" width="640" height="480" src="https://i0.wp.com/vaast.armentierois.fr/wp-content/uploads/2023/09/9f5bb564-9502-488c-8e8b-bff29203f771-713-000000cf8060a7a3_file.jpg?resize=640%2C480&#038;ssl=1" alt="" class="wp-image-2096" srcset="https://i0.wp.com/vaast.armentierois.fr/wp-content/uploads/2023/09/9f5bb564-9502-488c-8e8b-bff29203f771-713-000000cf8060a7a3_file-scaled.jpg?resize=1024%2C768&amp;ssl=1 1024w, https://i0.wp.com/vaast.armentierois.fr/wp-content/uploads/2023/09/9f5bb564-9502-488c-8e8b-bff29203f771-713-000000cf8060a7a3_file-scaled.jpg?resize=300%2C225&amp;ssl=1 300w, https://i0.wp.com/vaast.armentierois.fr/wp-content/uploads/2023/09/9f5bb564-9502-488c-8e8b-bff29203f771-713-000000cf8060a7a3_file-scaled.jpg?resize=768%2C576&amp;ssl=1 768w, https://i0.wp.com/vaast.armentierois.fr/wp-content/uploads/2023/09/9f5bb564-9502-488c-8e8b-bff29203f771-713-000000cf8060a7a3_file-scaled.jpg?resize=1536%2C1152&amp;ssl=1 1536w, https://i0.wp.com/vaast.armentierois.fr/wp-content/uploads/2023/09/9f5bb564-9502-488c-8e8b-bff29203f771-713-000000cf8060a7a3_file-scaled.jpg?resize=2048%2C1536&amp;ssl=1 2048w, https://i0.wp.com/vaast.armentierois.fr/wp-content/uploads/2023/09/9f5bb564-9502-488c-8e8b-bff29203f771-713-000000cf8060a7a3_file-scaled.jpg?w=1280&amp;ssl=1 1280w, https://i0.wp.com/vaast.armentierois.fr/wp-content/uploads/2023/09/9f5bb564-9502-488c-8e8b-bff29203f771-713-000000cf8060a7a3_file-scaled.jpg?w=1920&amp;ssl=1 1920w" sizes="auto, (max-width: 640px) 100vw, 640px" data-recalc-dims="1" /></figure>



<p>Je te vois, Jésus, nu, comme je ne t’ai jamais vu. Ils t’ont privé de tes vêtements, Jésus, et ils se les sont tirés au sort. Aux yeux de ces hommes, tu as perdu le seul lambeau de dignité qui t’était resté, le seul objet que tu avais en ta possession sur ton chemin de souffrance. A l’aube des temps, ton Père avait cousu des vêtements pour les hommes, pour les revêtir de dignité&nbsp;; maintenant ce sont des hommes qui te les arrachent. Je te vois, Jésus, et je vois un jeune migrant, le corps détruit qui arrive sur une terre trop souvent cruelle, prête à lui prendre son vêtement, son seul bien, et à le vendre&nbsp;; prête à le laisser comme ça avec sa seule croix, comme la tienne, avec seulement sa peau martyrisée, comme la tienne, avec seulement ses yeux remplis de souffrance, comme les tiens.</p>



<p>Mais il y une chose que les hommes oublient souvent à propos de la dignité&nbsp;: elle se trouve sous ta peau, elle fait partie de toi et sera toujours avec toi, et encore plus en cet instant, dans cette nudité.</p>



<p>La nudité avec laquelle nous naissons est la même avec laquelle la terre nous accueille au soir de la vie. D’une mère à l’autre. Et là, maintenant, sur cette colline, se trouve aussi ta mère qui te voit nu de nouveau.</p>



<p>Je te vois et je comprends la grandeur et la splendeur de ta dignité, de la dignité de tout homme que personne ne pourra jamais supprimer.</p>



<p class="has-background" style="background:radial-gradient(rgb(2,3,129) 0%,rgb(40,116,252) 100%)">Je te prie, Seigneur, fais que tous, nous puissions reconnaître<br />la dignité propre de notre nature,<br />même quand nous nous retrouvons nus et seuls devant les autres.<br />Fais que nous puissions toujours voir la dignité des autres,<br />l’estimer, et veiller sur elle.<br />Nous te prions de nous accorder le courage nécessaire<br />pour nous comprendre nous-mêmes au-delà de notre apparence&nbsp;;<br />et d’accepter la nudité qui nous appartient,<br />et qui nous rappelle notre pauvreté,<br />que tu as aimée jusqu’à donner ta vie pour nous.</p>



<p class="has-background" style="background:radial-gradient(rgb(2,3,129) 0%,rgb(40,116,252) 100%)">On peut prier le Notre Père.</p>

<p>De l’Evangile selon Jean (Jn&nbsp;19, 23) Quand les soldats eurent crucifié Jésus, ils prirent ses habits&nbsp;; ils en firent quatre &hellip; </p>
