{"id":245,"date":"2023-07-16T19:55:16","date_gmt":"2023-07-16T17:55:16","guid":{"rendered":"https:\/\/www.nds.armentierois.fr\/?page_id=245"},"modified":"2023-09-13T19:56:17","modified_gmt":"2023-09-13T17:56:17","slug":"5eme-station-symon-de-cyrene-aide-jesus-a-porter-la-croix","status":"publish","type":"page","link":"https:\/\/vaast.armentierois.fr\/?page_id=245","title":{"rendered":"5\u00e8me station, Symon de Cyr\u00e8ne aide J\u00e9sus \u00e0 porter la croix"},"content":{"rendered":"\n<p class=\"has-light-green-cyan-background-color has-background\">De l\u2019Evangile selon Luc&nbsp;<em>(Lc&nbsp;<\/em>23, 26<em>)<\/em><\/p>\n\n\n\n<p class=\"has-light-green-cyan-background-color has-background\"><em>Comme ils l\u2019emmenaient, ils prirent un certain Simon de Cyr\u00e8ne, qui revenait des champs, et ils le charg\u00e8rent de la croix pour qu\u2019il la porte derri\u00e8re J\u00e9sus.<\/em><\/p>\n\n\n\n<figure class=\"wp-block-image size-large\"><img loading=\"lazy\" decoding=\"async\" width=\"640\" height=\"480\" src=\"https:\/\/i0.wp.com\/vaast.armentierois.fr\/wp-content\/uploads\/2023\/09\/940f71d8-afe0-4c71-a309-a0ca79224d11-5624-00000349f13efb65_file.jpg?resize=640%2C480&#038;ssl=1\" alt=\"\" class=\"wp-image-1942\" srcset=\"https:\/\/i0.wp.com\/vaast.armentierois.fr\/wp-content\/uploads\/2023\/09\/940f71d8-afe0-4c71-a309-a0ca79224d11-5624-00000349f13efb65_file-scaled.jpg?resize=1024%2C768&amp;ssl=1 1024w, https:\/\/i0.wp.com\/vaast.armentierois.fr\/wp-content\/uploads\/2023\/09\/940f71d8-afe0-4c71-a309-a0ca79224d11-5624-00000349f13efb65_file-scaled.jpg?resize=300%2C225&amp;ssl=1 300w, https:\/\/i0.wp.com\/vaast.armentierois.fr\/wp-content\/uploads\/2023\/09\/940f71d8-afe0-4c71-a309-a0ca79224d11-5624-00000349f13efb65_file-scaled.jpg?resize=768%2C576&amp;ssl=1 768w, https:\/\/i0.wp.com\/vaast.armentierois.fr\/wp-content\/uploads\/2023\/09\/940f71d8-afe0-4c71-a309-a0ca79224d11-5624-00000349f13efb65_file-scaled.jpg?resize=1536%2C1152&amp;ssl=1 1536w, https:\/\/i0.wp.com\/vaast.armentierois.fr\/wp-content\/uploads\/2023\/09\/940f71d8-afe0-4c71-a309-a0ca79224d11-5624-00000349f13efb65_file-scaled.jpg?resize=2048%2C1536&amp;ssl=1 2048w, https:\/\/i0.wp.com\/vaast.armentierois.fr\/wp-content\/uploads\/2023\/09\/940f71d8-afe0-4c71-a309-a0ca79224d11-5624-00000349f13efb65_file-scaled.jpg?w=1280&amp;ssl=1 1280w, https:\/\/i0.wp.com\/vaast.armentierois.fr\/wp-content\/uploads\/2023\/09\/940f71d8-afe0-4c71-a309-a0ca79224d11-5624-00000349f13efb65_file-scaled.jpg?w=1920&amp;ssl=1 1920w\" sizes=\"auto, (max-width: 640px) 100vw, 640px\" data-recalc-dims=\"1\" \/><\/figure>\n\n\n\n<p>Je te vois, J\u00e9sus, \u00e9cras\u00e9 sous le poids de la croix. Je vois que tu n\u2019y arrives pas&nbsp;tout seul; en ce moment-m\u00eame de l\u2019effort le plus grand, tu es rest\u00e9 seul, ceux qui se disaient tes amis ne sont pas l\u00e0&nbsp;: Judas t\u2019a trahi, Pierre t\u2019a reni\u00e9, les autres t\u2019ont abandonn\u00e9. Mais voici une rencontre impr\u00e9vue, quelqu\u2019un, un homme quelconque, qui peut-\u00eatre avait entendu parler de toi et pourtant ne t\u2019avait pas suivi, et au contraire \u00e0 pr\u00e9sent est l\u00e0, \u00e0 tes c\u00f4t\u00e9s, \u00e9paule contre \u00e9paule, \u00e0 partager ton joug. Il s\u2019appelle Simon et c\u2019est un \u00e9tranger qui vient de loin, de Cyr\u00e8ne. Pour lui aujourd\u2019hui un impr\u00e9vu, qui se r\u00e9v\u00e8le une rencontre.<\/p>\n\n\n\n<p>Elles sont infinies les rencontres et les heurts que nous vivons chaque jour, surtout nous les jeunes qui entrons continuellement en contact avec des r\u00e9alit\u00e9s nouvelles, des personnes nouvelles. Et c\u2019est dans la rencontre inattendue, dans l\u2019incident, dans la surprise qui d\u00e9soriente qu\u2019est cach\u00e9e l\u2019opportunit\u00e9 d\u2019aimer, de d\u00e9couvrir le meilleur dans le prochain, m\u00eame quand il nous semble diff\u00e9rent.&nbsp;<\/p>\n\n\n\n<p>Parfois, nous nous sentons comme toi, J\u00e9sus, abandonn\u00e9s de ceux que nous croyions \u00eatre nos amis, sous un poids qui nous \u00e9crase. Mais nous ne devons pas oublier qu\u2019il y a un Simon de Cyr\u00e8ne pr\u00eat \u00e0 prendre notre croix. Nous ne devons pas oublier que nous ne sommes pas seuls, et de cette conscience nous pouvons tirer la force de nous charger de la croix de celui qui est \u00e0 nos c\u00f4t\u00e9s.<\/p>\n\n\n\n<p>Je te vois, J\u00e9sus&nbsp;: maintenant il semble que tu \u00e9prouves un peu de soulagement, tu r\u00e9ussis un instant \u00e0 respirer \u00e0 pr\u00e9sent que tu n\u2019es plus seul. Et je vois Simon&nbsp;: qui sait s\u2019il a fait l\u2019ex\u00e9prience que ton joug est l\u00e9ger, qui sait s\u2019il se rend compte de ce que signifie cet impr\u00e9vu dans sa vie.<\/p>\n\n\n\n<p class=\"has-background has-blush-light-purple-gradient-background\">Seigneur, je te prie afin que chacun de nous<br \/>puisse trouver le courage d\u2019\u00eatre comme le Cyr\u00e9n\u00e9en,<br \/>qui prend la croix et suit tes pas.<br \/>Que chacun de nous soit assez humble et fort<br \/>pour se charger de la croix de ceux que nous rencontrons.<br \/>Fais que, quand nous nous sentons seuls,<br \/>nous puissions reconna\u00eetre sur notre route un Simon de Cyr\u00e8ne<br \/>qui s\u2019arr\u00eate et se charge de notre fardeau.<br \/>Donne-nous de savoir chercher le meilleur dans chaque personne,<br \/>d\u2019\u00eatre ouverts \u00e0 chaque rencontre m\u00eame dans la diff\u00e9rence.<br \/>Je te prie afin que chacun de nous<br \/>puisse \u00e0 l\u2019improviste se d\u00e9couvrir \u00e0 tes c\u00f4t\u00e9s.<\/p>\n\n\n\n<p class=\"has-background has-white-background-color\">On peut prier le Notre P\u00e8re<\/p>\n","protected":false},"excerpt":{"rendered":"<p>De l\u2019Evangile selon Luc&nbsp;(Lc&nbsp;23, 26) Comme ils l\u2019emmenaient, ils prirent un certain Simon de Cyr\u00e8ne, qui revenait des champs, et &hellip; <\/p>\n","protected":false},"author":1,"featured_media":0,"parent":0,"menu_order":0,"comment_status":"closed","ping_status":"closed","template":"","meta":{"footnotes":""},"class_list":["post-245","page","type-page","status-publish","hentry"],"_links":{"self":[{"href":"https:\/\/vaast.armentierois.fr\/index.php?rest_route=\/wp\/v2\/pages\/245","targetHints":{"allow":["GET"]}}],"collection":[{"href":"https:\/\/vaast.armentierois.fr\/index.php?rest_route=\/wp\/v2\/pages"}],"about":[{"href":"https:\/\/vaast.armentierois.fr\/index.php?rest_route=\/wp\/v2\/types\/page"}],"author":[{"embeddable":true,"href":"https:\/\/vaast.armentierois.fr\/index.php?rest_route=\/wp\/v2\/users\/1"}],"replies":[{"embeddable":true,"href":"https:\/\/vaast.armentierois.fr\/index.php?rest_route=%2Fwp%2Fv2%2Fcomments&post=245"}],"version-history":[{"count":2,"href":"https:\/\/vaast.armentierois.fr\/index.php?rest_route=\/wp\/v2\/pages\/245\/revisions"}],"predecessor-version":[{"id":1944,"href":"https:\/\/vaast.armentierois.fr\/index.php?rest_route=\/wp\/v2\/pages\/245\/revisions\/1944"}],"wp:attachment":[{"href":"https:\/\/vaast.armentierois.fr\/index.php?rest_route=%2Fwp%2Fv2%2Fmedia&parent=245"}],"curies":[{"name":"wp","href":"https:\/\/api.w.org\/{rel}","templated":true}]}}

5ème station, Symon de Cyrène aide Jésus à porter la croix

<p class="has-light-green-cyan-background-color has-background">De l’Evangile selon Luc&nbsp;<em>(Lc&nbsp;</em>23, 26<em>)</em></p>



<p class="has-light-green-cyan-background-color has-background"><em>Comme ils l’emmenaient, ils prirent un certain Simon de Cyrène, qui revenait des champs, et ils le chargèrent de la croix pour qu’il la porte derrière Jésus.</em></p>



<figure class="wp-block-image size-large"><img loading="lazy" decoding="async" width="640" height="480" src="https://i0.wp.com/vaast.armentierois.fr/wp-content/uploads/2023/09/940f71d8-afe0-4c71-a309-a0ca79224d11-5624-00000349f13efb65_file.jpg?resize=640%2C480&#038;ssl=1" alt="" class="wp-image-1942" srcset="https://i0.wp.com/vaast.armentierois.fr/wp-content/uploads/2023/09/940f71d8-afe0-4c71-a309-a0ca79224d11-5624-00000349f13efb65_file-scaled.jpg?resize=1024%2C768&amp;ssl=1 1024w, https://i0.wp.com/vaast.armentierois.fr/wp-content/uploads/2023/09/940f71d8-afe0-4c71-a309-a0ca79224d11-5624-00000349f13efb65_file-scaled.jpg?resize=300%2C225&amp;ssl=1 300w, https://i0.wp.com/vaast.armentierois.fr/wp-content/uploads/2023/09/940f71d8-afe0-4c71-a309-a0ca79224d11-5624-00000349f13efb65_file-scaled.jpg?resize=768%2C576&amp;ssl=1 768w, https://i0.wp.com/vaast.armentierois.fr/wp-content/uploads/2023/09/940f71d8-afe0-4c71-a309-a0ca79224d11-5624-00000349f13efb65_file-scaled.jpg?resize=1536%2C1152&amp;ssl=1 1536w, https://i0.wp.com/vaast.armentierois.fr/wp-content/uploads/2023/09/940f71d8-afe0-4c71-a309-a0ca79224d11-5624-00000349f13efb65_file-scaled.jpg?resize=2048%2C1536&amp;ssl=1 2048w, https://i0.wp.com/vaast.armentierois.fr/wp-content/uploads/2023/09/940f71d8-afe0-4c71-a309-a0ca79224d11-5624-00000349f13efb65_file-scaled.jpg?w=1280&amp;ssl=1 1280w, https://i0.wp.com/vaast.armentierois.fr/wp-content/uploads/2023/09/940f71d8-afe0-4c71-a309-a0ca79224d11-5624-00000349f13efb65_file-scaled.jpg?w=1920&amp;ssl=1 1920w" sizes="auto, (max-width: 640px) 100vw, 640px" data-recalc-dims="1" /></figure>



<p>Je te vois, Jésus, écrasé sous le poids de la croix. Je vois que tu n’y arrives pas&nbsp;tout seul; en ce moment-même de l’effort le plus grand, tu es resté seul, ceux qui se disaient tes amis ne sont pas là&nbsp;: Judas t’a trahi, Pierre t’a renié, les autres t’ont abandonné. Mais voici une rencontre imprévue, quelqu’un, un homme quelconque, qui peut-être avait entendu parler de toi et pourtant ne t’avait pas suivi, et au contraire à présent est là, à tes côtés, épaule contre épaule, à partager ton joug. Il s’appelle Simon et c’est un étranger qui vient de loin, de Cyrène. Pour lui aujourd’hui un imprévu, qui se révèle une rencontre.</p>



<p>Elles sont infinies les rencontres et les heurts que nous vivons chaque jour, surtout nous les jeunes qui entrons continuellement en contact avec des réalités nouvelles, des personnes nouvelles. Et c’est dans la rencontre inattendue, dans l’incident, dans la surprise qui désoriente qu’est cachée l’opportunité d’aimer, de découvrir le meilleur dans le prochain, même quand il nous semble différent.&nbsp;</p>



<p>Parfois, nous nous sentons comme toi, Jésus, abandonnés de ceux que nous croyions être nos amis, sous un poids qui nous écrase. Mais nous ne devons pas oublier qu’il y a un Simon de Cyrène prêt à prendre notre croix. Nous ne devons pas oublier que nous ne sommes pas seuls, et de cette conscience nous pouvons tirer la force de nous charger de la croix de celui qui est à nos côtés.</p>



<p>Je te vois, Jésus&nbsp;: maintenant il semble que tu éprouves un peu de soulagement, tu réussis un instant à respirer à présent que tu n’es plus seul. Et je vois Simon&nbsp;: qui sait s’il a fait l’exéprience que ton joug est léger, qui sait s’il se rend compte de ce que signifie cet imprévu dans sa vie.</p>



<p class="has-background has-blush-light-purple-gradient-background">Seigneur, je te prie afin que chacun de nous<br />puisse trouver le courage d’être comme le Cyrénéen,<br />qui prend la croix et suit tes pas.<br />Que chacun de nous soit assez humble et fort<br />pour se charger de la croix de ceux que nous rencontrons.<br />Fais que, quand nous nous sentons seuls,<br />nous puissions reconnaître sur notre route un Simon de Cyrène<br />qui s’arrête et se charge de notre fardeau.<br />Donne-nous de savoir chercher le meilleur dans chaque personne,<br />d’être ouverts à chaque rencontre même dans la différence.<br />Je te prie afin que chacun de nous<br />puisse à l’improviste se découvrir à tes côtés.</p>



<p class="has-background has-white-background-color">On peut prier le Notre Père</p>

<p>De l’Evangile selon Luc&nbsp;(Lc&nbsp;23, 26) Comme ils l’emmenaient, ils prirent un certain Simon de Cyrène, qui revenait des champs, et &hellip; </p>
