{"id":247,"date":"2023-07-16T19:55:47","date_gmt":"2023-07-16T17:55:47","guid":{"rendered":"https:\/\/www.nds.armentierois.fr\/?page_id=247"},"modified":"2023-09-13T19:53:49","modified_gmt":"2023-09-13T17:53:49","slug":"4eme-station-jesus-rencontre-sa-mere","status":"publish","type":"page","link":"https:\/\/vaast.armentierois.fr\/?page_id=247","title":{"rendered":"4\u00e8me station, J\u00e9sus rencontre sa m\u00e8re"},"content":{"rendered":"\n<p class=\"has-background\" style=\"background-color:#7bdbb559\">De l\u2019Evangile selon Luc <em>(Lc&nbsp;<\/em>2, 34-35).<\/p>\n\n\n\n<p class=\"has-background\" style=\"background-color:#7bdbb559\"><em>Sym\u00e9on les b\u00e9nit, puis il dit \u00e0 Marie sa m\u00e8re&nbsp;: \u00ab Voici que cet enfant provoquera la chute et le rel\u00e8vement de beaucoup en Isra\u00ebl. Il sera un signe de contradiction \u2013 et toi, ton \u00e2me sera travers\u00e9e d\u2019un glaive \u2013&nbsp;: ainsi seront d\u00e9voil\u00e9es les pens\u00e9es qui viennent du c\u0153ur d\u2019un grand nombre&nbsp;\u00bb<\/em>.<\/p>\n\n\n\n<figure class=\"wp-block-image size-large\"><img loading=\"lazy\" decoding=\"async\" width=\"640\" height=\"480\" src=\"https:\/\/i0.wp.com\/vaast.armentierois.fr\/wp-content\/uploads\/2023\/09\/99dc51c5-7e36-420f-8459-19f991ac0448-5624-0000034916c0e859_file.jpg?resize=640%2C480&#038;ssl=1\" alt=\"\" class=\"wp-image-1937\" srcset=\"https:\/\/i0.wp.com\/vaast.armentierois.fr\/wp-content\/uploads\/2023\/09\/99dc51c5-7e36-420f-8459-19f991ac0448-5624-0000034916c0e859_file-scaled.jpg?resize=1024%2C768&amp;ssl=1 1024w, https:\/\/i0.wp.com\/vaast.armentierois.fr\/wp-content\/uploads\/2023\/09\/99dc51c5-7e36-420f-8459-19f991ac0448-5624-0000034916c0e859_file-scaled.jpg?resize=300%2C225&amp;ssl=1 300w, https:\/\/i0.wp.com\/vaast.armentierois.fr\/wp-content\/uploads\/2023\/09\/99dc51c5-7e36-420f-8459-19f991ac0448-5624-0000034916c0e859_file-scaled.jpg?resize=768%2C576&amp;ssl=1 768w, https:\/\/i0.wp.com\/vaast.armentierois.fr\/wp-content\/uploads\/2023\/09\/99dc51c5-7e36-420f-8459-19f991ac0448-5624-0000034916c0e859_file-scaled.jpg?resize=1536%2C1152&amp;ssl=1 1536w, https:\/\/i0.wp.com\/vaast.armentierois.fr\/wp-content\/uploads\/2023\/09\/99dc51c5-7e36-420f-8459-19f991ac0448-5624-0000034916c0e859_file-scaled.jpg?resize=2048%2C1536&amp;ssl=1 2048w, https:\/\/i0.wp.com\/vaast.armentierois.fr\/wp-content\/uploads\/2023\/09\/99dc51c5-7e36-420f-8459-19f991ac0448-5624-0000034916c0e859_file-scaled.jpg?w=1280&amp;ssl=1 1280w, https:\/\/i0.wp.com\/vaast.armentierois.fr\/wp-content\/uploads\/2023\/09\/99dc51c5-7e36-420f-8459-19f991ac0448-5624-0000034916c0e859_file-scaled.jpg?w=1920&amp;ssl=1 1920w\" sizes=\"auto, (max-width: 640px) 100vw, 640px\" data-recalc-dims=\"1\" \/><\/figure>\n\n\n\n<p>Je te vois, J\u00e9sus, quand tu rencontres ta m\u00e8re. Marie est l\u00e0, elle marche dans la rue pleine de monde, il y a beaucoup de personnes \u00e0 c\u00f4t\u00e9 d\u2019elle. L\u2019unique chose qui la distingue des autres est le fait qu\u2019elle est l\u00e0 pour accompagner son fils. Une situation qui se v\u00e9rifie quotidiennement&nbsp;: les mamans accompagnent leurs enfants \u00e0 l\u2019\u00e9cole, ou chez le m\u00e9decin, ou les am\u00e8nent avec elles au travail. Mais Marie se distingue des autres mamans&nbsp;: elle accompagne son fils qui va mourir. Voir son propre fils mourir est le pire destin que l\u2019on puisse souhaiter \u00e0 une personne, le plus contre nature&nbsp;; encore plus atroce si le fils, innocent, va mourir par les mains de la justice. Quelle sc\u00e8ne contre nature et injuste devant mes yeux&nbsp;! Ma m\u00e8re m\u2019a \u00e9duqu\u00e9 au sens de la justice et \u00e0 avoir confiance en la vie, mais ce que mes yeux voient aujourd\u2019hui n\u2019a rien de cela, est priv\u00e9 de sens et plein de douleur.<\/p>\n\n\n\n<p>Je te vois, Marie, tandis que tu regardes ton pauvre enfant : il a les marques de la flagellation sur le dos et il est contraint de porter le poids de la croix, probablement il tombera bient\u00f4t sous elle en raison de la fatigue. Pourtant tu savais que, t\u00f4t ou tard, cela arriverait, cela t\u2019avait \u00e9t\u00e9 proph\u00e9tis\u00e9, mais \u00e0 pr\u00e9sent ce qui est arriv\u00e9 est tout diff\u00e9rent&nbsp;; et c\u2019est toujours ainsi, nous sommes toujours d\u00e9munis devant la vie, devant sa cruaut\u00e9. Marie, \u00e0 pr\u00e9sent tu es triste, comme le serait n\u2019importe quelle femme \u00e0 ta place, mais tu n\u2019es pas d\u00e9sesp\u00e9r\u00e9e. Tes yeux ne sont pas \u00e9teints, ils ne regardent pas dans le vide, tu ne marches pas la t\u00eate basse. Tu es resplendissante, m\u00eame dans ta tristesse, parce que tu as l\u2019esp\u00e9rance, tu sais que le voyage de ton fils ne sera pas un aller simple et tu sais, tu le sens comme seules les mamans le sentent, que tu le reverras bient\u00f4t.<\/p>\n\n\n\n<p class=\"has-background\" style=\"background-color:#ffffff57\">Je te prie, Seigneur&nbsp;: aide-nous<br \/>\u00e0 tenir toujours pr\u00e9sent l\u2019exemple de Marie,<br \/>qui a accept\u00e9 la mort de son fils<br \/>comme un grand myst\u00e8re de salut.<br \/>Aide-nous \u00e0 agir avec le regard tourn\u00e9 vers le bien des autres<br \/>et \u00e0 mourir dans l\u2019esp\u00e9rance de la r\u00e9surrection<br \/>et avec la conscience de n\u2019\u00eatre jamais seuls,<br \/>ni abandonn\u00e9s de Dieu, ni de Marie,<br \/>m\u00e8re bonne qui a toujours \u00e0 c\u0153ur ses enfants.<\/p>\n\n\n\n<p class=\"has-background\" style=\"background-color:#ffffff57\">On peut prier le Notre P\u00e8re<\/p>\n","protected":false},"excerpt":{"rendered":"<p>De l\u2019Evangile selon Luc (Lc&nbsp;2, 34-35). Sym\u00e9on les b\u00e9nit, puis il dit \u00e0 Marie sa m\u00e8re&nbsp;: \u00ab Voici que cet &hellip; <\/p>\n","protected":false},"author":1,"featured_media":0,"parent":0,"menu_order":0,"comment_status":"closed","ping_status":"closed","template":"","meta":{"footnotes":""},"class_list":["post-247","page","type-page","status-publish","hentry"],"_links":{"self":[{"href":"https:\/\/vaast.armentierois.fr\/index.php?rest_route=\/wp\/v2\/pages\/247","targetHints":{"allow":["GET"]}}],"collection":[{"href":"https:\/\/vaast.armentierois.fr\/index.php?rest_route=\/wp\/v2\/pages"}],"about":[{"href":"https:\/\/vaast.armentierois.fr\/index.php?rest_route=\/wp\/v2\/types\/page"}],"author":[{"embeddable":true,"href":"https:\/\/vaast.armentierois.fr\/index.php?rest_route=\/wp\/v2\/users\/1"}],"replies":[{"embeddable":true,"href":"https:\/\/vaast.armentierois.fr\/index.php?rest_route=%2Fwp%2Fv2%2Fcomments&post=247"}],"version-history":[{"count":2,"href":"https:\/\/vaast.armentierois.fr\/index.php?rest_route=\/wp\/v2\/pages\/247\/revisions"}],"predecessor-version":[{"id":1939,"href":"https:\/\/vaast.armentierois.fr\/index.php?rest_route=\/wp\/v2\/pages\/247\/revisions\/1939"}],"wp:attachment":[{"href":"https:\/\/vaast.armentierois.fr\/index.php?rest_route=%2Fwp%2Fv2%2Fmedia&parent=247"}],"curies":[{"name":"wp","href":"https:\/\/api.w.org\/{rel}","templated":true}]}}

4ème station, Jésus rencontre sa mère

<p class="has-background" style="background-color:#7bdbb559">De l’Evangile selon Luc <em>(Lc&nbsp;</em>2, 34-35).</p>



<p class="has-background" style="background-color:#7bdbb559"><em>Syméon les bénit, puis il dit à Marie sa mère&nbsp;: « Voici que cet enfant provoquera la chute et le relèvement de beaucoup en Israël. Il sera un signe de contradiction – et toi, ton âme sera traversée d’un glaive –&nbsp;: ainsi seront dévoilées les pensées qui viennent du cœur d’un grand nombre&nbsp;»</em>.</p>



<figure class="wp-block-image size-large"><img loading="lazy" decoding="async" width="640" height="480" src="https://i0.wp.com/vaast.armentierois.fr/wp-content/uploads/2023/09/99dc51c5-7e36-420f-8459-19f991ac0448-5624-0000034916c0e859_file.jpg?resize=640%2C480&#038;ssl=1" alt="" class="wp-image-1937" srcset="https://i0.wp.com/vaast.armentierois.fr/wp-content/uploads/2023/09/99dc51c5-7e36-420f-8459-19f991ac0448-5624-0000034916c0e859_file-scaled.jpg?resize=1024%2C768&amp;ssl=1 1024w, https://i0.wp.com/vaast.armentierois.fr/wp-content/uploads/2023/09/99dc51c5-7e36-420f-8459-19f991ac0448-5624-0000034916c0e859_file-scaled.jpg?resize=300%2C225&amp;ssl=1 300w, https://i0.wp.com/vaast.armentierois.fr/wp-content/uploads/2023/09/99dc51c5-7e36-420f-8459-19f991ac0448-5624-0000034916c0e859_file-scaled.jpg?resize=768%2C576&amp;ssl=1 768w, https://i0.wp.com/vaast.armentierois.fr/wp-content/uploads/2023/09/99dc51c5-7e36-420f-8459-19f991ac0448-5624-0000034916c0e859_file-scaled.jpg?resize=1536%2C1152&amp;ssl=1 1536w, https://i0.wp.com/vaast.armentierois.fr/wp-content/uploads/2023/09/99dc51c5-7e36-420f-8459-19f991ac0448-5624-0000034916c0e859_file-scaled.jpg?resize=2048%2C1536&amp;ssl=1 2048w, https://i0.wp.com/vaast.armentierois.fr/wp-content/uploads/2023/09/99dc51c5-7e36-420f-8459-19f991ac0448-5624-0000034916c0e859_file-scaled.jpg?w=1280&amp;ssl=1 1280w, https://i0.wp.com/vaast.armentierois.fr/wp-content/uploads/2023/09/99dc51c5-7e36-420f-8459-19f991ac0448-5624-0000034916c0e859_file-scaled.jpg?w=1920&amp;ssl=1 1920w" sizes="auto, (max-width: 640px) 100vw, 640px" data-recalc-dims="1" /></figure>



<p>Je te vois, Jésus, quand tu rencontres ta mère. Marie est là, elle marche dans la rue pleine de monde, il y a beaucoup de personnes à côté d’elle. L’unique chose qui la distingue des autres est le fait qu’elle est là pour accompagner son fils. Une situation qui se vérifie quotidiennement&nbsp;: les mamans accompagnent leurs enfants à l’école, ou chez le médecin, ou les amènent avec elles au travail. Mais Marie se distingue des autres mamans&nbsp;: elle accompagne son fils qui va mourir. Voir son propre fils mourir est le pire destin que l’on puisse souhaiter à une personne, le plus contre nature&nbsp;; encore plus atroce si le fils, innocent, va mourir par les mains de la justice. Quelle scène contre nature et injuste devant mes yeux&nbsp;! Ma mère m’a éduqué au sens de la justice et à avoir confiance en la vie, mais ce que mes yeux voient aujourd’hui n’a rien de cela, est privé de sens et plein de douleur.</p>



<p>Je te vois, Marie, tandis que tu regardes ton pauvre enfant : il a les marques de la flagellation sur le dos et il est contraint de porter le poids de la croix, probablement il tombera bientôt sous elle en raison de la fatigue. Pourtant tu savais que, tôt ou tard, cela arriverait, cela t’avait été prophétisé, mais à présent ce qui est arrivé est tout différent&nbsp;; et c’est toujours ainsi, nous sommes toujours démunis devant la vie, devant sa cruauté. Marie, à présent tu es triste, comme le serait n’importe quelle femme à ta place, mais tu n’es pas désespérée. Tes yeux ne sont pas éteints, ils ne regardent pas dans le vide, tu ne marches pas la tête basse. Tu es resplendissante, même dans ta tristesse, parce que tu as l’espérance, tu sais que le voyage de ton fils ne sera pas un aller simple et tu sais, tu le sens comme seules les mamans le sentent, que tu le reverras bientôt.</p>



<p class="has-background" style="background-color:#ffffff57">Je te prie, Seigneur&nbsp;: aide-nous<br />à tenir toujours présent l’exemple de Marie,<br />qui a accepté la mort de son fils<br />comme un grand mystère de salut.<br />Aide-nous à agir avec le regard tourné vers le bien des autres<br />et à mourir dans l’espérance de la résurrection<br />et avec la conscience de n’être jamais seuls,<br />ni abandonnés de Dieu, ni de Marie,<br />mère bonne qui a toujours à cœur ses enfants.</p>



<p class="has-background" style="background-color:#ffffff57">On peut prier le Notre Père</p>

<p>De l’Evangile selon Luc (Lc&nbsp;2, 34-35). Syméon les bénit, puis il dit à Marie sa mère&nbsp;: « Voici que cet &hellip; </p>
